000
CXUS56 KTFX 220802
CF6BZN
PRELIMINARY LOCAL CLIMATOLOGICAL DATA (WS FORM: F-6)
STATION: BOZEMAN/GALLATIN FIELD MT
MONTH: JANUARY
YEAR: 2023
LATITUDE: 45 46 N
LONGITUDE: 111 9 W
TEMPERATURE IN F: :PCPN: SNOW: WIND :SUNSHINE: SKY :PK WND
================================================================================
1 2 3 4 5 6A 6B 7 8 9 10 11 12 13 14 15 16 17 18
12Z AVG MX 2MIN
DY MAX MIN AVG DEP HDD CDD WTR SNW DPTH SPD SPD DIR MIN PSBL S-S WX SPD DR
================================================================================
1 29 10 20 0 45 0 0.00 0.0 6 2.9 10 150 M M 7 10 150
2 21 2 12 -8 53 0 0.00 0.0 6 3.2 10 170 M M 1 1 12 20
3 20 -2 9 -11 56 0 0.00 0.0 5 3.3 10 150 M M 2 18 12 220
4 34 4 19 -1 46 0 T T 5 3.6 12 310 M M 5 17 350
5 27 1 14 -6 51 0 0.06 0.5 5 2.9 9 190 M M 5 18 10 200
6 32 14 23 3 42 0 0.09 0.5 6 1.8 9 140 M M 8 12 12 100
7 27 4 16 -4 49 0 0.00 0.0 6 3.2 8 110 M M 0 1 12 20
8 38 6 22 1 43 0 0.00 0.0 6 4.6 15 220 M M 2 18 240
9 38 11 25 4 40 0 0.00 0.0 5 5.3 14 220 M M 6 19 220
10 36 8 22 1 43 0 T T 5 3.1 8 210 M M 1 14 110
11 29 10 20 -1 45 0 0.00 0.0 5 2.3 8 130 M M 3 18 12 30
12 39 7 23 2 42 0 0.00 0.0 5 2.5 12 140 M M 3 1 14 10
13 33 13 23 2 42 0 0.00 0.0 4 4.1 12 140 M M 0 14 130
14 43 24 34 13 31 0 T 0.0 4 3.9 14 40 M M 6 20 30
15 37 19 28 7 37 0 0.06 0.5 4 3.3 10 100 M M 8 1 12 100
16 34 17 26 5 39 0 0.05 0.5 5 2.8 9 20 M M 10 12 14 290
17 29 17 23 2 42 0 0.00 0.0 5 2.7 9 160 M M 10 12 11 170
18 29 5 17 -5 48 0 0.00 0.0 5 2.5 9 150 M M 4 12 13 10
19 29 3 16 -6 49 0 T 0.3 5 2.1 8 170 M M 9 1 12 30
20 28 7 18 -4 47 0 0.00 0.0 5 2.9 9 150 M M 7 12 10 180
21 25 5 15 -7 50 0 0.00 0.0 5 3.7 9 190 M M 5 12 10
22 28 3 16 -6 49 0 T 0.3 5 3.2 9 30 M M 8 1 12 10
23 27 5 16 -6 49 0 0.01 0.3 5 3.6 14 360 M M 6 1 16 10
24 30 5 18 -4 47 0 T T 6 3.9 14 20 M M 9 1 22 20
25 30 20 25 3 40 0 T T 6 4.6 9 50 M M 10 1 14 50
26 41 22 32 10 33 0 T T 6 6.4 14 150 M M 10 18 280
27 36 27 32 10 33 0 0.31 5.6 5 6.9 18 360 M M 10 18 24 360
28 28 -6 11 -11 54 0 0.05 0.9 12 8.7 22 350 M M 10 18 28 350
29 -4 -29 -16 -38 81 0 T T 12 3.3 9 130 M M 3 18 12 230
30 -5 -30 -17 -39 82 0 0.00 0.0 12 3.2 10 150 M M 3 18 11 150
31 21 -22 0 -22 65 0 0.00 0.0 12 2.0 8 130 M M 10 8 150
================================================================================
SM 889 180 1473 0 0.63 9.4 112.5 M 181
================================================================================
AV 28.7 5.8 3.6 FASTST M M 6 MAX(MPH)
MISC ----> 22 350 28 350
================================================================================
NOTES:
# LAST OF SEVERAL OCCURRENCES
COLUMN 17 PEAK WIND IN M.P.H.
PRELIMINARY LOCAL CLIMATOLOGICAL DATA (WS FORM: F-6) , PAGE 2
STATION: BOZEMAN/GALLATIN FIELD MT
MONTH: JANUARY
YEAR: 2023
LATITUDE: 45 46 N
LONGITUDE: 111 9 W
[TEMPERATURE DATA] [PRECIPITATION DATA] SYMBOLS USED IN COLUMN 16
AVERAGE MONTHLY: 17.2 TOTAL FOR MONTH: 0.63 1 = FOG OR MIST
DPTR FM NORMAL: -4.0 DPTR FM NORMAL: 0.19 2 = FOG REDUCING VISIBILITY
HIGHEST: 43 ON 14 GRTST 24HR 0.31 ON 27-27 TO 1/4 MILE OR LESS
LOWEST: -30 ON 30 3 = THUNDER
SNOW, ICE PELLETS, HAIL 4 = ICE PELLETS
TOTAL MONTH: 9.9 INCHES 5 = HAIL
GRTST 24HR 5.6 ON 27-27 6 = FREEZING RAIN OR DRIZZLE
GRTST DEPTH: 12 ON 31,30 7 = DUSTSTORM OR SANDSTORM:
VSBY 1/2 MILE OR LESS
8 = SMOKE OR HAZE
[NO. OF DAYS WITH] [WEATHER - DAYS WITH] 9 = BLOWING SNOW
X = TORNADO
MAX 32 OR BELOW: 20 0.01 INCH OR MORE: 7
MAX 90 OR ABOVE: 0 0.10 INCH OR MORE: 1
MIN 32 OR BELOW: 31 0.50 INCH OR MORE: 0
MIN 0 OR BELOW: 5 1.00 INCH OR MORE: 0
[HDD (BASE 65) ]
TOTAL THIS MO. 1473 CLEAR (SCALE 0-3) 8
DPTR FM NORMAL 115 PTCLDY (SCALE 4-7) 13
TOTAL FM JUL 1 5201 CLOUDY (SCALE 8-10) 10
DPTR FM NORMAL 368
[CDD (BASE 65) ]
TOTAL THIS MO. 0
DPTR FM NORMAL 0 [PRESSURE DATA]
TOTAL FM JAN 1 0 HIGHEST SLP 30.77 ON 30
DPTR FM NORMAL 0 LOWEST SLP 29.52 ON 15
[REMARKS]
#FINAL-01-23#