000
CXUS56 KTFX 011110
CF6BZN
PRELIMINARY LOCAL CLIMATOLOGICAL DATA (WS FORM: F-6)
STATION: BOZEMAN/GALLATIN FIELD MT
MONTH: MARCH
YEAR: 2020
LATITUDE: 45 46 N
LONGITUDE: 111 9 W
TEMPERATURE IN F: :PCPN: SNOW: WIND :SUNSHINE: SKY :PK WND
================================================================================
1 2 3 4 5 6A 6B 7 8 9 10 11 12 13 14 15 16 17 18
12Z AVG MX 2MIN
DY MAX MIN AVG DEP HDD CDD WTR SNW DPTH SPD SPD DIR MIN PSBL S-S WX SPD DR
================================================================================
1 36 16 26 -5 39 0 T T 6 4.5 12 140 M M 3 12 140
2 41 13 27 -5 38 0 0.00 0.0 6 6.8 22 290 M M 8 28 290
3 49 32 41 9 24 0 T T 5 15.0 37 290 M M 4 1 45 290
4 49 19 34 2 31 0 0.00 0.0 1 17.5 41 270 M M 3 54 260
5 51 18 35 2 30 0 0.00 0.0 T 5.3 12 170 M M 0 13 170
6 65 30 48 15 17 0 0.00 0.0 0 6.5 24 250 M M 0 29 250
7 61 29 45 12 20 0 0.04 0.0 0 9.5 28 320 M M 4 1 36 310
8 44 32 38 4 27 0 0.21 1.9 2 4.6 13 70 M M 9 1 18 240
9 42 31 37 3 28 0 0.03 T 0 4.0 12 350 M M 9 1 13 280
10 48 19 34 0 31 0 0.00 0.0 T 8.9 26 250 M M 2 33 200
11 58 31 45 10 20 0 0.00 0.0 0 13.5 32 10 M M 7 42 10
12 42 23 33 -2 32 0 0.00 0.0 0 7.0 18 320 M M 5 22 320
13 34 17 26 -10 39 0 0.00 0.0 0 9.0 26 70 M M 3 35 70
14 22 5 14 -22 51 0 0.03 0.5 0 8.6 14 270 M M 10 18 18 300
15 15 2 9 -27 56 0 0.09 2.7 T 3.8 9 250 M M 7 18 14 260
16 26 3 15 -22 50 0 0.00 0.0 3 1.0 7 340 M M 7 9 350
17 35 7 21 -16 44 0 0.01 0.2 2 2.0 8 150 M M 4 18 10 240
18 36 26 31 -6 34 0 0.03 0.3 1 4.6 10 270 M M 9 1 12 280
19 31 26 29 -9 36 0 0.01 0.4 T 6.5 14 310 M M 10 1 17 200
20 45 23 34 -4 31 0 0.00 0.0 0 4.3 10 150 M M 4 12 150
21 51 21 36 -2 29 0 0.00 0.0 0 5.6 16 300 M M 3 20 300
22 53 27 40 1 25 0 T T 0 5.8 23 250 M M 4 30 250
23 57 23 40 1 25 0 0.00 0.0 0 7.3 30 250 M M 3 38 250
24 41 29 35 -4 30 0 0.35 6.5 3 5.0 21 310 M M 9 12 25 310
25 40 23 32 -8 33 0 0.05 0.6 4 2.7 15 250 M M 9 12 19 240
26 44 24 34 -6 31 0 T T T 5.6 17 280 M M 7 12 22 270
27 41 23 32 -8 33 0 0.00 0.0 0 5.8 14 250 M M 9 18 250
28 50 30 40 0 25 0 0.00 0.0 0 7.6 18 280 M M 10 25 250
29 56 23 40 -1 25 0 0.00 0.0 0 8.5 22 230 M M 3 26 250
30 57 31 44 3 21 0 T 0.0 0 8.4 24 220 M M 5 33 230
31 47 29 38 -3 27 0 0.33 5.0 4 5.0 28 260 M M 8 12 32 260
================================================================================
SM 1367 685 982 0 1.18 18.1 210.2 M 178
================================================================================
AV 44.1 22.1 6.8 FASTST M M 6 MAX(MPH)
MISC ----> 41 270 54 260
================================================================================
NOTES:
# LAST OF SEVERAL OCCURRENCES
COLUMN 17 PEAK WIND IN M.P.H.
PRELIMINARY LOCAL CLIMATOLOGICAL DATA (WS FORM: F-6) , PAGE 2
STATION: BOZEMAN/GALLATIN FIELD MT
MONTH: MARCH
YEAR: 2020
LATITUDE: 45 46 N
LONGITUDE: 111 9 W
[TEMPERATURE DATA] [PRECIPITATION DATA] SYMBOLS USED IN COLUMN 16
AVERAGE MONTHLY: 33.1 TOTAL FOR MONTH: 1.18 1 = FOG OR MIST
DPTR FM NORMAL: -3.4 DPTR FM NORMAL: 0.24 2 = FOG REDUCING VISIBILITY
HIGHEST: 65 ON 6 GRTST 24HR 0.37 ON 24-25 TO 1/4 MILE OR LESS
LOWEST: 2 ON 15 3 = THUNDER
SNOW, ICE PELLETS, HAIL 4 = ICE PELLETS
TOTAL MONTH: 18.1 INCHES 5 = HAIL
GRTST 24HR 6.5 ON 24-24 6 = FREEZING RAIN OR DRIZZLE
GRTST DEPTH: 6 ON 2, 1 7 = DUSTSTORM OR SANDSTORM:
VSBY 1/2 MILE OR LESS
8 = SMOKE OR HAZE
[NO. OF DAYS WITH] [WEATHER - DAYS WITH] 9 = BLOWING SNOW
X = TORNADO
MAX 32 OR BELOW: 4 0.01 INCH OR MORE: 11
MAX 90 OR ABOVE: 0 0.10 INCH OR MORE: 3
MIN 32 OR BELOW: 31 0.50 INCH OR MORE: 0
MIN 0 OR BELOW: 0 1.00 INCH OR MORE: 0
[HDD (BASE 65) ]
TOTAL THIS MO. 982 CLEAR (SCALE 0-3) 7
DPTR FM NORMAL 98 PTCLDY (SCALE 4-7) 15
TOTAL FM JUL 1 6856 CLOUDY (SCALE 8-10) 9
DPTR FM NORMAL 392
[CDD (BASE 65) ]
TOTAL THIS MO. 0
DPTR FM NORMAL 0 [PRESSURE DATA]
TOTAL FM JAN 1 0 HIGHEST SLP 30.56 ON 16
DPTR FM NORMAL 0 LOWEST SLP 29.57 ON 7
[REMARKS]
#FINAL-03-20#