000
CXUS56 KTFX 161541
CF6BZN
PRELIMINARY LOCAL CLIMATOLOGICAL DATA (WS FORM: F-6)
STATION: BOZEMAN/GALLATIN FIELD MT
MONTH: NOVEMBER
YEAR: 2023
LATITUDE: 45 46 N
LONGITUDE: 111 9 W
TEMPERATURE IN F: :PCPN: SNOW: WIND :SUNSHINE: SKY :PK WND
================================================================================
1 2 3 4 5 6A 6B 7 8 9 10 11 12 13 14 15 16 17 18
12Z AVG MX 2MIN
DY MAX MIN AVG DEP HDD CDD WTR SNW DPTH SPD SPD DIR MIN PSBL S-S WX SPD DR
================================================================================
1 45 13 29 -7 36 0 0.00 0.0 3 2.3 7 190 M M 2 18 8 130
2 49 31 40 4 25 0 0.04 T 1 3.1 10 240 M M 10 1 13 280
3 56 31 44 9 21 0 0.00 0.0 0 3.4 14 260 M M 7 15 260
4 52 25 39 4 26 0 0.01 0.0 0 3.1 10 150 M M 6 14 140
5 56 33 45 11 20 0 0.05 0.0 0 7.1 29 310 M M 7 1 37 290
6 56 32 44 10 21 0 0.12 0.0 0 4.9 35 290 M M 8 1 49 280
7 51 32 42 8 23 0 0.00 0.0 0 5.7 15 280 M M 8 19 290
8 48 22 35 2 30 0 0.00 0.0 0 8.2 22 270 M M 3 29 290
9 49 19 34 1 31 0 0.00 0.0 0 4.5 10 150 M M 0 13 150
10 49 21 35 3 30 0 0.00 0.0 0 4.7 17 290 M M 6 24 300
11 54 24 39 7 26 0 0.00 0.0 0 8.3 26 240 M M 5 34 220
12 58 27 43 12 22 0 0.00 0.0 0 4.2 13 220 M M 1 19 220
13 64 25 45 14 20 0 0.00 0.0 0 3.2 12 90 M M 0 13 190
14 56 26 41 11 24 0 0.00 0.0 0 3.1 12 170 M M 3 12 150
15 64 34 49 19 16 0 0.00 0.0 0 9.0 24 240 M M 4 34 250
16 56 25 41 11 24 0 0.00 0.0 0 5.8 25 360 M M 4 36 20
17 54 20 37 8 28 0 0.00 0.0 0 3.9 9 160 M M 0 10 190
18 49 17 33 4 32 0 0.00 0.0 0 3.2 9 160 M M 0 12 50
19 46 21 34 6 31 0 T 0.0 0 4.8 16 310 M M 5 22 330
20 42 22 32 4 33 0 0.00 0.0 0 4.4 13 260 M M 5 8 16 250
21 44 16 30 2 35 0 0.00 0.0 0 2.2 8 160 M M 0 10 160
22 43 19 31 4 34 0 T 0.0 0 3.3 14 310 M M 6 22 310
23 37 24 31 4 34 0 0.00 0.0 0 9.3 26 70 M M 10 37 70
24 25 17 21 -5 44 0 T 0.2 0 5.4 14 150 M M 9 1 18 150
25 32 15 24 -2 41 0 0.00 0.0 0 2.9 9 180 M M 6 12 190
26 M M M M M M M M M M M M M M M M M
27 40 10 25 0 40 0 0.00 0.0 0 1.8 8 140 M M 0 8 160
28 43 8 26 1 39 0 0.00 0.0 0 2.0 9 140 M M 0 10 150
29 43 8 26 2 39 0 0.00 0.0 0 2.5 10 170 M M 0 12 330
30 34 10 22 -2 43 0 0.00 0.0 0 1.1 7 290 M M 4 7 290
================================================================================
SM 1395 627 868 0 0.22 0.2 127.4 M 119
================================================================================
AV 48.1 21.6 4.4 FASTST M M 4 MAX(MPH)
MISC ----> 35 290 49 280
================================================================================
NOTES:
# LAST OF SEVERAL OCCURRENCES
COLUMN 17 PEAK WIND IN M.P.H.
PRELIMINARY LOCAL CLIMATOLOGICAL DATA (WS FORM: F-6) , PAGE 2
STATION: BOZEMAN/GALLATIN FIELD MT
MONTH: NOVEMBER
YEAR: 2023
LATITUDE: 45 46 N
LONGITUDE: 111 9 W
[TEMPERATURE DATA] [PRECIPITATION DATA] SYMBOLS USED IN COLUMN 16
AVERAGE MONTHLY: 34.9 TOTAL FOR MONTH: 0.22 1 = FOG OR MIST
DPTR FM NORMAL: 4.9 DPTR FM NORMAL: -0.52 2 = FOG REDUCING VISIBILITY
HIGHEST: 64 ON 15,13 GRTST 24HR 0.12 ON 6- 6 TO 1/4 MILE OR LESS
LOWEST: 8 ON 29,28 3 = THUNDER
SNOW, ICE PELLETS, HAIL 4 = ICE PELLETS
TOTAL MONTH: 0.2 INCH 5 = HAIL
GRTST 24HR 0.2 ON 24-24 6 = FREEZING RAIN OR DRIZZLE
GRTST DEPTH: 3 ON 1 7 = DUSTSTORM OR SANDSTORM:
VSBY 1/2 MILE OR LESS
8 = SMOKE OR HAZE
[NO. OF DAYS WITH] [WEATHER - DAYS WITH] 9 = BLOWING SNOW
X = TORNADO
MAX 32 OR BELOW: 2 0.01 INCH OR MORE: 4
MAX 90 OR ABOVE: 0 0.10 INCH OR MORE: 1
MIN 32 OR BELOW: 27 0.50 INCH OR MORE: 0
MIN 0 OR BELOW: 0 1.00 INCH OR MORE: 0
[HDD (BASE 65) ]
TOTAL THIS MO. 868 CLEAR (SCALE 0-3) 11
DPTR FM NORMAL -184 PTCLDY (SCALE 4-7) 15
TOTAL FM JUL 1 1776 CLOUDY (SCALE 8-10) 4
DPTR FM NORMAL -325
[CDD (BASE 65) ]
TOTAL THIS MO. 0
DPTR FM NORMAL 0 [PRESSURE DATA]
TOTAL FM JAN 1 240 HIGHEST SLP 30.71 ON 21
DPTR FM NORMAL 7 LOWEST SLP 29.58 ON 6
[REMARKS]
#FINAL-11-23#