000
CXUS56 KTFX 161714
CF6BZN
PRELIMINARY LOCAL CLIMATOLOGICAL DATA (WS FORM: F-6)
STATION: BOZEMAN/GALLATIN FIELD MT
MONTH: OCTOBER
YEAR: 2023
LATITUDE: 45 46 N
LONGITUDE: 111 9 W
TEMPERATURE IN F: :PCPN: SNOW: WIND :SUNSHINE: SKY :PK WND
================================================================================
1 2 3 4 5 6A 6B 7 8 9 10 11 12 13 14 15 16 17 18
12Z AVG MX 2MIN
DY MAX MIN AVG DEP HDD CDD WTR SNW DPTH SPD SPD DIR MIN PSBL S-S WX SPD DR
================================================================================
1 51 37 44 -6 21 0 0.02 0.0 0 4.5 13 240 M M 9 1238 16 220
2 51 42 47 -3 18 0 0.01 0.0 0 3.1 8 200 M M 10 1 12 140
3 57 45 51 1 14 0 T 0.0 0 3.9 18 280 M M 10 25 280
4 61 45 53 4 12 0 0.01 0.0 0 6.1 18 280 M M 10 25 300
5 63 35 49 0 16 0 T 0.0 0 4.6 16 310 M M 7 22 320
6 64 36 50 2 15 0 0.00 0.0 0 4.3 12 250 M M 3 14 270
7 72 32 52 4 13 0 0.00 0.0 0 3.6 12 170 M M 0 14 170
8 76 33 55 8 10 0 0.00 0.0 0 3.5 14 160 M M 0 16 140
9 79 35 57 10 8 0 0.00 0.0 0 4.7 22 260 M M 1 31 250
10 72 42 57 11 8 0 T 0.0 0 8.1 31 210 M M 4 43 220
11 53 42 48 2 17 0 0.02 0.0 0 5.4 14 190 M M 9 1 18 300
12 52 43 48 3 17 0 0.02 0.0 0 6.6 15 360 M M 10 18 360
13 56 36 46 1 19 0 0.00 0.0 0 6.4 18 150 M M 7 22 150
14 60 29 45 1 20 0 0.00 0.0 0 3.3 12 160 M M 2 13 160
15 71 32 52 8 13 0 0.00 0.0 0 3.6 14 180 M M 4 16 170
16 69 35 52 9 13 0 0.00 0.0 0 3.2 10 130 M M 0 12 170
17 70 31 51 8 14 0 0.00 0.0 0 11.0 35 300 M M 3 45 300
18 69 28 49 7 16 0 0.00 0.0 0 3.8 12 150 M M 1 13 150
19 79 34 57 15 8 0 0.00 0.0 0 3.8 13 190 M M 0 15 190
20 78 37 58 16 7 0 0.00 0.0 0 5.0 14 200 M M 0 16 200
21 64 33 49 8 16 0 0.00 0.0 0 1.0 7 150 M M 0 7 140
22 60 30 45 4 20 0 0.03 0.0 0 4.0 20 320 M M 3 1 24 330
23 53 35 44 4 21 0 0.02 0.0 0 4.5 13 160 M M 7 1 15 160
24 52 27 40 0 25 0 0.00 0.0 0 5.9 14 260 M M 4 12 17 270
25 30 18 24 -15 41 0 M 2.8 3 5.4 12 340 M M 10 12 16 330
26 20 13 17 -22 48 0 M 1.5 5 3.8 12 270 M M 10 128 14 250
27 20 7 14 -24 51 0 M 3.3 8 2.6 6 310 M M 10 18 7 220
28 18 7 13 -25 52 0 T 0.2 8 1.6 8 270 M M 9 18 11 280
29 28 8 18 -19 47 0 0.00 0.0 4 1.7 7 330 M M 4 1 8 320
30 34 1 18 -19 47 0 0.00 0.0 3 1.5 8 150 M M 2 1 8 150
31 39 10 25 -11 40 0 0.00 0.0 3 1.2 8 150 M M 0 1 9 320
================================================================================
SM 1721 918 687 0 0.13 7.8 131.7 M 149
================================================================================
AV 55.5 29.6 4.2 FASTST M M 5 MAX(MPH)
MISC ----> 35 300 45 300
================================================================================
NOTES:
# LAST OF SEVERAL OCCURRENCES
COLUMN 17 PEAK WIND IN M.P.H.
PRELIMINARY LOCAL CLIMATOLOGICAL DATA (WS FORM: F-6) , PAGE 2
STATION: BOZEMAN/GALLATIN FIELD MT
MONTH: OCTOBER
YEAR: 2023
LATITUDE: 45 46 N
LONGITUDE: 111 9 W
[TEMPERATURE DATA] [PRECIPITATION DATA] SYMBOLS USED IN COLUMN 16
AVERAGE MONTHLY: 42.6 TOTAL FOR MONTH: 0.13 1 = FOG OR MIST
DPTR FM NORMAL: -0.8 DPTR FM NORMAL: -0.97 2 = FOG REDUCING VISIBILITY
HIGHEST: 79 ON 19, 9 GRTST 24HR 0.05 ON 22-23 TO 1/4 MILE OR LESS
LOWEST: 1 ON 30 3 = THUNDER
SNOW, ICE PELLETS, HAIL 4 = ICE PELLETS
TOTAL MONTH: 7.8 INCHES 5 = HAIL
GRTST 24HR 3.3 ON 27-27 6 = FREEZING RAIN OR DRIZZLE
GRTST DEPTH: 8 ON 28,27 7 = DUSTSTORM OR SANDSTORM:
VSBY 1/2 MILE OR LESS
8 = SMOKE OR HAZE
[NO. OF DAYS WITH] [WEATHER - DAYS WITH] 9 = BLOWING SNOW
X = TORNADO
MAX 32 OR BELOW: 5 0.01 INCH OR MORE: 7
MAX 90 OR ABOVE: 0 0.10 INCH OR MORE: 0
MIN 32 OR BELOW: 14 0.50 INCH OR MORE: 0
MIN 0 OR BELOW: 0 1.00 INCH OR MORE: 0
[HDD (BASE 65) ]
TOTAL THIS MO. 687 CLEAR (SCALE 0-3) 13
DPTR FM NORMAL 17 PTCLDY (SCALE 4-7) 8
TOTAL FM JUL 1 908 CLOUDY (SCALE 8-10) 10
DPTR FM NORMAL -142
[CDD (BASE 65) ]
TOTAL THIS MO. 0
DPTR FM NORMAL 0 [PRESSURE DATA]
TOTAL FM JAN 1 240 HIGHEST SLP 30.75 ON 29
DPTR FM NORMAL 7 LOWEST SLP 29.45 ON 10
[REMARKS]
#FINAL-10-23#