000
CXUS51 KCLE 011754
CLMCAK
CLIMATE REPORT
NATIONAL WEATHER SERVICE CLEVELAND, OH
154 PM EDT MON APR 01 2024
...................................
...THE AKRON CANTON OH CLIMATE SUMMARY FOR THE MONTH OF MARCH 2024...
CLIMATE NORMAL PERIOD 1991 TO 2020
CLIMATE RECORD PERIOD 1887 TO 2024
WEATHER OBSERVED NORMAL DEPART LAST YEAR`S
VALUE DATE(S) VALUE FROM VALUE
NORMAL
..............................................................
TEMPERATURE (F)
RECORD
HIGH 83 03/22/2012
LOW -6 03/12/1948
HIGHEST 72 03/05
LOWEST 19 03/21
03/24
AVG. MAXIMUM 52.0 48.4 3.6 48.9
AVG. MINIMUM 33.2 29.4 3.8 30.0
MEAN 42.6 38.9 3.7 39.5
DAYS MAX >= 90 0 0.0 0.0 0
DAYS MAX <= 32 1 3.8 -2.8 2
DAYS MIN <= 32 15 20.3 -5.3 21
DAYS MIN <= 0 0 0.0 0.0 0
PRECIPITATION (INCHES)
RECORD
MAXIMUM 10.46 1913
MINIMUM 0.49 1910
TOTALS 2.99 3.23 -0.24 4.49
DAYS >= .01 17 14.2 2.8 17
DAYS >= .10 8 7.8 0.2 10
DAYS >= .50 2 1.9 0.1 3
DAYS >= 1.00 0 0.4 -0.4 1
GREATEST
24 HR. TOTAL 0.70 03/26 TO 03/27 1.10
SNOWFALL (INCHES)
RECORDS
TOTAL 20.9 1960
TOTALS 1.5 7.6 -6.1 2.9
SINCE 7/1 15.0 45.5 -30.5 21.2
DAYS >= 1.0 1 2.7 -1.7 1
GREATEST
24 HR TOTAL 1.1 03/10 TO 03/10
DEGREE DAYS
HEATING TOTAL 683 810 -127 784
SINCE 7/1 4564 5060 -496 4333
COOLING TOTAL 0 1 -1 0
SINCE 1/1 0 1 -1 0
..............................................................
WIND (MPH)
AVERAGE WIND SPEED 10.2
HIGHEST WIND SPEED/DIRECTION 30/220 DATE 03/16
30/140 03/26
HIGHEST GUST SPEED/DIRECTION 42/310 DATE 03/16
SKY COVER
AVERAGE SKY COVER 0.67
AVERAGE RH (PERCENT) 71
WEATHER CONDITIONS. NUMBER OF DAYS WITH
THUNDERSTORM 3 MIXED PRECIP 0
HEAVY RAIN 1 RAIN 8
LIGHT RAIN 17 FREEZING RAIN 0
LT FREEZING RAIN 2 HAIL 0
HEAVY SNOW 0 SNOW 1
LIGHT SNOW 7 SLEET 1
FOG 19 FOG W/VIS <= 1/4 MILE 3
HAZE 2
- INDICATES NEGATIVE NUMBERS.
R INDICATES RECORD WAS SET OR TIED.
MM INDICATES DATA IS MISSING.
T INDICATES TRACE AMOUNT.
$$