000
CXUS55 KABQ 011010
CF6CAO
PRELIMINARY LOCAL CLIMATOLOGICAL DATA (WS FORM: F-6)
STATION: CLAYTON NM
MONTH: JUNE
YEAR: 2021
LATITUDE: 36 27 N
LONGITUDE: 103 9 W
TEMPERATURE IN F: :PCPN: SNOW: WIND :SUNSHINE: SKY :PK WND
================================================================================
1 2 3 4 5 6A 6B 7 8 9 10 11 12 13 14 15 16 17 18
12Z AVG MX 2MIN
DY MAX MIN AVG DEP HDD CDD WTR SNW DPTH SPD SPD DIR MIN PSBL S-S WX SPD DR
================================================================================
1 71 48 60 -7 5 0 0.38 0.0 0 6.6 15 180 M M 7 13 23 80
2 75 48 62 -6 3 0 0.00 0.0 0 6.8 14 160 M M 1 1 20 50
3 80 50 65 -3 0 0 0.00 0.0 0 7.8 16 110 M M 1 21 120
4 83 55 69 1 0 4 0.00 0.0 0 11.5 20 180 M M 0 29 190
5 85 55 70 2 0 5 0.00 0.0 0 14.2 23 180 M M 0 31 170
6 89 53 71 2 0 6 0.00 0.0 0 10.2 30 320 M M 1 42 310
7 90 58 74 5 0 9 T 0.0 0 9.5 28 350 M M 0 3 41 300
8 94 56 75 6 0 10 0.00 0.0 0 11.9 25 180 M M 0 33 200
9 93 61 77 7 0 12 0.00 0.0 0 12.1 24 350 M M 0 34 40
10 98 56 77 7 0 12 0.00 0.0 0 9.9 22 200 M M 0 18 31 170
11 86 60 73 3 0 8 0.00 0.0 0 15.9 32 20 M M 0 45 10
12 85 58 72 1 0 7 T 0.0 0 12.5 31 30 M M 5 3 42 30
13 92 61 77 6 0 12 0.00 0.0 0 11.9 23 130 M M 0 29 130
14 94 63 79 8 0 14 0.00 0.0 0 11.9 23 150 M M 0 32 160
15 95 67 81 10 0 16 0.01 0.0 0 12.8 22 160 M M 0 30 160
16 97 65 81 9 0 16 0.00 0.0 0 11.6 21 180 M M 0 30 190
17 98 67 83 11 0 18 0.00 0.0 0 14.1 26 190 M M 0 34 190
18 98 65 82 10 0 17 0.00 0.0 0 13.8 25 190 M M 0 33 220
19 98 67 83 11 0 18 T 0.0 0 10.2 29 320 M M 0 40 240
20 100 66 83 11 0 18 0.00 0.0 0 13.5 30 30 M M 1 3 41 40
21 76 54 65 -8 0 0 T 0.0 0 14.0 29 30 M M 5 13 40 30
22 93 57 75 2 0 10 0.06 0.0 0 17.9 33 210 M M 1 3 44 210
23 101 60 81 8 0 16 0.00 0.0 0 12.0 28 210 M M 0 38 210
24 97 70 84 11 0 19 T 0.0 0 12.0 39 260 M M 1 3 55 260
25 94 60 77 3 0 12 T 0.0 0 12.5 31 10 M M 0 40 10
26 77 57 67 -7 0 2 0.00 0.0 0 13.0 24 10 M M 2 32 350
27 76 57 67 -7 0 2 0.00 0.0 0 10.8 20 360 M M 7 27 20
28 74 57 66 -8 0 1 0.00 0.0 0 10.0 20 360 M M 6 26 10
29 71 58 65 -9 0 0 0.09 0.0 0 6.7 16 80 M M 8 1 19 70
30 75 59 67 -7 0 2 0.03 0.0 0 6.1 17 170 M M 7 1 22 170
================================================================================
SM 2635 1768 8 266 0.57 0.0 343.7 M 53
================================================================================
AV 87.8 58.9 11.5 FASTST M M 2 MAX(MPH)
MISC ----> 39 260 55 260
================================================================================
NOTES:
# LAST OF SEVERAL OCCURRENCES
COLUMN 17 PEAK WIND IN M.P.H.
PRELIMINARY LOCAL CLIMATOLOGICAL DATA (WS FORM: F-6) , PAGE 2
STATION: CLAYTON NM
MONTH: JUNE
YEAR: 2021
LATITUDE: 36 27 N
LONGITUDE: 103 9 W
[TEMPERATURE DATA] [PRECIPITATION DATA] SYMBOLS USED IN COLUMN 16
AVERAGE MONTHLY: 73.4 TOTAL FOR MONTH: 0.57 1 = FOG OR MIST
DPTR FM NORMAL: 2.2 DPTR FM NORMAL: -1.40 2 = FOG REDUCING VISIBILITY
HIGHEST: 101 ON 23 GRTST 24HR 0.38 ON 1- 1 TO 1/4 MILE OR LESS
LOWEST: 48 ON 2, 1 3 = THUNDER
SNOW, ICE PELLETS, HAIL 4 = ICE PELLETS
TOTAL MONTH: 0.0 INCH 5 = HAIL
GRTST 24HR 0.0 6 = FREEZING RAIN OR DRIZZLE
GRTST DEPTH: 0 7 = DUSTSTORM OR SANDSTORM:
VSBY 1/2 MILE OR LESS
8 = SMOKE OR HAZE
[NO. OF DAYS WITH] [WEATHER - DAYS WITH] 9 = BLOWING SNOW
X = TORNADO
MAX 32 OR BELOW: 0 0.01 INCH OR MORE: 5
MAX 90 OR ABOVE: 16 0.10 INCH OR MORE: 1
MIN 32 OR BELOW: 0 0.50 INCH OR MORE: 0
MIN 0 OR BELOW: 0 1.00 INCH OR MORE: 0
[HDD (BASE 65) ]
TOTAL THIS MO. 8 CLEAR (SCALE 0-3) 23
DPTR FM NORMAL -10 PTCLDY (SCALE 4-7) 7
TOTAL FM JUL 1 5094 CLOUDY (SCALE 8-10) 0
DPTR FM NORMAL 248
[CDD (BASE 65) ]
TOTAL THIS MO. 266
DPTR FM NORMAL 61 [PRESSURE DATA]
TOTAL FM JAN 1 310 HIGHEST SLP M ON M
DPTR FM NORMAL 46 LOWEST SLP 29.57 ON 20
[REMARKS]
#FINAL-06-21#