000
CXUS55 KBOU 011441
CF6CCU
PRELIMINARY LOCAL CLIMATOLOGICAL DATA (WS FORM: F-6)
STATION: COPPER MTN/RED CLIFF
MONTH: DECEMBER
YEAR: 2022
LATITUDE: 39 28 N
LONGITUDE: 106 9 W
TEMPERATURE IN F: :PCPN: SNOW: WIND :SUNSHINE: SKY :PK WND
================================================================================
1 2 3 4 5 6A 6B 7 8 9 10 11 12 13 14 15 16 17 18
12Z AVG MX 2MIN
DY MAX MIN AVG DEP HDD CDD WTR SNW DPTH SPD SPD DIR MIN PSBL S-S WX SPD DR
================================================================================
1 34 25 30 M 35 0 M M M 16.9 24 230 M M 2 8 47 220
2 28 14 21 M 44 0 M M M 18.3 35 250 M M 8 8 53 250
3 30 19 25 M 40 0 M M M 11.3 23 170 M M 8 8 36 230
4 34 28 31 M 34 0 M M M 16.1 30 250 M M 6 8 39 250
5 30 23 27 M 38 0 M M M 15.8 24 250 M M 9 8 35 200
6 23 18 21 M 44 0 M M M 10.6 22 230 M M 10 38 230
7 28 18 23 M 42 0 M M M 14.7 24 160 M M 5 18 32 160
8 25 10 18 M 47 0 M M M 15.6 29 240 M M 7 39 240
9 25 14 20 M 45 0 M M M 14.0 29 240 M M 3 8 40 240
10 32 14 23 M 42 0 M M M 9.4 17 240 M M 0 26 240
11 34 27 31 M 34 0 M M M 17.2 26 170 M M 0 39 170
12 30 23 27 M 38 0 M M M 17.4 27 150 M M 4 36 150
13 M M M M M M M M M M M M M M M M M
14 M M M M M M M M M M M M M M M M M
15 M M M M M M M M M M M M M M M M M
16 0 0 0 M 65 0 M M M 15.0 18 270 M M 0 22 270
17 19 0 10 M 55 0 M M M 14.6 24 270 M M 3 31 270
18 28 14 21 M 44 0 M M M 7.2 17 260 M M 0 22 260
19 18 9 14 M 51 0 M M M 13.5 23 280 M M 0 8 29 280
20 21 9 15 M 50 0 M M M 9.9 17 260 M M 4 28 260
21 19 12 16 M 49 0 M M M 24.6 41 270 M M 10 64 290
22 14 -4 5 M 60 0 M M M 26.0 44 290 M M 6 8 64 290
23 21 7 14 M 51 0 M M M 12.0 23 290 M M 10 8 29 290
24 21 19 20 M 45 0 M M M 14.0 20 290 M M 10 8 30 270
25 27 19 23 M 42 0 M M M 19.5 31 290 M M 10 8 45 290
26 30 21 26 M 39 0 M M M 13.3 26 300 M M 5 8 33 270
27 37 28 33 M 32 0 M M M 16.1 28 270 M M 4 8 44 220
28 28 14 21 M 44 0 M M M 9.4 20 300 M M 9 1 26 230
29 10 7 9 M 56 0 M M M 14.6 23 260 M M 7 8 29 260
30 21 7 14 M 51 0 M M M 8.4 16 250 M M 9 23 220
31 28 21 25 M 40 0 M M M 18.3 26 280 M M 10 41 280
================================================================================
SM 695 416 1257 0 M M 413.6 M 159
================================================================================
AV 24.8 14.9 14.8 FASTST M M 6 MAX(MPH)
MISC ----> 44 290 64 290
================================================================================
NOTES:
# LAST OF SEVERAL OCCURRENCES
COLUMN 17 PEAK WIND IN M.P.H.
PRELIMINARY LOCAL CLIMATOLOGICAL DATA (WS FORM: F-6) , PAGE 2
STATION: COPPER MTN/RED CLIFF
MONTH: DECEMBER
YEAR: 2022
LATITUDE: 39 28 N
LONGITUDE: 106 9 W
[TEMPERATURE DATA] [PRECIPITATION DATA] SYMBOLS USED IN COLUMN 16
AVERAGE MONTHLY: 19.8 TOTAL FOR MONTH: M 1 = FOG OR MIST
DPTR FM NORMAL: M DPTR FM NORMAL: M 2 = FOG REDUCING VISIBILITY
HIGHEST: 37 ON 27 GRTST 24HR M TO 1/4 MILE OR LESS
LOWEST: -4 ON 22 3 = THUNDER
SNOW, ICE PELLETS, HAIL 4 = ICE PELLETS
TOTAL MONTH: M 5 = HAIL
GRTST 24HR M ON M 6 = FREEZING RAIN OR DRIZZLE
GRTST DEPTH: M ON M 7 = DUSTSTORM OR SANDSTORM:
VSBY 1/2 MILE OR LESS
8 = SMOKE OR HAZE
[NO. OF DAYS WITH] [WEATHER - DAYS WITH] 9 = BLOWING SNOW
X = TORNADO
MAX 32 OR BELOW: 24 0.01 INCH OR MORE: 1
MAX 90 OR ABOVE: 0 0.10 INCH OR MORE: 0
MIN 32 OR BELOW: 28 0.50 INCH OR MORE: 0
MIN 0 OR BELOW: 3 1.00 INCH OR MORE: 0
[HDD (BASE 65) ]
TOTAL THIS MO. 1257 CLEAR (SCALE 0-3) 8
DPTR FM NORMAL M PTCLDY (SCALE 4-7) 10
TOTAL FM JUL 1 4182 CLOUDY (SCALE 8-10) 13
DPTR FM NORMAL M
[CDD (BASE 65) ]
TOTAL THIS MO. 0
DPTR FM NORMAL M [PRESSURE DATA]
TOTAL FM JAN 1 2 HIGHEST SLP M ON M
DPTR FM NORMAL M LOWEST SLP M ON M
[REMARKS]
#FINAL-12-22#