000
CXUS55 KBOU 011000
CF6CCU
PRELIMINARY LOCAL CLIMATOLOGICAL DATA (WS FORM: F-6)
STATION: COPPER MTN/RED CLIFF
MONTH: FEBRUARY
YEAR: 2021
LATITUDE: 39 28 N
LONGITUDE: 106 9 W
TEMPERATURE IN F: :PCPN: SNOW: WIND :SUNSHINE: SKY :PK WND
================================================================================
1 2 3 4 5 6A 6B 7 8 9 10 11 12 13 14 15 16 17 18
12Z AVG MX 2MIN
DY MAX MIN AVG DEP HDD CDD WTR SNW DPTH SPD SPD DIR MIN PSBL S-S WX SPD DR
================================================================================
1 36 27 32 M 33 0 0.00 M M 7.1 13 240 M M 2 20 240
2 36 25 31 M 34 0 0.00 M M 8.8 16 270 M M 3 25 230
3 32 12 22 M 43 0 0.00 M M 16.3 28 250 M M 10 8 46 250
4 12 5 9 M 56 0 0.00 M M 20.9 32 280 M M 10 8 41 280
5 14 9 12 M 53 0 0.00 M M 18.5 36 280 M M 10 44 280
6 18 9 14 M 51 0 0.00 M M 28.0 40 280 M M 10 56 290
7 25 16 21 M 44 0 0.00 M M 28.5 38 250 M M 7 8 69 270
8 25 19 22 M 43 0 0.00 M M 29.5 44 260 M M 7 8 56 260
9 27 23 25 M 40 0 0.00 M M 17.0 28 250 M M 10 8 41 240
10 23 18 21 M 44 0 0.00 M M 14.5 21 260 M M 9 8 32 270
11 27 18 23 M 42 0 0.00 M M 18.8 28 260 M M 10 8 36 250
12 27 23 25 M 40 0 0.00 M M 15.1 24 250 M M 10 32 280
13 23 19 21 M 44 0 0.00 M M 11.7 20 270 M M 9 8 31 270
14 21 5 13 M 52 0 0.00 M M 9.8 18 290 M M 9 8 22 300
15 10 1 6 M 59 0 0.00 M M 12.0 22 280 M M 10 8 33 300
16 14 9 12 M 53 0 0.00 M M 13.7 26 280 M M 9 8 39 280
17 14 5 10 M 55 0 0.00 M M 5.4 17 300 M M 9 23 300
18 9 1 5 M 60 0 0.00 M M 11.5 22 290 M M 9 8 29 290
19 19 1 10 M 55 0 0.00 M M 15.7 28 290 M M 9 8 35 290
20 27 9 18 M 47 0 0.00 M M 14.7 23 300 M M 9 18 33 220
21 14 5 10 M 55 0 0.00 M M 20.7 31 260 M M 10 38 260
22 28 12 20 M 45 0 0.00 M M 11.8 20 280 M M 5 33 280
23 32 19 26 M 39 0 0.00 M M 21.3 36 270 M M 1 8 45 270
24 27 12 20 M 45 0 0.02 M M 9.3 16 260 M M 4 25 230
25 23 9 16 M 49 0 0.00 M M 7.2 14 280 M M 5 22 230
26 19 9 14 M 51 0 0.00 M M 16.8 29 260 M M 9 8 40 270
27 19 1 10 M 55 0 0.00 M M 13.3 18 280 M M 10 8 29 280
28 12 -4 4 M 61 0 0.00 M M 8.9 17 260 M M 3 22 270
================================================================================
SM 613 317 1348 0 0.02 M 427.0 M 218
================================================================================
AV 21.9 11.3 15.2 FASTST M M 8 MAX(MPH)
MISC ----> 44 260 69 270
================================================================================
NOTES:
# LAST OF SEVERAL OCCURRENCES
COLUMN 17 PEAK WIND IN M.P.H.
PRELIMINARY LOCAL CLIMATOLOGICAL DATA (WS FORM: F-6) , PAGE 2
STATION: COPPER MTN/RED CLIFF
MONTH: FEBRUARY
YEAR: 2021
LATITUDE: 39 28 N
LONGITUDE: 106 9 W
[TEMPERATURE DATA] [PRECIPITATION DATA] SYMBOLS USED IN COLUMN 16
AVERAGE MONTHLY: 16.6 TOTAL FOR MONTH: 0.02 1 = FOG OR MIST
DPTR FM NORMAL: 0.0 DPTR FM NORMAL: 0.02 2 = FOG REDUCING VISIBILITY
HIGHEST: 36 ON 2, 1 GRTST 24HR 0.02 ON 24-24 TO 1/4 MILE OR LESS
LOWEST: -4 ON 28 3 = THUNDER
SNOW, ICE PELLETS, HAIL 4 = ICE PELLETS
TOTAL MONTH: M 5 = HAIL
GRTST 24HR M ON M 6 = FREEZING RAIN OR DRIZZLE
GRTST DEPTH: M ON M 7 = DUSTSTORM OR SANDSTORM:
VSBY 1/2 MILE OR LESS
8 = SMOKE OR HAZE
[NO. OF DAYS WITH] [WEATHER - DAYS WITH] 9 = BLOWING SNOW
X = TORNADO
MAX 32 OR BELOW: 26 0.01 INCH OR MORE: 1
MAX 90 OR ABOVE: 0 0.10 INCH OR MORE: 0
MIN 32 OR BELOW: 28 0.50 INCH OR MORE: 0
MIN 0 OR BELOW: 1 1.00 INCH OR MORE: 0
[HDD (BASE 65) ]
TOTAL THIS MO. 1348 CLEAR (SCALE 0-3) 3
DPTR FM NORMAL M PTCLDY (SCALE 4-7) 6
TOTAL FM JUL 1 6781 CLOUDY (SCALE 8-10) 19
DPTR FM NORMAL M
[CDD (BASE 65) ]
TOTAL THIS MO. 0
DPTR FM NORMAL M [PRESSURE DATA]
TOTAL FM JAN 1 0 HIGHEST SLP M ON M
DPTR FM NORMAL M LOWEST SLP M ON M
[REMARKS]
#FINAL-02-21#