000
CXAK56 PAFC 011003
CF6CDB
PRELIMINARY LOCAL CLIMATOLOGICAL DATA (WS FORM: F-6)
STATION: COLD BAY
MONTH: JULY
YEAR: 2023
LATITUDE: 55 13 N
LONGITUDE: 162 44 W
TEMPERATURE IN F: :PCPN: SNOW: WIND :SUNSHINE: SKY :PK WND
================================================================================
1 2 3 4 5 6A 6B 7 8 9 10 11 12 13 14 15 16 17 18
12Z AVG MX 2MIN
DY MAX MIN AVG DEP HDD CDD WTR SNW DPTH SPD SPD DIR MIN PSBL S-S WX SPD DR
================================================================================
1 50 47 49 -1 16 0 0.38 M M 21.1 41 90 M M 10 1 53 90
2 55 46 51 1 14 0 0.07 M M 7.6 18 140 M M 10 1 22 140
3 57 43 50 0 15 0 0.08 M M 15.8 30 150 M M 9 12 36 150
4 54 46 50 0 15 0 0.13 M M 27.0 40 120 M M 10 1 49 120
5 50 47 49 -1 16 0 0.28 M M 21.9 33 150 M M 9 1 40 150
6 52 46 49 -2 16 0 0.04 M M 20.0 25 140 M M 8 1 30 140
7 56 46 51 0 14 0 0.01 M M 17.7 33 150 M M 10 1 46 160
8 53 47 50 -1 15 0 0.04 M M 33.6 46 160 M M 9 1 58 160
9 55 48 52 1 13 0 0.04 M M 11.3 39 140 M M 10 1 50 150
10 55 47 51 0 14 0 0.27 M M 15.8 29 150 M M 10 1 39 140
11 52 44 48 -3 17 0 0.02 M M 15.0 20 320 M M 10 1 27 310
12 56 44 50 -1 15 0 0.01 M M 10.6 15 310 M M 8 12 20 320
13 67 46 57 6 8 0 0.29 M M 10.5 25 270 M M 10 1 33 270
14 63 47 55 3 10 0 0.05 M M 10.5 21 290 M M 8 12 28 290
15 55 47 51 -1 14 0 0.13 M M 16.1 25 290 M M 10 1 32 290
16 53 47 50 -2 15 0 0.04 M M 16.3 24 300 M M 10 1 29 300
17 50 46 48 -4 17 0 0.03 M M 18.0 24 290 M M 10 1 30 290
18 54 46 50 -2 15 0 0.20 M M 12.2 18 280 M M 10 1 23 270
19 53 50 52 0 13 0 0.64 M M 19.9 26 270 M M 10 12 34 260
20 57 50 54 2 11 0 0.68 M M 17.9 25 260 M M 10 12 32 260
21 61 53 57 5 8 0 0.76 M M 13.8 29 160 M M 10 12 36 160
22 57 52 55 3 10 0 0.19 M M 22.1 30 160 M M 10 1 40 170
23 58 51 55 3 10 0 0.15 M M 11.0 17 170 M M 10 1 M M
24 62 50 56 4 9 0 0.00 M M 11.3 28 150 M M 9 1 37 140
25 58 51 55 3 10 0 0.20 M M 23.1 31 150 M M 10 1 41 150
26 57 51 54 2 11 0 0.08 M M 23.3 31 150 M M 10 1 41 150
27 61 52 57 5 8 0 0.48 M M 16.6 28 150 M M 9 1 35 150
28 54 49 52 0 13 0 0.30 M M 18.7 28 270 M M 10 1 35 270
29 60 48 54 1 11 0 0.00 M M 8.8 18 280 M M 8 12 23 280
30 64 40 52 -1 13 0 0.00 M M 10.0 22 160 M M 5 12 27 160
31 69 46 58 5 7 0 0.00 M M 7.2 15 140 M M 1 12 22 170
================================================================================
SM 1758 1473 393 0 5.59 M 504.7 M 283
================================================================================
AV 56.7 47.5 16.3 FASTST M M 9 MAX(MPH)
MISC ----> 46 160 58 160
================================================================================
NOTES:
# LAST OF SEVERAL OCCURRENCES
COLUMN 17 PEAK WIND IN M.P.H.
PRELIMINARY LOCAL CLIMATOLOGICAL DATA (WS FORM: F-6) , PAGE 2
STATION: COLD BAY
MONTH: JULY
YEAR: 2023
LATITUDE: 55 13 N
LONGITUDE: 162 44 W
[TEMPERATURE DATA] [PRECIPITATION DATA] SYMBOLS USED IN COLUMN 16
AVERAGE MONTHLY: 52.1 TOTAL FOR MONTH: 5.59 1 = FOG OR MIST
DPTR FM NORMAL: 0.6 DPTR FM NORMAL: 3.08 2 = FOG REDUCING VISIBILITY
HIGHEST: 69 ON 31 GRTST 24HR 0.90 ON 19-20 TO 1/4 MILE OR LESS
LOWEST: 40 ON 30 3 = THUNDER
SNOW, ICE PELLETS, HAIL 4 = ICE PELLETS
TOTAL MONTH: M 5 = HAIL
GRTST 24HR M ON M 6 = FREEZING RAIN OR DRIZZLE
GRTST DEPTH: M ON M 7 = DUSTSTORM OR SANDSTORM:
VSBY 1/2 MILE OR LESS
8 = SMOKE OR HAZE
[NO. OF DAYS WITH] [WEATHER - DAYS WITH] 9 = BLOWING SNOW
X = TORNADO
MAX 32 OR BELOW: 0 0.01 INCH OR MORE: 27
MAX 90 OR ABOVE: 0 0.10 INCH OR MORE: 15
MIN 32 OR BELOW: 0 0.50 INCH OR MORE: 3
MIN 0 OR BELOW: 0 1.00 INCH OR MORE: 0
[HDD (BASE 65) ]
TOTAL THIS MO. 393 CLEAR (SCALE 0-3) 1
DPTR FM NORMAL -24 PTCLDY (SCALE 4-7) 5
TOTAL FM JUL 1 393 CLOUDY (SCALE 8-10) 25
DPTR FM NORMAL -23
[CDD (BASE 65) ]
TOTAL THIS MO. 0
DPTR FM NORMAL 0 [PRESSURE DATA]
TOTAL FM JAN 1 0 HIGHEST SLP M ON M
DPTR FM NORMAL 0 LOWEST SLP 29.47 ON 1
[REMARKS]
#FINAL-07-23#