000
CXAK56 PAFC 301324
CF6CDB
PRELIMINARY LOCAL CLIMATOLOGICAL DATA (WS FORM: F-6)
STATION: COLD BAY
MONTH: NOVEMBER
YEAR: 2020
LATITUDE: 55 13 N
LONGITUDE: 162 44 W
TEMPERATURE IN F: :PCPN: SNOW: WIND :SUNSHINE: SKY :PK WND
================================================================================
1 2 3 4 5 6A 6B 7 8 9 10 11 12 13 14 15 16 17 18
12Z AVG MX 2MIN
DY MAX MIN AVG DEP HDD CDD WTR SNW DPTH SPD SPD DIR MIN PSBL S-S WX SPD DR
================================================================================
1 35 27 31 -6 34 0 T M M 23.3 35 30 M M 2 42 30
2 34 27 31 -6 34 0 0.01 M M 13.8 24 350 M M 10 8 32 350
3 39 26 33 -3 32 0 0.12 M M 19.0 35 320 M M 8 18 43 320
4 40 29 35 -1 30 0 T M M M M M M M M M M
5 51 39 45 9 20 0 0.06 M M 16.0 29 170 M M 9 1 46 180
6 52 44 48 12 17 0 T M M 9.1 23 160 M M 8 28 160
7 47 43 45 9 20 0 0.50 M M 15.6 31 280 M M 9 1 37 280
8 46 34 40 4 25 0 0.12 M M 18.3 37 280 M M 7 18 44 280
9 49 34 42 7 23 0 T M M M M M M M M M M
10 56 39 48 13 17 0 0.56 M M M M M M M M M M
11 45 37 41 6 24 0 0.07 M M M M M M M M M M
12 40 33 37 2 28 0 0.12 M M M M M M M M M M
13 38 31 35 0 30 0 0.10 M M M M M M M M M M
14 38 31 35 0 30 0 0.06 M M M M M M M M M M
15 34 30 32 -2 33 0 T M M 21.0 35 340 M M 10 43 330
16 38 20 29 -5 36 0 0.00 M M 11.3 24 150 M M 5 31 150
17 44 33 39 5 26 0 0.05 M M 12.3 26 150 M M 7 1 32 150
18 44 30 37 3 28 0 0.24 M M 18.4 36 270 M M 6 1 43 290
19 41 32 37 3 28 0 0.55 M M 21.8 52 150 M M M 61 150
20 38 33 36 2 29 0 0.05 M M 28.7 45 230 M M M 59 230
21 38 24 31 -3 34 0 T M M 11.0 24 250 M M M 29 250
22 40 28 34 0 31 0 0.86 M M 20.8 51 320 M M M 63 320
23 45 34 40 6 25 0 0.05 M M 27.3 52 310 M M 7 1 64 320
24 45 35 40 7 25 0 1.29 M M 31.5 46 170 M M 6 18 60 140
25 41 32 37 4 28 0 0.10 M M 15.2 40 280 M M 4 1 50 290
26 36 26 31 -2 34 0 0.02 M 0 16.2 37 250 M M 5 18 43 250
27 40 32 36 3 29 0 0.14 M 0 18.9 36 340 M M 7 1 46 350
28 36 29 33 0 32 0 0.06 M 0 22.7 41 350 M M 7 18 54 350
29 34 25 30 -3 35 0 0.01 M M 11.0 30 300 M M 4 18 39 300
================================================================================
SM 1204 917 817 0 5.14 M 403.2 M 121
================================================================================
AV 41.5 31.6 18.3 FASTST M M 7 MAX(MPH)
MISC ----> # 52 150 # 64 320
================================================================================
NOTES:
# LAST OF SEVERAL OCCURRENCES
COLUMN 17 PEAK WIND IN M.P.H.
PRELIMINARY LOCAL CLIMATOLOGICAL DATA (WS FORM: F-6) , PAGE 2
STATION: COLD BAY
MONTH: NOVEMBER
YEAR: 2020
LATITUDE: 55 13 N
LONGITUDE: 162 44 W
[TEMPERATURE DATA] [PRECIPITATION DATA] SYMBOLS USED IN COLUMN 16
AVERAGE MONTHLY: 36.6 TOTAL FOR MONTH: 5.14 1 = FOG OR MIST
DPTR FM NORMAL: 1.9 DPTR FM NORMAL: 0.32 2 = FOG REDUCING VISIBILITY
HIGHEST: 56 ON 10 GRTST 24HR 1.29 ON 24-24 TO 1/4 MILE OR LESS
LOWEST: 20 ON 16 3 = THUNDER
SNOW, ICE PELLETS, HAIL 4 = ICE PELLETS
TOTAL MONTH: M 5 = HAIL
GRTST 24HR M ON M 6 = FREEZING RAIN OR DRIZZLE
GRTST DEPTH: 0 7 = DUSTSTORM OR SANDSTORM:
VSBY 1/2 MILE OR LESS
8 = SMOKE OR HAZE
[NO. OF DAYS WITH] [WEATHER - DAYS WITH] 9 = BLOWING SNOW
X = TORNADO
MAX 32 OR BELOW: 0 0.01 INCH OR MORE: 22
MAX 90 OR ABOVE: 0 0.10 INCH OR MORE: 12
MIN 32 OR BELOW: 17 0.50 INCH OR MORE: 5
MIN 0 OR BELOW: 0 1.00 INCH OR MORE: 1
[HDD (BASE 65) ]
TOTAL THIS MO. 817 CLEAR (SCALE 0-3) 1
DPTR FM NORMAL -64 PTCLDY (SCALE 4-7) 12
TOTAL FM JUL 1 2735 CLOUDY (SCALE 8-10) 5
DPTR FM NORMAL -253
[CDD (BASE 65) ]
TOTAL THIS MO. 0
DPTR FM NORMAL 0 [PRESSURE DATA]
TOTAL FM JAN 1 0 HIGHEST SLP M ON M
DPTR FM NORMAL 0 LOWEST SLP 28.54 ON 27
[REMARKS]