000
CXUS55 KCYS 230949
CF6CDR
PRELIMINARY LOCAL CLIMATOLOGICAL DATA (WS FORM: F-6) ...CORRECTED...
STATION: CHADRON NEBRASKA AIRPORT
MONTH: JUNE
YEAR: 2021
LATITUDE: 42 50 N
LONGITUDE: 103 6 W
TEMPERATURE IN F: :PCPN: SNOW: WIND :SUNSHINE: SKY :PK WND
================================================================================
1 2 3 4 5 6A 6B 7 8 9 10 11 12 13 14 15 16 17 18
12Z AVG MX 2MIN
DY MAX MIN AVG DEP HDD CDD WTR SNW DPTH SPD SPD DIR MIN PSBL S-S WX SPD DR
================================================================================
1 78 48 63 1 2 0 T M M 7.9 21 310 M M 3 31 330
2 81 43 62 0 3 0 0.00 M M 3.8 9 240 M M 1 8 13 300
3 87 45 66 3 0 1 0.00 M M 3.5 12 300 M M 0 17 300
4 97 47 72 9 0 7 0.00 M M 5.9 20 190 M M 0 8 27 180
5 99 54 77 14 0 12 0.00 M M 12.2 30 190 M M 0 41 200
6 81 63 72 8 0 7 0.00 M M 10.8 21 10 M M 0 28 20
7 98 58 78 14 0 13 0.01 M M 12.2 29 310 M M 1 38 43 310
8 97 61 79 15 0 14 0.00 M M 18.5 40 160 M M 0 53 160
9 96 54 75 10 0 10 0.00 M M 8.0 20 40 M M 0 29 50
10 98 68 83 18 0 18 0.16 M M 18.4 43 280 M M 0 3 63 280
11 77 47 62 -3 3 0 0.00 M M 9.8 35 300 M M 0 49 300
12 95 48 72 6 0 7 0.00 M M 15.1 28 180 M M 0 38 190
13 98 66 82 16 0 17 0.23 M M 9.8 31 260 M M 0 3 42 90
14 98 56 77 11 0 12 0.00 M M 6.9 20 100 M M 0 29 170
15 103 70 87 20 0 22 0.00 M M 18.4 36 170 M M 1 3 45 170
16 96 63 80 13 0 15 0.00 M M 10.8 25 180 M M 0 33 190
17 92 53 73 5 0 8 0.00 M M 4.3 15 80 M M 0 25 80
18 91 59 75 7 0 10 0.00 M M 6.1 12 30 M M 1 16 90
19 92 55 74 6 0 9 0.00 M M 15.5 38 170 M M 0 50 180
20 76 58 67 -1 0 2 0.00 M M 8.8 24 10 M M 3 33 40
21 81 48 65 -4 0 0 0.00 M M 8.2 18 300 M M 4 28 270
22 94 49 72 3 0 7 0.00 M M 5.9 23 160 M M 0 31 160
23 103 59 81 11 0 16 0.00 M M 7.3 23 150 M M 0 3 30 150
24 91 61 76 6 0 11 0.70 M M 11.1 35 280 M M 2 13 48 280
25 71 59 65 -5 0 0 T M M 7.3 22 360 M M 7 29 350
26 78 55 67 -4 0 2 0.01 M M 8.2 23 320 M M 4 1 33 330
27 77 55 66 -5 0 1 0.45 M M 3.9 23 310 M M 4 38 33 310
28 80 53 67 -4 0 2 0.00 M M 6.2 16 40 M M 2 21 60
29 84 50 67 -5 0 2 0.00 M M 4.7 14 160 M M 0 20 140
30 90 52 71 -1 0 6 0.00 M M 5.5 21 170 M M 0 29 180
================================================================================
SM 2679 1657 8 231 1.56 M 275.0 M 33
================================================================================
AV 89.3 55.2 9.2 FASTST M M 1 MAX(MPH)
MISC ----> 43 280 63 280
================================================================================
NOTES:
# LAST OF SEVERAL OCCURRENCES
COLUMN 17 PEAK WIND IN M.P.H.
PRELIMINARY LOCAL CLIMATOLOGICAL DATA (WS FORM: F-6) , PAGE 2
STATION: CHADRON NEBRASKA AIRPORT
MONTH: JUNE
YEAR: 2021
LATITUDE: 42 50 N
LONGITUDE: 103 6 W
[TEMPERATURE DATA] [PRECIPITATION DATA] SYMBOLS USED IN COLUMN 16
AVERAGE MONTHLY: 72.3 TOTAL FOR MONTH: 1.56 1 = FOG OR MIST
DPTR FM NORMAL: 5.3 DPTR FM NORMAL: -0.90 2 = FOG REDUCING VISIBILITY
HIGHEST: 103 ON 23,15 GRTST 24HR 0.70 ON 24-24 TO 1/4 MILE OR LESS
LOWEST: 43 ON 2 3 = THUNDER
SNOW, ICE PELLETS, HAIL 4 = ICE PELLETS
TOTAL MONTH: M 5 = HAIL
GRTST 24HR M ON M 6 = FREEZING RAIN OR DRIZZLE
GRTST DEPTH: M ON M 7 = DUSTSTORM OR SANDSTORM:
VSBY 1/2 MILE OR LESS
8 = SMOKE OR HAZE
[NO. OF DAYS WITH] [WEATHER - DAYS WITH] 9 = BLOWING SNOW
X = TORNADO
MAX 32 OR BELOW: 0 0.01 INCH OR MORE: 6
MAX 90 OR ABOVE: 18 0.10 INCH OR MORE: 4
MIN 32 OR BELOW: 0 0.50 INCH OR MORE: 1
MIN 0 OR BELOW: 0 1.00 INCH OR MORE: 0
[HDD (BASE 65) ]
TOTAL THIS MO. 8 CLEAR (SCALE 0-3) 25
DPTR FM NORMAL -58 PTCLDY (SCALE 4-7) 5
TOTAL FM JUL 1 6873 CLOUDY (SCALE 8-10) 0
DPTR FM NORMAL 23
[CDD (BASE 65) ]
TOTAL THIS MO. 231
DPTR FM NORMAL 105 [PRESSURE DATA]
TOTAL FM JAN 1 237 HIGHEST SLP 30.21 ON 29
DPTR FM NORMAL 90 LOWEST SLP 29.44 ON 10
[REMARKS]
JUNE 4TH...RECORD HIGH 97 DEGREES (PREVIOUS 96 DEGREES IN 2012)
JUNE 5TH...RECORD HIGH 99 DEGREES (PREVIOUS 98 DEGREES IN 2018)
JUNE 15TH...RECORD HIGH 103 DEGREES (PREVIOUS 102 DEGREES IN 1952)
MEAN TEMPERATURE 72.3 DEGREES WAS 7TH WARMEST FOR JUNE
#FINAL-06-21#