000
CXUS54 KLUB 010730
CF6CDS
PRELIMINARY LOCAL CLIMATOLOGICAL DATA (WS FORM: F-6)
STATION: CHILDRESS
MONTH: JULY
YEAR: 2023
LATITUDE: 34 25 N
LONGITUDE: 100 17 W
TEMPERATURE IN F: :PCPN: SNOW: WIND :SUNSHINE: SKY :PK WND
================================================================================
1 2 3 4 5 6A 6B 7 8 9 10 11 12 13 14 15 16 17 18
12Z AVG MX 2MIN
DY MAX MIN AVG DEP HDD CDD WTR SNW DPTH SPD SPD DIR MIN PSBL S-S WX SPD DR
================================================================================
1 87 66 77 -5 0 12 0.00 0.0 0 7.6 21 360 M M 3 38 25 360
2 96 68 82 -1 0 17 0.00 0.0 0 7.8 22 320 M M 1 26 330
3 95 71 83 0 0 18 0.00 0.0 0 7.1 17 190 M M 0 25 190
4 97 70 84 1 0 19 0.00 0.0 0 9.2 17 190 M M 0 8 25 200
5 98 72 85 2 0 20 0.00 0.0 0 10.6 28 50 M M 0 3 47 70
6 93 69 81 -2 0 16 T 0.0 0 10.5 26 50 M M 2 40 50
7 95 69 82 -1 0 17 0.28 0.0 0 12.7 36 320 M M 1 13 47 290
8 90 68 79 -4 0 14 0.31 0.0 0 7.6 21 10 M M 2 13 26 20
9 83 66 75 -8 0 10 0.05 0.0 0 8.6 39 20 M M 5 13 51 20
10 97 69 83 0 0 18 T 0.0 0 5.7 16 210 M M 2 21 200
11 101 74 88 4 0 23 0.00 0.0 0 11.4 22 140 M M 0 33 130
12 108 76 92 8 0 27 T 0.0 0 11.8 25 210 M M 0 3 35 180
13 100 72 86 2 0 21 0.31 0.0 0 9.9 48 330 M M 0 13 66 330
14 96 71 84 0 0 19 1.32 0.0 0 10.0 38 20 M M 3 3 53 10
15 90 72 81 -3 0 16 0.04 0.0 0 8.2 28 10 M M 3 3 38 20
16 94 71 83 -1 0 18 0.08 0.0 0 7.0 37 190 M M 1 3 50 190
17 102 73 88 4 0 23 0.00 0.0 0 8.1 20 210 M M 0 29 190
18 105 74 90 6 0 25 0.00 0.0 0 15.5 29 220 M M 0 37 220
19 104 74 89 5 0 24 0.00 0.0 0 12.3 24 220 M M 0 34 230
20 102 74 88 4 0 23 0.00 0.0 0 6.8 15 50 M M 0 21 40
21 91 74 83 -1 0 18 0.00 0.0 0 9.1 21 50 M M 1 33 20
22 94 66 80 -4 0 15 0.00 0.0 0 4.1 13 140 M M 0 16 140
23 101 68 85 1 0 20 0.00 0.0 0 7.9 15 200 M M 0 22 190
24 104 71 88 4 0 23 0.00 0.0 0 10.8 18 190 M M 0 27 190
25 103 78 91 7 0 26 0.00 0.0 0 13.5 25 190 M M 0 37 200
26 101 72 87 3 0 22 0.00 0.0 0 10.7 20 200 M M 0 35 170
27 101 72 87 3 0 22 0.00 0.0 0 9.6 18 190 M M 0 28 190
28 102 76 89 5 0 24 0.00 0.0 0 9.1 16 170 M M 0 23 170
29 103 74 89 5 0 24 0.00 0.0 0 7.3 15 140 M M 0 22 140
30 103 73 88 4 0 23 0.00 0.0 0 6.3 18 150 M M 0 24 160
31 102 73 88 4 0 23 0.00 0.0 0 8.2 21 210 M M 0 27 200
================================================================================
SM 3038 2216 0 620 2.39 0.0 285.0 M 24
================================================================================
AV 98.0 71.5 9.2 FASTST M M 1 MAX(MPH)
MISC ----> 48 330 66 330
================================================================================
NOTES:
# LAST OF SEVERAL OCCURRENCES
COLUMN 17 PEAK WIND IN M.P.H.
PRELIMINARY LOCAL CLIMATOLOGICAL DATA (WS FORM: F-6) , PAGE 2
STATION: CHILDRESS
MONTH: JULY
YEAR: 2023
LATITUDE: 34 25 N
LONGITUDE: 100 17 W
[TEMPERATURE DATA] [PRECIPITATION DATA] SYMBOLS USED IN COLUMN 16
AVERAGE MONTHLY: 84.7 TOTAL FOR MONTH: 2.39 1 = FOG OR MIST
DPTR FM NORMAL: 1.0 DPTR FM NORMAL: 0.43 2 = FOG REDUCING VISIBILITY
HIGHEST: 108 ON 12 GRTST 24HR 1.63 ON 13-14 TO 1/4 MILE OR LESS
LOWEST: 66 ON 22, 9 3 = THUNDER
SNOW, ICE PELLETS, HAIL 4 = ICE PELLETS
TOTAL MONTH: 0.0 INCH 5 = HAIL
GRTST 24HR 0.0 6 = FREEZING RAIN OR DRIZZLE
GRTST DEPTH: 0 7 = DUSTSTORM OR SANDSTORM:
VSBY 1/2 MILE OR LESS
8 = SMOKE OR HAZE
[NO. OF DAYS WITH] [WEATHER - DAYS WITH] 9 = BLOWING SNOW
X = TORNADO
MAX 32 OR BELOW: 0 0.01 INCH OR MORE: 7
MAX 90 OR ABOVE: 29 0.10 INCH OR MORE: 4
MIN 32 OR BELOW: 0 0.50 INCH OR MORE: 1
MIN 0 OR BELOW: 0 1.00 INCH OR MORE: 1
[HDD (BASE 65) ]
TOTAL THIS MO. 0 CLEAR (SCALE 0-3) 30
DPTR FM NORMAL 0 PTCLDY (SCALE 4-7) 1
TOTAL FM JUL 1 0 CLOUDY (SCALE 8-10) 0
DPTR FM NORMAL 0
[CDD (BASE 65) ]
TOTAL THIS MO. 620
DPTR FM NORMAL 40 [PRESSURE DATA]
TOTAL FM JAN 1 1311 HIGHEST SLP M ON M
DPTR FM NORMAL -38 LOWEST SLP 29.61 ON 12
[REMARKS]
#FINAL-07-23#