000
CXUS54 KLUB 010830
CF6CDS
PRELIMINARY LOCAL CLIMATOLOGICAL DATA (WS FORM: F-6)
STATION: CHILDRESS
MONTH: NOVEMBER
YEAR: 2021
LATITUDE: 34 25 N
LONGITUDE: 100 17 W
TEMPERATURE IN F: :PCPN: SNOW: WIND :SUNSHINE: SKY :PK WND
================================================================================
1 2 3 4 5 6A 6B 7 8 9 10 11 12 13 14 15 16 17 18
12Z AVG MX 2MIN
DY MAX MIN AVG DEP HDD CDD WTR SNW DPTH SPD SPD DIR MIN PSBL S-S WX SPD DR
================================================================================
1 68 40 54 -3 11 0 0.00 0.0 0 7.1 16 60 M M 0 25 60
2 47 42 45 -12 20 0 0.07 0.0 0 8.8 16 60 M M 10 18 26 50
3 46 41 44 -12 21 0 T 0.0 0 6.1 13 20 M M 10 1 18 120
4 63 43 53 -3 12 0 0.00 0.0 0 6.1 13 190 M M 4 19 160
5 66 36 51 -5 14 0 0.00 0.0 0 9.7 18 200 M M 0 12 25 180
6 75 39 57 2 8 0 0.00 0.0 0 8.2 17 180 M M 0 23 160
7 82 46 64 9 1 0 0.00 0.0 0 12.1 21 190 M M 0 30 190
8 84 45 65 11 0 0 0.00 0.0 0 10.1 18 180 M M 0 26 170
9 73 52 63 9 2 0 0.00 0.0 0 7.4 18 360 M M 0 23 350
10 80 51 66 12 0 1 0.00 0.0 0 9.3 29 350 M M 0 37 10
11 66 42 54 1 11 0 0.00 0.0 0 6.5 15 210 M M 1 20 210
12 62 41 52 -1 13 0 0.00 0.0 0 10.8 24 10 M M 0 34 10
13 75 33 54 2 11 0 0.00 0.0 0 8.7 24 220 M M 0 31 210
14 66 42 54 2 11 0 0.00 0.0 0 7.8 23 20 M M 0 31 20
15 84 42 63 11 2 0 0.00 0.0 0 7.2 12 160 M M 0 19 50
16 91 43 67 16 0 2 0.00 0.0 0 11.9 30 210 M M 0 39 220
17 61 39 50 -1 15 0 0.00 0.0 0 15.2 32 10 M M 1 49 360
18 56 30 43 -7 22 0 0.00 0.0 0 6.8 13 360 M M 0 21 60
19 68 32 50 0 15 0 0.00 0.0 0 12.7 24 210 M M 0 31 210
20 79 47 63 13 2 0 0.00 0.0 0 8.7 15 220 M M 0 8 19 220
21 66 41 54 5 11 0 0.00 0.0 0 11.5 25 20 M M 0 33 20
22 73 31 52 3 13 0 0.00 0.0 0 7.6 17 230 M M 0 24 230
23 75 39 57 8 8 0 0.00 0.0 0 13.6 26 200 M M 0 37 200
24 69 50 60 12 5 0 0.00 0.0 0 14.4 28 20 M M 0 38 20
25 55 35 45 -3 20 0 0.00 0.0 0 13.6 25 10 M M 0 36 20
26 72 30 51 3 14 0 0.00 0.0 0 10.9 21 210 M M 0 29 210
27 66 42 54 7 11 0 0.00 0.0 0 5.7 14 230 M M 1 18 240
28 65 35 50 3 15 0 0.00 0.0 0 7.4 12 210 M M 0 15 210
29 81 40 61 14 4 0 0.00 0.0 0 8.0 13 220 M M 0 17 230
30 78 43 61 15 4 0 0.00 0.0 0 8.5 13 350 M M 0 17 210
================================================================================
SM 2092 1212 296 3 0.07 0.0 282.4 M 27
================================================================================
AV 69.7 40.4 9.4 FASTST M M 1 MAX(MPH)
MISC ----> 32 10 49 360
================================================================================
NOTES:
# LAST OF SEVERAL OCCURRENCES
COLUMN 17 PEAK WIND IN M.P.H.
PRELIMINARY LOCAL CLIMATOLOGICAL DATA (WS FORM: F-6) , PAGE 2
STATION: CHILDRESS
MONTH: NOVEMBER
YEAR: 2021
LATITUDE: 34 25 N
LONGITUDE: 100 17 W
[TEMPERATURE DATA] [PRECIPITATION DATA] SYMBOLS USED IN COLUMN 16
AVERAGE MONTHLY: 55.1 TOTAL FOR MONTH: 0.07 1 = FOG OR MIST
DPTR FM NORMAL: 3.5 DPTR FM NORMAL: -1.12 2 = FOG REDUCING VISIBILITY
HIGHEST: 91 ON 16 GRTST 24HR 0.07 ON 2- 3 TO 1/4 MILE OR LESS
LOWEST: 30 ON 26,18 3 = THUNDER
SNOW, ICE PELLETS, HAIL 4 = ICE PELLETS
TOTAL MONTH: 0.0 INCH 5 = HAIL
GRTST 24HR 0.0 6 = FREEZING RAIN OR DRIZZLE
GRTST DEPTH: 0 7 = DUSTSTORM OR SANDSTORM:
VSBY 1/2 MILE OR LESS
8 = SMOKE OR HAZE
[NO. OF DAYS WITH] [WEATHER - DAYS WITH] 9 = BLOWING SNOW
X = TORNADO
MAX 32 OR BELOW: 0 0.01 INCH OR MORE: 1
MAX 90 OR ABOVE: 1 0.10 INCH OR MORE: 0
MIN 32 OR BELOW: 4 0.50 INCH OR MORE: 0
MIN 0 OR BELOW: 0 1.00 INCH OR MORE: 0
[HDD (BASE 65) ]
TOTAL THIS MO. 296 CLEAR (SCALE 0-3) 27
DPTR FM NORMAL -115 PTCLDY (SCALE 4-7) 1
TOTAL FM JUL 1 349 CLOUDY (SCALE 8-10) 2
DPTR FM NORMAL -213
[CDD (BASE 65) ]
TOTAL THIS MO. 3
DPTR FM NORMAL -4 [PRESSURE DATA]
TOTAL FM JAN 1 2340 HIGHEST SLP 30.61 ON 18
DPTR FM NORMAL 76 LOWEST SLP 29.63 ON 16
[REMARKS]
#FINAL-11-21#