000
CXUS54 KLUB 011441
CLMCDS
CLIMATE REPORT
NATIONAL WEATHER SERVICE LUBBOCK TX
841 AM CST THU FEB 01 2024
...................................
...THE CHILDRESS CLIMATE SUMMARY FOR THE MONTH OF JANUARY 2024...
CLIMATE NORMAL PERIOD 1991 TO 2020
CLIMATE RECORD PERIOD 1893 TO 2024
WEATHER OBSERVED NORMAL DEPART LAST YEAR`S
VALUE DATE(S) VALUE FROM VALUE DATE(S)
NORMAL
................................................................
TEMPERATURE (F)
RECORD
HIGH 87 01/03/2006
LOW -13 01/17/1930
HIGHEST 72 01/30 78 01/10
LOWEST 6 01/14 16 01/30
01/15
01/16
AVG. MAXIMUM 48.5 54.6 -6.1 58.0
AVG. MINIMUM 26.1 29.0 -2.9 32.6
MEAN 37.3 41.8 -4.5 45.3
DAYS MAX >= 90 0 0.0 0.0 0
DAYS MAX <= 32 5 1.9 3.1 2
DAYS MIN <= 32 21 21.5 -0.5 16
DAYS MIN <= 0 0 0.0 0.0 0
PRECIPITATION (INCHES)
RECORD
MAXIMUM 3.53 1949
MINIMUM 0.00 2003
TOTALS 0.84 0.77 0.07 0.57
DAILY AVG. 0.03 0.02 0.01 0.02
DAYS >= .01 5 3.6 1.4 2
DAYS >= .10 3 1.8 1.2 1
DAYS >= .50 0 0.5 -0.5 1
DAYS >= 1.00 0 0.2 -0.2 0
GREATEST
24 HR. TOTAL 0.29 01/04 TO 01/05
01/23 TO 01/24
SNOWFALL (INCHES)
RECORDS
TOTAL 13.0 1943
TOTALS 0.0 1.4 -1.4 7.3
SINCE 7/1 T 4.1 -4.1 MM
SNOWDEPTH AVG. 0 0
DAYS >= TRACE 0 1.5 -1.5 2
DAYS >= 1.0 0 0.5 -0.5 1
GREATEST
SNOW DEPTH 0 4 01/25
24 HR TOTAL 0.0 7.3 01/24 TO 01/24
DEGREE DAYS
HEATING TOTAL 850 719 131 603
SINCE 7/1 1928 1971 -43 MM
COOLING TOTAL 0 0 0 0
SINCE 1/1 0 0 0 MM
................................................................
WIND (MPH)
AVERAGE WIND SPEED 10.4
HIGHEST WIND SPEED/DIRECTION 52/330 DATE 01/08
HIGHEST GUST SPEED/DIRECTION 68/330 DATE 01/08
SKY COVER
POSSIBLE SUNSHINE (PERCENT) MM
AVERAGE SKY COVER 0.28
NUMBER OF DAYS FAIR 21
NUMBER OF DAYS PC 4
NUMBER OF DAYS CLOUDY 6
AVERAGE RH (PERCENT) 64
WEATHER CONDITIONS. NUMBER OF DAYS WITH
THUNDERSTORM 0 MIXED PRECIP 0
HEAVY RAIN 0 RAIN 5
LIGHT RAIN 8 FREEZING RAIN 0
LT FREEZING RAIN 0 HAIL 0
HEAVY SNOW 0 SNOW 0
LIGHT SNOW 0 SLEET 0
FOG 13 FOG W/VIS <= 1/4 MILE 6
HAZE 0
- INDICATES NEGATIVE NUMBERS.
R INDICATES RECORD WAS SET OR TIED.
MM INDICATES DATA IS MISSING.
T INDICATES TRACE AMOUNT.
$$