000
CXUS52 KCHS 012049
CF6CHS
PRELIMINARY LOCAL CLIMATOLOGICAL DATA (WS FORM: F-6)
STATION: NORTH CHARLESTON SC
MONTH: APRIL
YEAR: 2021
LATITUDE: 32 54 N
LONGITUDE: 80 2 W
TEMPERATURE IN F: :PCPN: SNOW: WIND :SUNSHINE: SKY :PK WND
================================================================================
1 2 3 4 5 6A 6B 7 8 9 10 11 12 13 14 15 16 17 18
12Z AVG MX 2MIN
DY MAX MIN AVG DEP HDD CDD WTR SNW DPTH SPD SPD DIR MIN PSBL S-S WX SPD DR
================================================================================
1 65 45 55 -7 10 0 T 0.0 0 14.1 25 350 M M 4 35 350
2 53 36 45 -17 20 0 0.00 0.0 0 10.4 23 340 M M 0 31 360
3 62 31 47 -15 18 0 0.00 0.0 0 5.2 15 140 M M 1 20 190
4 74 37 56 -6 9 0 0.00 0.0 0 5.4 16 200 M M 0 8 20 200
5 80 48 64 2 1 0 0.00 0.0 0 6.7 20 190 M M 0 24 200
6 86 51 69 6 0 4 0.00 0.0 0 7.9 20 210 M M 0 23 200
7 85 56 71 8 0 6 0.00 0.0 0 8.5 21 210 M M 2 8 25 210
8 83 56 70 7 0 5 0.00 0.0 0 8.0 21 200 M M 5 28 210
9 77 60 69 6 0 4 T 0.0 0 6.7 16 200 M M 6 19 220
10 80 61 71 7 0 6 T 0.0 0 11.1 24 200 M M 8 28 200
11 77 60 69 5 0 4 0.00 0.0 0 9.0 20 210 M M 6 24 210
12 85 60 73 9 0 8 0.00 0.0 0 8.5 17 280 M M 1 24 300
13 81 55 68 4 0 3 0.00 0.0 0 8.0 18 50 M M 1 23 50
14 81 55 68 4 0 3 0.00 0.0 0 11.2 24 200 M M 4 18 29 200
15 77 64 71 6 0 6 T 0.0 0 10.4 18 270 M M 7 27 270
16 66 53 60 -5 5 0 0.00 0.0 0 7.4 18 30 M M 6 24 60
17 74 54 64 -1 1 0 T 0.0 0 7.1 16 160 M M 7 20 160
18 80 61 71 6 0 6 0.00 0.0 0 6.1 15 210 M M 7 19 220
19 79 59 69 3 0 4 0.00 0.0 0 9.4 21 330 M M 3 27 310
20 76 56 66 0 0 1 0.00 0.0 0 7.5 17 130 M M 5 22 110
21 83 56 70 4 0 5 0.00 0.0 0 12.8 28 260 M M 1 1 38 240
22 64 43 54 -12 11 0 0.00 0.0 0 9.5 26 350 M M 0 33 340
23 70 42 56 -10 9 0 0.00 0.0 0 5.9 18 200 M M 3 1 25 200
24 71 54 63 -4 2 0 1.31 0.0 0 10.8 24 180 M M 9 13 31 140
25 80 56 68 1 0 3 0.00 0.0 0 9.5 20 200 M M 6 1 25 200
26 77 54 66 -1 0 1 0.00 0.0 0 6.7 15 150 M M 2 27 130
27 81 51 66 -2 0 1 0.00 0.0 0 6.6 18 180 M M 4 1 23 180
28 80 58 69 1 0 4 0.00 0.0 0 8.2 18 200 M M 4 1 23 220
29 84 63 74 6 0 9 0.00 0.0 0 11.0 20 210 M M 5 24 200
30 87 66 77 9 0 12 0.00 0.0 0 10.3 20 310 M M 5 24 280
================================================================================
SM 2298 1601 86 95 1.31 0.0 259.9 M 112
================================================================================
AV 76.6 53.4 8.7 FASTST M M 4 MAX(MPH)
MISC ----> 28 260 38 240
================================================================================
NOTES:
# LAST OF SEVERAL OCCURRENCES
COLUMN 17 PEAK WIND IN M.P.H.
PRELIMINARY LOCAL CLIMATOLOGICAL DATA (WS FORM: F-6) , PAGE 2
STATION: NORTH CHARLESTON SC
MONTH: APRIL
YEAR: 2021
LATITUDE: 32 54 N
LONGITUDE: 80 2 W
[TEMPERATURE DATA] [PRECIPITATION DATA] SYMBOLS USED IN COLUMN 16
AVERAGE MONTHLY: 65.0 TOTAL FOR MONTH: 1.31 1 = FOG OR MIST
DPTR FM NORMAL: 0.2 DPTR FM NORMAL: -1.60 2 = FOG REDUCING VISIBILITY
HIGHEST: 87 ON 30 GRTST 24HR 1.31 ON 24-24 TO 1/4 MILE OR LESS
LOWEST: 31 ON 3 3 = THUNDER
SNOW, ICE PELLETS, HAIL 4 = ICE PELLETS
TOTAL MONTH: 0.0 INCH 5 = HAIL
GRTST 24HR 0.0 6 = FREEZING RAIN OR DRIZZLE
GRTST DEPTH: 0 7 = DUSTSTORM OR SANDSTORM:
VSBY 1/2 MILE OR LESS
8 = SMOKE OR HAZE
[NO. OF DAYS WITH] [WEATHER - DAYS WITH] 9 = BLOWING SNOW
X = TORNADO
MAX 32 OR BELOW: 0 0.01 INCH OR MORE: 1
MAX 90 OR ABOVE: 0 0.10 INCH OR MORE: 1
MIN 32 OR BELOW: 1 0.50 INCH OR MORE: 1
MIN 0 OR BELOW: 0 1.00 INCH OR MORE: 1
[HDD (BASE 65) ]
TOTAL THIS MO. 86 CLEAR (SCALE 0-3) 12
DPTR FM NORMAL -2 PTCLDY (SCALE 4-7) 17
TOTAL FM JUL 1 1676 CLOUDY (SCALE 8-10) 1
DPTR FM NORMAL -287
[CDD (BASE 65) ]
TOTAL THIS MO. 95
DPTR FM NORMAL 11 [PRESSURE DATA]
TOTAL FM JAN 1 172 HIGHEST SLP 30.51 ON 3
DPTR FM NORMAL 54 LOWEST SLP 29.60 ON 11
[REMARKS]
#FINAL-04-21#