000
CXUS55 KOHX 052019
CF6CKV
PRELIMINARY LOCAL CLIMATOLOGICAL DATA (WS FORM: F-6)
STATION: CLARKSVILLE
MONTH: APRIL
YEAR: 2023
LATITUDE: 36 37 N
LONGITUDE: 87 25 W
TEMPERATURE IN F: :PCPN: SNOW: WIND :SUNSHINE: SKY :PK WND
================================================================================
1 2 3 4 5 6A 6B 7 8 9 10 11 12 13 14 15 16 17 18
12Z AVG MX 2MIN
DY MAX MIN AVG DEP HDD CDD WTR SNW DPTH SPD SPD DIR MIN PSBL S-S WX SPD DR
================================================================================
1 70 41 56 2 9 0 0.00 M M 14.2 35 300 M M 0 51 300
2 69 36 53 -1 12 0 0.00 M M 5.4 12 180 M M 0 16 170
3 71 56 64 9 1 0 0.00 M M 8.5 20 150 M M 7 31 180
4 87 60 74 19 0 9 0.00 M M 12.2 24 190 M M 4 18 35 180
5 85 56 71 16 0 6 0.35 M M 12.4 37 280 M M 5 13 50 280
6 56 47 52 -4 13 0 0.26 M M 9.1 17 350 M M 10 1 25 360
7 60 47 54 -2 11 0 0.00 M M 11.6 20 50 M M 3 26 60
8 58 47 53 -3 12 0 0.00 M M 8.4 16 60 M M 8 22 100
9 71 41 56 0 9 0 0.00 M M 7.4 17 70 M M 0 23 70
10 74 42 58 1 7 0 0.00 M M 3.2 13 190 M M 0 19 200
11 77 42 60 3 5 0 0.00 M M 3.2 12 40 M M 0 17 40
12 81 42 62 5 3 0 0.00 M M 1.7 12 180 M M 0 18 16 190
13 81 45 63 5 2 0 0.00 M M 5.2 23 120 M M 1 31 120
14 77 55 66 8 0 1 0.00 M M 5.6 13 150 M M 3 18 80
15 83 50 67 9 0 2 0.00 M M 7.4 30 290 M M 2 1 46 290
16 65 50 58 0 7 0 0.01 M M 11.2 23 270 M M 9 18 35 280
17 69 45 57 -2 8 0 0.00 M M 10.5 25 290 M M 1 36 280
18 82 42 62 3 3 0 0.00 M M 4.5 20 210 M M 0 29 260
19 86 49 68 9 0 3 0.00 M M 7.0 17 190 M M 0 26 190
20 86 56 71 11 0 6 0.00 M M 11.6 26 190 M M 0 39 200
21 69 46 58 -2 7 0 1.00 M M 5.9 20 340 M M 8 1 25 340
22 67 40 54 -6 11 0 0.00 M M 10.0 25 260 M M 6 12 39 280
23 58 36 47 -14 18 0 0.00 M M 5.1 14 310 M M 1 20 290
24 61 34 48 -13 17 0 0.00 M M 4.0 15 20 M M 0 20 340
25 68 40 54 -7 11 0 0.00 M M 4.1 13 40 M M 1 16 70
26 74 42 58 -4 7 0 0.00 M M 4.2 15 70 M M 0 20 40
27 62 50 56 -6 9 0 0.64 M M 4.2 12 110 M M 7 18 17 100
28 67 50 59 -3 6 0 0.01 M M 4.8 14 330 M M 7 128 18 330
29 69 48 59 -3 6 0 0.20 M M 2.6 9 190 M M 6 128 13 190
30 63 47 55 -8 10 0 0.01 M M 12.0 29 270 M M 3 12 45 330
================================================================================
SM 2146 1382 204 27 2.48 M 217.2 M 92
================================================================================
AV 71.5 46.1 7.2 FASTST M M 3 MAX(MPH)
MISC ----> 37 280 51 300
================================================================================
NOTES:
# LAST OF SEVERAL OCCURRENCES
COLUMN 17 PEAK WIND IN M.P.H.
PRELIMINARY LOCAL CLIMATOLOGICAL DATA (WS FORM: F-6) , PAGE 2
STATION: CLARKSVILLE
MONTH: APRIL
YEAR: 2023
LATITUDE: 36 37 N
LONGITUDE: 87 25 W
[TEMPERATURE DATA] [PRECIPITATION DATA] SYMBOLS USED IN COLUMN 16
AVERAGE MONTHLY: 58.8 TOTAL FOR MONTH: 2.48 1 = FOG OR MIST
DPTR FM NORMAL: 0.4 DPTR FM NORMAL: -2.07 2 = FOG REDUCING VISIBILITY
HIGHEST: 87 ON 4 GRTST 24HR 1.00 ON 21-21 TO 1/4 MILE OR LESS
LOWEST: 34 ON 24 3 = THUNDER
SNOW, ICE PELLETS, HAIL 4 = ICE PELLETS
TOTAL MONTH: M 5 = HAIL
GRTST 24HR M ON M 6 = FREEZING RAIN OR DRIZZLE
GRTST DEPTH: M ON M 7 = DUSTSTORM OR SANDSTORM:
VSBY 1/2 MILE OR LESS
8 = SMOKE OR HAZE
[NO. OF DAYS WITH] [WEATHER - DAYS WITH] 9 = BLOWING SNOW
X = TORNADO
MAX 32 OR BELOW: 0 0.01 INCH OR MORE: 8
MAX 90 OR ABOVE: 0 0.10 INCH OR MORE: 5
MIN 32 OR BELOW: 0 0.50 INCH OR MORE: 2
MIN 0 OR BELOW: 0 1.00 INCH OR MORE: 1
[HDD (BASE 65) ]
TOTAL THIS MO. 204 CLEAR (SCALE 0-3) 18
DPTR FM NORMAL -29 PTCLDY (SCALE 4-7) 9
TOTAL FM JUL 1 3101 CLOUDY (SCALE 8-10) 3
DPTR FM NORMAL -718
[CDD (BASE 65) ]
TOTAL THIS MO. 27
DPTR FM NORMAL -7 [PRESSURE DATA]
TOTAL FM JAN 1 41 HIGHEST SLP 30.43 ON 7
DPTR FM NORMAL 0 LOWEST SLP 29.57 ON 30
[REMARKS]
#FINAL-04-23#