000
CXUS55 KOHX 051134
CF6CKV
PRELIMINARY LOCAL CLIMATOLOGICAL DATA (WS FORM: F-6)
STATION: CLARKSVILLE
MONTH: NOVEMBER
YEAR: 2022
LATITUDE: 36 37 N
LONGITUDE: 87 25 W
TEMPERATURE IN F: :PCPN: SNOW: WIND :SUNSHINE: SKY :PK WND
================================================================================
1 2 3 4 5 6A 6B 7 8 9 10 11 12 13 14 15 16 17 18
12Z AVG MX 2MIN
DY MAX MIN AVG DEP HDD CDD WTR SNW DPTH SPD SPD DIR MIN PSBL S-S WX SPD DR
================================================================================
1 74 50 62 9 3 0 0.00 M M 1.4 7 10 M M 3 12 11 70
2 71 50 61 8 4 0 0.00 M M 2.5 9 120 M M 6 18 14 120
3 78 44 61 9 4 0 0.00 M M 4.1 12 140 M M 2 128 16 140
4 81 54 68 16 0 3 0.00 M M 9.7 18 160 M M 2 28 150
5 71 59 65 13 0 0 0.30 M M 12.2 28 150 M M 7 3 45 150
6 78 45 62 11 3 0 0.00 M M 4.9 14 200 M M 6 12 17 190
7 75 64 70 19 0 5 0.03 M M 7.2 16 360 M M 9 1 20 360
8 75 55 65 14 0 0 0.01 M M 5.7 13 80 M M 7 16 50
9 81 50 66 16 0 1 0.00 M M 4.4 9 190 M M 0 17 220
10 77 48 63 13 2 0 0.00 M M 4.5 10 80 M M 0 14 90
11 74 45 60 10 5 0 0.10 M M 10.4 23 320 M M 6 18 29 320
12 45 32 39 -10 26 0 0.19 M M 11.5 23 330 M M 10 168 29 310
13 42 29 36 -13 29 0 0.00 M M 6.0 15 320 M M 7 21 320
14 49 25 37 -11 28 0 0.00 M M 5.4 13 90 M M 1 17 100
15 48 41 45 -3 20 0 0.06 M M 8.0 17 300 M M 10 18 23 320
16 48 30 39 -9 26 0 0.00 M M 9.7 20 320 M M 6 29 290
17 43 22 33 -15 32 0 0.00 M M 5.2 15 300 M M 0 21 300
18 43 25 34 -13 31 0 0.00 M M 6.2 15 320 M M 4 19 330
19 43 20 32 -15 33 0 0.00 M M 5.9 18 270 M M 0 29 220
20 42 19 31 -15 34 0 0.00 M M 3.2 10 20 M M 0 15 20
21 52 18 35 -11 30 0 0.00 M M 3.0 12 210 M M 0 16 230
22 61 22 42 -4 23 0 0.00 M M 2.0 10 180 M M 0 15 190
23 64 28 46 0 19 0 0.00 M M 1.7 8 140 M M 0 11 140
24 65 36 51 6 14 0 0.02 M M 2.3 12 340 M M 6 13 320
25 59 31 45 0 20 0 0.00 M M 5.2 15 350 M M 6 128 20 350
26 61 31 46 1 19 0 0.18 M M 5.7 17 140 M M 7 128 26 150
27 64 47 56 12 9 0 0.16 M M 12.6 28 250 M M 9 18 44 250
28 55 43 49 5 16 0 0.00 M M 3.8 10 200 M M 8 1 13 200
29 66 42 54 10 11 0 0.63 M M 8.1 17 160 M M 4 13 25 160
30 65 26 46 2 19 0 0.01 M M 10.9 31 330 M M 2 44 330
================================================================================
SM 1850 1131 460 9 1.69 M 183.4 M 128
================================================================================
AV 61.7 37.7 6.1 FASTST M M 4 MAX(MPH)
MISC ----> 31 330 45 150
================================================================================
NOTES:
# LAST OF SEVERAL OCCURRENCES
COLUMN 17 PEAK WIND IN M.P.H.
PRELIMINARY LOCAL CLIMATOLOGICAL DATA (WS FORM: F-6) , PAGE 2
STATION: CLARKSVILLE
MONTH: NOVEMBER
YEAR: 2022
LATITUDE: 36 37 N
LONGITUDE: 87 25 W
[TEMPERATURE DATA] [PRECIPITATION DATA] SYMBOLS USED IN COLUMN 16
AVERAGE MONTHLY: 49.7 TOTAL FOR MONTH: 1.69 1 = FOG OR MIST
DPTR FM NORMAL: 1.6 DPTR FM NORMAL: -2.35 2 = FOG REDUCING VISIBILITY
HIGHEST: 81 ON 9, 4 GRTST 24HR 0.64 ON 29-30 TO 1/4 MILE OR LESS
LOWEST: 18 ON 21 3 = THUNDER
SNOW, ICE PELLETS, HAIL 4 = ICE PELLETS
TOTAL MONTH: M 5 = HAIL
GRTST 24HR M ON M 6 = FREEZING RAIN OR DRIZZLE
GRTST DEPTH: M ON M 7 = DUSTSTORM OR SANDSTORM:
VSBY 1/2 MILE OR LESS
8 = SMOKE OR HAZE
[NO. OF DAYS WITH] [WEATHER - DAYS WITH] 9 = BLOWING SNOW
X = TORNADO
MAX 32 OR BELOW: 0 0.01 INCH OR MORE: 11
MAX 90 OR ABOVE: 0 0.10 INCH OR MORE: 6
MIN 32 OR BELOW: 14 0.50 INCH OR MORE: 1
MIN 0 OR BELOW: 0 1.00 INCH OR MORE: 0
[HDD (BASE 65) ]
TOTAL THIS MO. 460 CLEAR (SCALE 0-3) 13
DPTR FM NORMAL -50 PTCLDY (SCALE 4-7) 13
TOTAL FM JUL 1 678 CLOUDY (SCALE 8-10) 4
DPTR FM NORMAL -77
[CDD (BASE 65) ]
TOTAL THIS MO. 9
DPTR FM NORMAL 6 [PRESSURE DATA]
TOTAL FM JAN 1 1884 HIGHEST SLP 30.54 ON 20
DPTR FM NORMAL 375 LOWEST SLP 29.49 ON 27
[REMARKS]
#FINAL-11-22#