000
CXUS56 KLOX 011155
CF6CMA
PRELIMINARY LOCAL CLIMATOLOGICAL DATA (WS FORM: F-6)
STATION: CAMARILLO AIRPORT CA
MONTH: OCTOBER
YEAR: 2023
LATITUDE: 34 12 N
LONGITUDE: 119 6 W
TEMPERATURE IN F: :PCPN: SNOW: WIND :SUNSHINE: SKY :PK WND
================================================================================
1 2 3 4 5 6A 6B 7 8 9 10 11 12 13 14 15 16 17 18
12Z AVG MX 2MIN
DY MAX MIN AVG DEP HDD CDD WTR SNW DPTH SPD SPD DIR MIN PSBL S-S WX SPD DR
================================================================================
1 72 55 64 -3 1 0 0.00 M M 7.1 14 220 M M 1 21 230
2 72 50 61 -6 4 0 0.00 M M 3.7 14 210 M M 0 21 190
3 79 52 66 -1 0 1 0.00 M M 3.4 14 220 M M 0 21 230
4 96 54 75 8 0 10 0.00 M M 5.3 24 50 M M 0 51 70
5 98 58 78 11 0 13 0.00 M M 4.4 21 70 M M 0 26 70
6 97 55 76 10 0 11 0.00 M M 4.1 16 220 M M 0 21 220
7 84 56 70 4 0 5 0.00 M M 4.1 14 220 M M 0 19 230
8 77 62 70 4 0 5 0.00 M M 3.8 12 280 M M 6 128 15 260
9 75 60 68 2 0 3 0.00 M M 4.0 15 260 M M 4 18 20 240
10 74 58 66 0 0 1 0.00 M M 5.7 17 230 M M 3 31 240
11 77 54 66 0 0 1 0.00 M M 4.5 16 260 M M 0 20 280
12 87 49 68 2 0 3 0.00 M M 4.2 17 50 M M 0 24 60
13 77 50 64 -1 1 0 0.00 M M 5.1 16 240 M M 0 8 22 240
14 77 52 65 0 0 0 0.00 M M 2.8 12 260 M M 0 15 260
15 81 52 67 2 0 2 0.00 M M 2.5 10 240 M M 0 15 230
16 80 53 67 2 0 2 0.00 M M 3.6 10 260 M M 0 14 240
17 75 51 63 -2 2 0 0.00 M M 3.7 12 210 M M 0 128 19 210
18 76 55 66 1 0 1 0.00 M M 3.0 10 230 M M 7 128 15 240
19 76 55 66 1 0 1 0.00 M M 3.3 9 280 M M 6 128 13 260
20 77 58 68 3 0 3 0.00 M M 3.6 10 230 M M 4 128 13 260
21 76 54 65 1 0 0 0.00 M M 5.3 15 260 M M 0 8 19 270
22 75 50 63 -1 2 0 0.00 M M 5.3 16 260 M M 2 24 280
23 75 56 66 2 0 1 0.00 M M 4.1 14 200 M M 3 19 230
24 75 52 64 0 1 0 0.00 M M 4.2 14 230 M M 2 21 240
25 73 59 66 2 0 1 0.00 M M 4.5 15 200 M M 9 8 22 210
26 74 53 64 0 1 0 0.00 M M 4.8 14 260 M M 2 19 250
27 73 50 62 -2 3 0 0.00 M M 3.9 14 270 M M 0 19 270
28 73 47 60 -4 5 0 0.00 M M 4.1 14 240 M M 0 18 230
29 80 50 65 1 0 0 0.00 M M 19.7 36 50 M M 0 8 70 70
30 83 51 67 3 0 2 0.00 M M 14.2 24 50 M M 0 49 60
31 88 51 70 7 0 5 0.00 M M 13.2 22 80 M M 0 48 70
================================================================================
SM 2452 1662 20 71 0.00 M 165.2 M 49
================================================================================
AV 79.1 53.6 5.3 FASTST M M 2 MAX(MPH)
MISC ----> 36 50 70 70
================================================================================
NOTES:
# LAST OF SEVERAL OCCURRENCES
COLUMN 17 PEAK WIND IN M.P.H.
PRELIMINARY LOCAL CLIMATOLOGICAL DATA (WS FORM: F-6) , PAGE 2
STATION: CAMARILLO AIRPORT CA
MONTH: OCTOBER
YEAR: 2023
LATITUDE: 34 12 N
LONGITUDE: 119 6 W
[TEMPERATURE DATA] [PRECIPITATION DATA] SYMBOLS USED IN COLUMN 16
AVERAGE MONTHLY: 66.4 TOTAL FOR MONTH: 0.00 1 = FOG OR MIST
DPTR FM NORMAL: 1.2 DPTR FM NORMAL: -0.50 2 = FOG REDUCING VISIBILITY
HIGHEST: 98 ON 5 GRTST 24HR T ON 30- 1 TO 1/4 MILE OR LESS
LOWEST: 47 ON 28 3 = THUNDER
SNOW, ICE PELLETS, HAIL 4 = ICE PELLETS
TOTAL MONTH: M 5 = HAIL
GRTST 24HR M ON M 6 = FREEZING RAIN OR DRIZZLE
GRTST DEPTH: M ON M 7 = DUSTSTORM OR SANDSTORM:
VSBY 1/2 MILE OR LESS
8 = SMOKE OR HAZE
[NO. OF DAYS WITH] [WEATHER - DAYS WITH] 9 = BLOWING SNOW
X = TORNADO
MAX 32 OR BELOW: 0 0.01 INCH OR MORE: 0
MAX 90 OR ABOVE: 3 0.10 INCH OR MORE: 0
MIN 32 OR BELOW: 0 0.50 INCH OR MORE: 0
MIN 0 OR BELOW: 0 1.00 INCH OR MORE: 0
[HDD (BASE 65) ]
TOTAL THIS MO. 20 CLEAR (SCALE 0-3) 25
DPTR FM NORMAL -41 PTCLDY (SCALE 4-7) 5
TOTAL FM JUL 1 22 CLOUDY (SCALE 8-10) 1
DPTR FM NORMAL -50
[CDD (BASE 65) ]
TOTAL THIS MO. 71
DPTR FM NORMAL 5 [PRESSURE DATA]
TOTAL FM JAN 1 569 HIGHEST SLP 30.17 ON 30
DPTR FM NORMAL -43 LOWEST SLP 29.65 ON 11
[REMARKS]
#FINAL-10-23#