000
CXUS53 KTOP 010910
CF6CNK
PRELIMINARY LOCAL CLIMATOLOGICAL DATA (WS FORM: F-6)
STATION: CONCORDIA KS
MONTH: DECEMBER
YEAR: 2022
LATITUDE: 39 32 N
LONGITUDE: 97 39 W
TEMPERATURE IN F: :PCPN: SNOW: WIND :SUNSHINE: SKY :PK WND
================================================================================
1 2 3 4 5 6A 6B 7 8 9 10 11 12 13 14 15 16 17 18
12Z AVG MX 2MIN
DY MAX MIN AVG DEP HDD CDD WTR SNW DPTH SPD SPD DIR MIN PSBL S-S WX SPD DR
================================================================================
1 53 28 41 5 24 0 0.00 M M 21.5 36 200 M M 0 48 210
2 75 23 49 14 16 0 0.00 M M 21.6 38 340 M M 0 57 340
3 36 11 24 -11 41 0 0.00 M M 9.0 17 190 M M 0 24 190
4 49 23 36 2 29 0 0.00 M M 7.9 21 190 M M 0 27 190
5 50 26 38 4 27 0 0.00 M M 8.6 20 20 M M 0 28 20
6 45 24 35 1 30 0 0.00 M M 4.4 12 320 M M 1 15 300
7 50 20 35 1 30 0 0.00 M M 4.2 12 40 M M 1 18 16 40
8 38 29 34 1 31 0 0.03 M M 7.2 20 280 M M 9 128 25 280
9 42 29 36 3 29 0 0.00 M M 8.5 16 310 M M 6 12 23 270
10 51 28 40 7 25 0 0.00 M M 5.4 14 340 M M 5 12 17 350
11 50 20 35 3 30 0 0.00 M M 9.2 25 150 M M 2 1 31 150
12 51 38 45 13 20 0 0.21 M M 15.4 25 140 M M 10 13 33 130
13 54 29 42 10 23 0 0.30 M M 21.9 33 190 M M 5 13 47 220
14 35 28 32 0 33 0 0.00 M M 16.5 24 300 M M 7 33 290
15 36 25 31 0 34 0 0.00 M M 19.6 30 300 M M 4 42 310
16 33 21 27 -4 38 0 0.00 0.0 0 16.7 30 310 M M 5 43 320
17 39 16 28 -3 37 0 0.00 0.0 0 10.5 22 310 M M 1 31 320
18 43 13 28 -3 37 0 0.00 0.0 0 7.8 18 140 M M 0 24 150
19 40 15 28 -2 37 0 0.10 T 0 11.3 24 170 M M 9 1 32 170
20 19 7 13 -17 52 0 T 0.0 0 9.3 17 350 M M 6 18 24 360
21 29 2 16 -14 49 0 0.01 M M 11.2 35 340 M M 10 16 50 330
22 2 -9 -3 -33 68 0 0.02 T 0 22.6 36 350 M M 5 89 48 350
23 13 -4 5 -25 60 0 0.00 0.0 0 15.6 26 310 M M 0 38 310
24 21 3 12 -18 53 0 0.00 0.0 0 6.7 16 320 M M 5 23 310
25 35 4 20 -10 45 0 T 0.0 0 8.8 24 220 M M 3 31 230
26 37 12 25 -4 40 0 0.00 0.0 0 14.7 35 340 M M 1 47 330
27 43 19 31 2 34 0 0.00 0.0 0 16.3 24 180 M M 0 34 180
28 53 38 46 17 19 0 0.00 0.0 0 9.9 24 170 M M 2 33 160
29 49 28 39 10 26 0 T M M 8.1 22 300 M M 4 32 300
30 50 26 38 9 27 0 0.00 M M 6.5 13 160 M M 0 15 240
31 53 28 41 12 24 0 0.00 M M 6.2 15 240 M M 1 20 170
================================================================================
SM 1274 600 1068 0 0.67 T 363.1 M 102
================================================================================
AV 41.1 19.4 11.7 FASTST M M 3 MAX(MPH)
MISC ----> 38 340 57 340
================================================================================
NOTES:
# LAST OF SEVERAL OCCURRENCES
COLUMN 17 PEAK WIND IN M.P.H.
PRELIMINARY LOCAL CLIMATOLOGICAL DATA (WS FORM: F-6) , PAGE 2
STATION: CONCORDIA KS
MONTH: DECEMBER
YEAR: 2022
LATITUDE: 39 32 N
LONGITUDE: 97 39 W
[TEMPERATURE DATA] [PRECIPITATION DATA] SYMBOLS USED IN COLUMN 16
AVERAGE MONTHLY: 30.2 TOTAL FOR MONTH: 0.67 1 = FOG OR MIST
DPTR FM NORMAL: -1.3 DPTR FM NORMAL: -0.37 2 = FOG REDUCING VISIBILITY
HIGHEST: 75 ON 2 GRTST 24HR 0.51 ON 12-13 TO 1/4 MILE OR LESS
LOWEST: -9 ON 22 3 = THUNDER
SNOW, ICE PELLETS, HAIL 4 = ICE PELLETS
TOTAL MONTH: T 5 = HAIL
GRTST 24HR T ON 19-19 6 = FREEZING RAIN OR DRIZZLE
GRTST DEPTH: 0 7 = DUSTSTORM OR SANDSTORM:
VSBY 1/2 MILE OR LESS
8 = SMOKE OR HAZE
[NO. OF DAYS WITH] [WEATHER - DAYS WITH] 9 = BLOWING SNOW
X = TORNADO
MAX 32 OR BELOW: 5 0.01 INCH OR MORE: 6
MAX 90 OR ABOVE: 0 0.10 INCH OR MORE: 3
MIN 32 OR BELOW: 29 0.50 INCH OR MORE: 0
MIN 0 OR BELOW: 2 1.00 INCH OR MORE: 0
[HDD (BASE 65) ]
TOTAL THIS MO. 1068 CLEAR (SCALE 0-3) 17
DPTR FM NORMAL 30 PTCLDY (SCALE 4-7) 10
TOTAL FM JUL 1 2015 CLOUDY (SCALE 8-10) 4
DPTR FM NORMAL -94
[CDD (BASE 65) ]
TOTAL THIS MO. 0
DPTR FM NORMAL 0 [PRESSURE DATA]
TOTAL FM JAN 1 1864 HIGHEST SLP 30.70 ON 20
DPTR FM NORMAL 491 LOWEST SLP 29.39 ON 28
[REMARKS]
#FINAL-12-22#