000
CXUS56 KSGX 011045
CF6CNO
PRELIMINARY LOCAL CLIMATOLOGICAL DATA (WS FORM: F-6)
STATION: CHINO AIRPORT CA
MONTH: APRIL
YEAR: 2022
LATITUDE: 33 58 N
LONGITUDE: 117 38 W
TEMPERATURE IN F: :PCPN: SNOW: WIND :SUNSHINE: SKY :PK WND
================================================================================
1 2 3 4 5 6A 6B 7 8 9 10 11 12 13 14 15 16 17 18
12Z AVG MX 2MIN
DY MAX MIN AVG DEP HDD CDD WTR SNW DPTH SPD SPD DIR MIN PSBL S-S WX SPD DR
================================================================================
1 76 54 65 4 0 0 0.00 M M 6.5 17 230 M M 5 8 22 220
2 71 48 60 -1 5 0 0.00 M M 5.5 15 230 M M 7 18 18 260
3 69 55 62 1 3 0 0.00 M M 7.2 14 230 M M 9 8 17 250
4 79 51 65 4 0 0 0.00 M M 4.1 15 260 M M 4 18 19 240
5 83 48 66 5 0 1 0.00 M M 4.0 14 260 M M 0 18 19 270
6 100 52 76 15 0 11 0.00 M M 4.3 17 120 M M 0 18 21 120
7 99 56 78 16 0 13 0.00 M M 9.5 20 70 M M 0 78 35 80
8 103 61 82 20 0 17 0.00 M M 7.9 18 280 M M 1 23 90
9 92 54 73 11 0 8 0.00 M M 5.6 20 250 M M 1 8 24 260
10 74 58 66 4 0 1 0.00 M M 9.0 20 240 M M 7 8 23 240
11 72 51 62 0 3 0 0.03 M M 10.3 20 230 M M 9 18 24 220
12 74 48 61 -1 4 0 0.00 M M 8.4 25 230 M M 3 31 240
13 75 37 56 -6 9 0 0.00 M M 5.2 18 240 M M 0 8 21 240
14 77 43 60 -2 5 0 0.00 M M 5.8 18 230 M M 0 8 25 220
15 78 45 62 -1 3 0 0.00 M M 6.1 18 250 M M 1 8 23 240
16 74 49 62 -1 3 0 0.00 M M 7.2 18 220 M M 6 18 24 230
17 84 54 69 6 0 4 0.00 M M 5.7 15 260 M M 4 20 260
18 85 50 68 5 0 3 0.00 M M 5.6 18 250 M M 2 8 22 250
19 79 55 67 4 0 2 0.00 M M 8.5 21 230 M M 1 8 27 220
20 75 52 64 0 1 0 0.00 M M 7.5 22 250 M M 5 26 250
21 75 48 62 -2 3 0 0.03 M M 7.9 22 240 M M 2 27 240
22 71 50 61 -3 4 0 0.20 M M 10.9 26 270 M M 6 1 35 270
23 83 47 65 1 0 0 0.00 M M 5.3 17 270 M M 1 18 20 270
24 89 45 67 3 0 2 0.00 M M 5.9 20 70 M M 0 31 60
25 92 47 70 6 0 5 0.00 M M 5.8 18 250 M M 2 8 24 230
26 89 52 71 6 0 6 0.00 M M 6.7 20 270 M M 4 8 27 260
27 80 51 66 1 0 1 0.00 M M 7.7 20 250 M M 2 18 23 260
28 70 53 62 -3 3 0 0.00 M M 7.6 17 240 M M 8 8 22 240
29 83 50 67 2 0 2 0.00 M M 4.7 16 260 M M 2 18 22 240
30 88 49 69 4 0 4 0.00 M M 6.2 20 240 M M 1 18 24 220
================================================================================
SM 2439 1513 46 80 0.26 M 202.6 M 93
================================================================================
AV 81.3 50.4 6.8 FASTST M M 3 MAX(MPH)
MISC ----> 26 270 35 270
================================================================================
NOTES:
# LAST OF SEVERAL OCCURRENCES
COLUMN 17 PEAK WIND IN M.P.H.
PRELIMINARY LOCAL CLIMATOLOGICAL DATA (WS FORM: F-6) , PAGE 2
STATION: CHINO AIRPORT CA
MONTH: APRIL
YEAR: 2022
LATITUDE: 33 58 N
LONGITUDE: 117 38 W
[TEMPERATURE DATA] [PRECIPITATION DATA] SYMBOLS USED IN COLUMN 16
AVERAGE MONTHLY: 65.9 TOTAL FOR MONTH: 0.26 1 = FOG OR MIST
DPTR FM NORMAL: 3.1 DPTR FM NORMAL: -0.29 2 = FOG REDUCING VISIBILITY
HIGHEST: 103 ON 8 GRTST 24HR 0.23 ON 21-22 TO 1/4 MILE OR LESS
LOWEST: 37 ON 13 3 = THUNDER
SNOW, ICE PELLETS, HAIL 4 = ICE PELLETS
TOTAL MONTH: M 5 = HAIL
GRTST 24HR M ON M 6 = FREEZING RAIN OR DRIZZLE
GRTST DEPTH: M ON M 7 = DUSTSTORM OR SANDSTORM:
VSBY 1/2 MILE OR LESS
8 = SMOKE OR HAZE
[NO. OF DAYS WITH] [WEATHER - DAYS WITH] 9 = BLOWING SNOW
X = TORNADO
MAX 32 OR BELOW: 0 0.01 INCH OR MORE: 3
MAX 90 OR ABOVE: 5 0.10 INCH OR MORE: 1
MIN 32 OR BELOW: 0 0.50 INCH OR MORE: 0
MIN 0 OR BELOW: 0 1.00 INCH OR MORE: 0
[HDD (BASE 65) ]
TOTAL THIS MO. 46 CLEAR (SCALE 0-3) 18
DPTR FM NORMAL -61 PTCLDY (SCALE 4-7) 9
TOTAL FM JUL 1 1114 CLOUDY (SCALE 8-10) 3
DPTR FM NORMAL -241
[CDD (BASE 65) ]
TOTAL THIS MO. 80
DPTR FM NORMAL 37 [PRESSURE DATA]
TOTAL FM JAN 1 116 HIGHEST SLP 30.17 ON 17
DPTR FM NORMAL 50 LOWEST SLP 29.73 ON 9
[REMARKS]
#FINAL-04-22#