000
CXUS55 KGJT 011010
CF6CNY
PRELIMINARY LOCAL CLIMATOLOGICAL DATA (WS FORM: F-6)
STATION: CANYONLANDS AIRPORT UT
MONTH: DECEMBER
YEAR: 2021
LATITUDE: 38 46 N
LONGITUDE: 109 45 W
TEMPERATURE IN F: :PCPN: SNOW: WIND :SUNSHINE: SKY :PK WND
================================================================================
1 2 3 4 5 6A 6B 7 8 9 10 11 12 13 14 15 16 17 18
12Z AVG MX 2MIN
DY MAX MIN AVG DEP HDD CDD WTR SNW DPTH SPD SPD DIR MIN PSBL S-S WX SPD DR
================================================================================
1 56 22 39 7 26 0 0.00 M M 2.1 10 320 M M 0 11 320
2 58 23 41 9 24 0 0.00 M M 2.6 10 320 M M 0 12 320
3 54 25 40 9 25 0 0.00 M M 1.6 8 340 M M 0 8 330
4 55 21 38 7 27 0 0.00 M M 2.7 8 320 M M 0 12 320
5 56 20 38 8 27 0 0.00 M M 3.0 16 320 M M 0 18 320
6 50 18 34 4 31 0 T M M 2.3 14 210 M M 3 23 220
7 49 32 41 11 24 0 0.01 M M 3.9 12 130 M M 8 14 170
8 44 24 34 5 31 0 T M M 2.2 15 120 M M 7 1 17 130
9 46 32 39 10 26 0 0.11 M M 10.1 25 190 M M 8 36 200
10 39 19 29 0 36 0 0.00 M M 14.9 29 310 M M 2 37 310
11 34 10 22 -6 43 0 0.00 M M 1.7 9 30 M M 0 11 20
12 38 14 26 -2 39 0 0.00 M M 2.1 8 320 M M 0 13 280
13 40 14 27 -1 38 0 0.00 M M 2.8 12 330 M M 0 14 330
14 57 27 42 15 23 0 0.00 M M 11.1 39 180 M M 2 54 180
15 53 24 39 12 26 0 0.07 M M 15.8 55 240 M M 5 1 70 240
16 39 19 29 2 36 0 0.00 M M 4.3 14 310 M M 2 18 320
17 40 16 28 1 37 0 0.00 M M 5.1 17 270 M M 0 22 290
18 36 13 25 -1 40 0 0.00 M M 3.4 12 310 M M 0 13 320
19 38 13 26 0 39 0 0.00 M M 1.9 13 320 M M 0 15 320
20 38 12 25 -1 40 0 0.00 M M 2.5 12 320 M M 0 13 320
21 39 15 27 1 38 0 0.00 M M 2.5 9 310 M M 0 10 310
22 37 14 26 0 39 0 0.00 M M 2.9 9 330 M M 0 1 12 330
23 37 22 30 4 35 0 0.02 M M 1.7 9 310 M M 8 11 310
24 48 33 41 15 24 0 0.27 M M 8.7 29 250 M M 6 1 38 250
25 50 33 42 16 23 0 0.00 M M 8.8 24 210 M M 1 30 200
26 45 32 39 13 26 0 T M M 17.6 47 260 M M 5 8 65 260
27 43 26 35 9 30 0 0.00 M M 13.7 28 210 M M 3 38 200
28 36 27 32 6 33 0 0.03 M M 4.6 18 220 M M 9 1 24 220
29 37 24 31 5 34 0 0.00 M M 5.5 12 260 M M 9 12 14 180
30 46 27 37 11 28 0 0.00 M M 12.2 29 200 M M 7 39 180
31 41 27 34 8 31 0 0.37 M M 9.0 32 200 M M 10 12 39 190
================================================================================
SM 1379 678 979 0 0.88 M 183.3 M 95
================================================================================
AV 44.5 21.9 5.9 FASTST M M 3 MAX(MPH)
MISC ----> 55 240 70 240
================================================================================
NOTES:
# LAST OF SEVERAL OCCURRENCES
COLUMN 17 PEAK WIND IN M.P.H.
PRELIMINARY LOCAL CLIMATOLOGICAL DATA (WS FORM: F-6) , PAGE 2
STATION: CANYONLANDS AIRPORT UT
MONTH: DECEMBER
YEAR: 2021
LATITUDE: 38 46 N
LONGITUDE: 109 45 W
[TEMPERATURE DATA] [PRECIPITATION DATA] SYMBOLS USED IN COLUMN 16
AVERAGE MONTHLY: 33.2 TOTAL FOR MONTH: 0.88 1 = FOG OR MIST
DPTR FM NORMAL: 5.6 DPTR FM NORMAL: 0.35 2 = FOG REDUCING VISIBILITY
HIGHEST: 58 ON 2 GRTST 24HR 0.37 ON 31-31 TO 1/4 MILE OR LESS
LOWEST: 10 ON 11 3 = THUNDER
SNOW, ICE PELLETS, HAIL 4 = ICE PELLETS
TOTAL MONTH: M 5 = HAIL
GRTST 24HR M ON M 6 = FREEZING RAIN OR DRIZZLE
GRTST DEPTH: M ON M 7 = DUSTSTORM OR SANDSTORM:
VSBY 1/2 MILE OR LESS
8 = SMOKE OR HAZE
[NO. OF DAYS WITH] [WEATHER - DAYS WITH] 9 = BLOWING SNOW
X = TORNADO
MAX 32 OR BELOW: 0 0.01 INCH OR MORE: 7
MAX 90 OR ABOVE: 0 0.10 INCH OR MORE: 3
MIN 32 OR BELOW: 29 0.50 INCH OR MORE: 0
MIN 0 OR BELOW: 0 1.00 INCH OR MORE: 0
[HDD (BASE 65) ]
TOTAL THIS MO. 979 CLEAR (SCALE 0-3) 18
DPTR FM NORMAL -178 PTCLDY (SCALE 4-7) 8
TOTAL FM JUL 1 2045 CLOUDY (SCALE 8-10) 5
DPTR FM NORMAL -264
[CDD (BASE 65) ]
TOTAL THIS MO. 0
DPTR FM NORMAL 0 [PRESSURE DATA]
TOTAL FM JAN 1 1689 HIGHEST SLP 30.52 ON 18
DPTR FM NORMAL 275 LOWEST SLP 29.31 ON 15
[REMARKS]
#FINAL-12-21#