000
CXUS55 KGJT 010910
CF6CNY
PRELIMINARY LOCAL CLIMATOLOGICAL DATA (WS FORM: F-6)
STATION: CANYONLANDS AIRPORT UT
MONTH: JUNE
YEAR: 2021
LATITUDE: 38 46 N
LONGITUDE: 109 45 W
TEMPERATURE IN F: :PCPN: SNOW: WIND :SUNSHINE: SKY :PK WND
================================================================================
1 2 3 4 5 6A 6B 7 8 9 10 11 12 13 14 15 16 17 18
12Z AVG MX 2MIN
DY MAX MIN AVG DEP HDD CDD WTR SNW DPTH SPD SPD DIR MIN PSBL S-S WX SPD DR
================================================================================
1 87 57 72 3 0 7 0.00 M M 5.8 16 110 M M 0 24 290
2 93 55 74 5 0 9 0.00 M M 4.6 15 300 M M 0 19 300
3 96 63 80 10 0 15 0.00 M M 4.7 12 280 M M 0 8 18 10
4 98 65 82 12 0 17 0.00 M M 6.1 15 310 M M 0 23 290
5 99 66 83 13 0 18 T M M 9.0 33 260 M M 0 41 260
6 99 66 83 12 0 18 0.00 M M 9.2 26 230 M M 0 39 220
7 95 67 81 10 0 16 0.00 M M 10.3 26 210 M M 0 35 210
8 90 61 76 4 0 11 0.00 M M 11.0 29 220 M M 0 38 220
9 93 53 73 1 0 8 0.00 M M 6.3 22 210 M M 0 28 200
10 92 60 76 4 0 11 0.00 M M 16.1 37 230 M M 0 8 51 240
11 88 48 68 -5 0 3 0.00 M M 5.8 18 270 M M 0 8 26 270
12 98 52 75 2 0 10 0.00 M M 4.6 22 250 M M 0 8 29 300
13 103 51 77 4 0 12 0.00 M M 6.9 24 240 M M 0 8 33 200
14 103 58 81 7 0 16 0.00 M M 3.7 15 210 M M 0 20 120
15 104 59 82 8 0 17 0.00 M M 6.8 13 350 M M 0 20 280
16 107 62 85 11 0 20 0.00 M M 5.1 16 300 M M 0 22 340
17 107 74 91 16 0 26 0.00 M M 6.7 18 120 M M 0 26 190
18 101 76 89 14 0 24 0.00 M M 8.5 33 70 M M 0 44 60
19 102 71 87 12 0 22 0.00 M M 9.8 31 60 M M 0 3 40 210
20 103 63 83 7 0 18 0.00 M M 8.3 32 300 M M 0 41 290
21 100 66 83 7 0 18 0.00 M M 6.8 20 90 M M 0 35 60
22 100 65 83 7 0 18 0.00 M M 8.1 22 230 M M 0 29 220
23 89 72 81 4 0 16 T M M 11.1 30 250 M M 2 37 250
24 84 64 74 -3 0 9 0.01 M M 7.9 32 250 M M 3 42 250
25 87 59 73 -4 0 8 0.00 M M 8.0 36 10 M M 1 46 20
26 86 59 73 -5 0 8 0.00 M M 11.3 35 60 M M 1 42 50
27 90 60 75 -3 0 10 0.00 M M 15.7 33 50 M M 0 41 50
28 90 63 77 -1 0 12 0.00 M M 11.9 24 40 M M 0 8 34 70
29 86 63 75 -3 0 10 0.10 M M 10.1 25 130 M M 2 3 33 160
30 88 63 76 -3 0 11 0.01 M M 6.1 24 320 M M 5 3 31 320
================================================================================
SM 2858 1861 0 418 0.12 M 246.3 M 14
================================================================================
AV 95.3 62.0 8.2 FASTST M M 0 MAX(MPH)
MISC ----> 37 230 51 240
================================================================================
NOTES:
# LAST OF SEVERAL OCCURRENCES
COLUMN 17 PEAK WIND IN M.P.H.
PRELIMINARY LOCAL CLIMATOLOGICAL DATA (WS FORM: F-6) , PAGE 2
STATION: CANYONLANDS AIRPORT UT
MONTH: JUNE
YEAR: 2021
LATITUDE: 38 46 N
LONGITUDE: 109 45 W
[TEMPERATURE DATA] [PRECIPITATION DATA] SYMBOLS USED IN COLUMN 16
AVERAGE MONTHLY: 78.7 TOTAL FOR MONTH: 0.12 1 = FOG OR MIST
DPTR FM NORMAL: 4.6 DPTR FM NORMAL: -0.21 2 = FOG REDUCING VISIBILITY
HIGHEST: 107 ON 17,16 GRTST 24HR 0.11 ON 29-30 TO 1/4 MILE OR LESS
LOWEST: 48 ON 11 3 = THUNDER
SNOW, ICE PELLETS, HAIL 4 = ICE PELLETS
TOTAL MONTH: M 5 = HAIL
GRTST 24HR M ON M 6 = FREEZING RAIN OR DRIZZLE
GRTST DEPTH: M ON M 7 = DUSTSTORM OR SANDSTORM:
VSBY 1/2 MILE OR LESS
8 = SMOKE OR HAZE
[NO. OF DAYS WITH] [WEATHER - DAYS WITH] 9 = BLOWING SNOW
X = TORNADO
MAX 32 OR BELOW: 0 0.01 INCH OR MORE: 3
MAX 90 OR ABOVE: 22 0.10 INCH OR MORE: 1
MIN 32 OR BELOW: 0 0.50 INCH OR MORE: 0
MIN 0 OR BELOW: 0 1.00 INCH OR MORE: 0
[HDD (BASE 65) ]
TOTAL THIS MO. 0 CLEAR (SCALE 0-3) 29
DPTR FM NORMAL -15 PTCLDY (SCALE 4-7) 1
TOTAL FM JUL 1 5507 CLOUDY (SCALE 8-10) 0
DPTR FM NORMAL 135
[CDD (BASE 65) ]
TOTAL THIS MO. 418
DPTR FM NORMAL 131 [PRESSURE DATA]
TOTAL FM JAN 1 504 HIGHEST SLP M ON M
DPTR FM NORMAL 144 LOWEST SLP 29.47 ON 6
[REMARKS]
#FINAL-06-21#