000
CXUS51 KGYX 030221
CF6CON
PRELIMINARY LOCAL CLIMATOLOGICAL DATA (WS FORM: F-6)
STATION: CONCORD NH
MONTH: APRIL
YEAR: 2022
LATITUDE: 43 12 N
LONGITUDE: 71 30 W
TEMPERATURE IN F: :PCPN: SNOW: WIND :SUNSHINE: SKY :PK WND
================================================================================
1 2 3 4 5 6A 6B 7 8 9 10 11 12 13 14 15 16 17 18
12Z AVG MX 2MIN
DY MAX MIN AVG DEP HDD CDD WTR SNW DPTH SPD SPD DIR MIN PSBL S-S WX SPD DR
================================================================================
1 54 35 45 6 20 0 0.21 0.0 0 10.0 28 280 M M 8 12 38 270
2 50 28 39 -1 26 0 0.00 0.0 0 14.2 29 290 M M 3 40 330
3 52 26 39 -1 26 0 T 0.0 0 3.4 12 90 M M 4 15 70
4 56 34 45 5 20 0 0.01 0.0 0 11.1 22 310 M M 3 29 300
5 61 26 44 3 21 0 0.00 0.0 0 3.7 14 300 M M 2 8 20 320
6 54 32 43 2 22 0 0.00 0.0 0 3.8 14 80 M M 6 21 100
7 51 37 44 2 21 0 0.03 0.0 0 7.9 21 120 M M 7 1 30 90
8 58 32 45 3 20 0 1.03 0.0 0 5.8 15 270 M M 8 1 26 80
9 53 32 43 0 22 0 0.37 0.0 0 3.4 14 300 M M 7 123 20 170
10 54 28 41 -2 24 0 T 0.0 0 8.5 23 320 M M 4 1 30 340
11 64 36 50 6 15 0 T 0.0 0 9.0 17 300 M M 0 26 320
12 69 38 54 10 11 0 0.10 0.0 0 6.3 24 300 M M 5 1 34 300
13 61 35 48 4 17 0 T 0.0 0 4.0 14 50 M M 3 19 40
14 49 44 47 2 18 0 0.09 0.0 0 5.4 13 70 M M 9 1 16 60
15 66 34 50 5 15 0 T 0.0 0 8.4 25 210 M M 3 12 34 210
16 63 39 51 5 14 0 0.56 0.0 0 7.6 28 310 M M 6 1 37 210
17 49 30 40 -6 25 0 T 0.0 0 9.7 26 310 M M 5 34 320
18 59 25 42 -4 23 0 T 0.0 0 7.1 17 160 M M 1 23 180
19 58 37 48 1 17 0 0.70 0.0 0 14.2 24 210 M M 8 1 35 170
20 54 29 42 -5 23 0 0.00 0.0 0 11.4 26 300 M M 2 36 310
21 65 25 45 -3 20 0 T 0.0 0 7.8 23 180 M M 3 39 150
22 61 38 50 2 15 0 0.00 0.0 0 10.8 26 330 M M 2 36 290
23 60 33 47 -2 18 0 0.00 0.0 0 6.6 17 320 M M 2 22 320
24 55 39 47 -2 18 0 0.00 0.0 0 3.5 12 80 M M 6 14 60
25 63 36 50 0 15 0 0.00 0.0 0 5.8 15 170 M M 1 20 180
26 58 45 52 2 13 0 0.41 0.0 0 4.5 12 180 M M 10 1 17 100
27 56 39 48 -2 17 0 0.09 0.0 0 13.6 26 300 M M 10 1 36 310
28 51 36 44 -7 21 0 0.00 0.0 0 18.0 28 330 M M 4 40 360
29 53 35 44 -7 21 0 0.00 0.0 0 12.8 26 340 M M 2 40 340
30 59 28 44 -8 21 0 0.00 0.0 0 7.4 20 320 M M 2 27 300
================================================================================
SM 1716 1011 579 0 3.60 0.0 245.7 M 136
================================================================================
AV 57.2 33.7 8.2 FASTST M M 5 MAX(MPH)
MISC ----> 29 290 # 40 330
================================================================================
NOTES:
# LAST OF SEVERAL OCCURRENCES
COLUMN 17 PEAK WIND IN M.P.H.
PRELIMINARY LOCAL CLIMATOLOGICAL DATA (WS FORM: F-6) , PAGE 2
STATION: CONCORD NH
MONTH: APRIL
YEAR: 2022
LATITUDE: 43 12 N
LONGITUDE: 71 30 W
[TEMPERATURE DATA] [PRECIPITATION DATA] SYMBOLS USED IN COLUMN 16
AVERAGE MONTHLY: 45.5 TOTAL FOR MONTH: 3.60 1 = FOG OR MIST
DPTR FM NORMAL: 0.0 DPTR FM NORMAL: 0.17 2 = FOG REDUCING VISIBILITY
HIGHEST: 69 ON 12 GRTST 24HR 1.14 ON 31- 1 TO 1/4 MILE OR LESS
LOWEST: 25 ON 21,18 3 = THUNDER
SNOW, ICE PELLETS, HAIL 4 = ICE PELLETS
TOTAL MONTH: 0.0 INCH 5 = HAIL
GRTST 24HR 0.0 6 = FREEZING RAIN OR DRIZZLE
GRTST DEPTH: 0 7 = DUSTSTORM OR SANDSTORM:
VSBY 1/2 MILE OR LESS
8 = SMOKE OR HAZE
[NO. OF DAYS WITH] [WEATHER - DAYS WITH] 9 = BLOWING SNOW
X = TORNADO
MAX 32 OR BELOW: 0 0.01 INCH OR MORE: 11
MAX 90 OR ABOVE: 0 0.10 INCH OR MORE: 7
MIN 32 OR BELOW: 12 0.50 INCH OR MORE: 3
MIN 0 OR BELOW: 0 1.00 INCH OR MORE: 1
[HDD (BASE 65) ]
TOTAL THIS MO. 579 CLEAR (SCALE 0-3) 12
DPTR FM NORMAL -11 PTCLDY (SCALE 4-7) 15
TOTAL FM JUL 1 6182 CLOUDY (SCALE 8-10) 3
DPTR FM NORMAL -448
[CDD (BASE 65) ]
TOTAL THIS MO. 0
DPTR FM NORMAL -2 [PRESSURE DATA]
TOTAL FM JAN 1 0 HIGHEST SLP 30.57 ON 21
DPTR FM NORMAL -2 LOWEST SLP 29.40 ON 19
[REMARKS]
#FINAL-04-22#