000
CXUS55 KRIW 020043
CF6CPR
PRELIMINARY LOCAL CLIMATOLOGICAL DATA (WS FORM: F-6)
STATION: CASPER WY
MONTH: JANUARY
YEAR: 2024
LATITUDE: 42 55 N
LONGITUDE: 106 28 W
TEMPERATURE IN F: :PCPN: SNOW: WIND :SUNSHINE: SKY :PK WND
================================================================================
1 2 3 4 5 6A 6B 7 8 9 10 11 12 13 14 15 16 17 18
12Z AVG MX 2MIN
DY MAX MIN AVG DEP HDD CDD WTR SNW DPTH SPD SPD DIR MIN PSBL S-S WX SPD DR
================================================================================
1 46 17 32 8 33 0 0.00 0.0 0 11.0 25 220 M M 0 30 220
2 41 14 28 4 37 0 0.00 0.0 0 12.2 28 200 M M 0 35 210
3 42 17 30 6 35 0 0.00 0.0 0 11.0 26 210 M M 0 32 210
4 36 16 26 2 39 0 0.00 0.0 0 6.4 15 220 M M 6 18 220
5 37 21 29 4 36 0 0.04 0.8 0 10.3 23 300 M M 9 1 31 280
6 31 9 20 -5 45 0 0.00 0.0 1 15.5 29 220 M M 0 38 220
7 29 16 23 -2 42 0 0.06 0.5 T 12.2 24 210 M M 8 1 32 200
8 20 5 13 -12 52 0 0.01 0.4 1 9.5 17 220 M M 4 18 23 230
9 28 9 19 -6 46 0 0.00 0.0 1 24.4 41 220 M M 2 53 210
10 28 18 23 -2 42 0 T T 1 16.1 31 230 M M 2 1 41 210
11 18 -5 7 -18 58 0 0.15 2.1 2 10.2 25 10 M M 5 18 31 10
12 16 -24 -4 -29 69 0 0.04 0.6 2 12.7 24 10 M M 7 18 30 10
13 -6 -37 -21 -46 86 0 0.00 0.0 2 6.9 17 220 M M 3 8 22 220
14 4 -17 -6 -31 71 0 0.00 0.0 2 8.6 24 220 M M 6 8 31 210
15 -4 -16 -10 -35 75 0 0.03 1.0 3 14.5 26 220 M M 4 8 34 220
16 22 -4 9 -16 56 0 0.00 0.0 2 24.3 33 220 M M 0 89 44 220
17 34 21 28 3 37 0 T T 1 19.2 35 210 M M 3 45 200
18 35 -20 8 -17 57 0 0.03 1.1 2 10.6 37 360 M M 5 18 48 360
19 16 -20 -2 -27 67 0 0.00 0.0 2 3.5 9 100 M M 2 12 100
20 46 1 24 -1 41 0 0.00 0.0 2 11.4 25 210 M M 3 33 210
21 48 32 40 15 25 0 0.00 0.0 T 15.5 24 220 M M 0 32 240
22 47 27 37 12 28 0 0.00 0.0 0 11.3 22 220 M M 0 28 230
23 46 22 34 9 31 0 0.00 0.0 0 10.2 23 210 M M 1 30 220
24 47 25 36 11 29 0 0.00 0.0 0 8.8 17 220 M M 4 21 210
25 43 27 35 10 30 0 0.00 0.0 0 10.3 22 210 M M 2 26 220
26 43 22 33 8 32 0 0.00 0.0 0 4.9 14 220 M M 4 17 230
27 45 25 35 10 30 0 0.00 0.0 0 19.1 29 220 M M 0 37 220
28 52 34 43 18 22 0 0.00 0.0 0 20.5 31 210 M M 1 40 210
29 53 30 42 17 23 0 0.00 0.0 0 11.9 21 200 M M 0 26 220
30 54 34 44 19 21 0 0.00 0.0 0 15.9 28 210 M M 0 35 210
31 56 33 45 20 20 0 0.00 0.0 0 17.8 32 210 M M 0 40 210
================================================================================
SM 1053 332 1315 0 0.36 6.5 396.7 M 81
================================================================================
AV 34.0 10.7 12.8 FASTST M M 3 MAX(MPH)
MISC ----> 41 220 53 210
================================================================================
NOTES:
# LAST OF SEVERAL OCCURRENCES
COLUMN 17 PEAK WIND IN M.P.H.
PRELIMINARY LOCAL CLIMATOLOGICAL DATA (WS FORM: F-6) , PAGE 2
STATION: CASPER WY
MONTH: JANUARY
YEAR: 2024
LATITUDE: 42 55 N
LONGITUDE: 106 28 W
[TEMPERATURE DATA] [PRECIPITATION DATA] SYMBOLS USED IN COLUMN 16
AVERAGE MONTHLY: 22.3 TOTAL FOR MONTH: 0.36 1 = FOG OR MIST
DPTR FM NORMAL: -2.8 DPTR FM NORMAL: -0.13 2 = FOG REDUCING VISIBILITY
HIGHEST: 56 ON 31 GRTST 24HR 0.15 ON 11-11 TO 1/4 MILE OR LESS
LOWEST: -37 ON 13 3 = THUNDER
SNOW, ICE PELLETS, HAIL 4 = ICE PELLETS
TOTAL MONTH: 6.5 INCHES 5 = HAIL
GRTST 24HR 2.1 ON 11-11 6 = FREEZING RAIN OR DRIZZLE
GRTST DEPTH: 3 ON 15 7 = DUSTSTORM OR SANDSTORM:
VSBY 1/2 MILE OR LESS
8 = SMOKE OR HAZE
[NO. OF DAYS WITH] [WEATHER - DAYS WITH] 9 = BLOWING SNOW
X = TORNADO
MAX 32 OR BELOW: 12 0.01 INCH OR MORE: 7
MAX 90 OR ABOVE: 0 0.10 INCH OR MORE: 1
MIN 32 OR BELOW: 28 0.50 INCH OR MORE: 0
MIN 0 OR BELOW: 8 1.00 INCH OR MORE: 0
[HDD (BASE 65) ]
TOTAL THIS MO. 1315 CLEAR (SCALE 0-3) 20
DPTR FM NORMAL 78 PTCLDY (SCALE 4-7) 9
TOTAL FM JUL 1 3994 CLOUDY (SCALE 8-10) 2
DPTR FM NORMAL -299
[CDD (BASE 65) ]
TOTAL THIS MO. 0
DPTR FM NORMAL 0 [PRESSURE DATA]
TOTAL FM JAN 1 0 HIGHEST SLP 30.75 ON 19
DPTR FM NORMAL 0 LOWEST SLP 29.44 ON 10
[REMARKS]
#FINAL-01-24#