000
CXUS55 KRIW 010945
CF6CPR
PRELIMINARY LOCAL CLIMATOLOGICAL DATA (WS FORM: F-6)
STATION: CASPER WY
MONTH: MARCH
YEAR: 2020
LATITUDE: 42 55 N
LONGITUDE: 106 28 W
TEMPERATURE IN F: :PCPN: SNOW: WIND :SUNSHINE: SKY :PK WND
================================================================================
1 2 3 4 5 6A 6B 7 8 9 10 11 12 13 14 15 16 17 18
12Z AVG MX 2MIN
DY MAX MIN AVG DEP HDD CDD WTR SNW DPTH SPD SPD DIR MIN PSBL S-S WX SPD DR
================================================================================
1 32 6 19 -11 46 0 0.12 2.8 2 9.9 21 10 M M 7 128 28 20
2 32 12 22 -9 43 0 0.00 0.0 2 20.7 33 220 M M 0 18 43 220
3 45 23 34 3 31 0 0.00 0.0 1 21.5 37 220 M M 0 50 210
4 45 27 36 4 29 0 0.00 0.0 T 22.7 35 220 M M 1 49 200
5 46 21 34 2 31 0 0.00 0.0 T 11.3 24 200 M M 1 29 200
6 55 33 44 12 21 0 0.00 0.0 0 16.4 28 210 M M 0 37 220
7 55 32 44 11 21 0 0.00 0.0 0 17.1 30 220 M M 0 39 220
8 52 30 41 8 24 0 0.00 0.0 0 12.6 30 240 M M 6 38 250
9 52 29 41 8 24 0 0.00 0.0 0 16.1 31 230 M M 4 42 230
10 50 31 41 7 24 0 0.00 0.0 0 16.3 28 240 M M 2 37 270
11 56 32 44 10 21 0 0.00 0.0 0 23.8 51 250 M M 0 62 260
12 35 20 28 -6 37 0 0.17 4.1 3 7.1 23 10 M M 7 18 29 10
13 30 16 23 -11 42 0 0.18 3.5 T 10.5 23 80 M M 8 18 29 90
14 43 21 32 -3 33 0 0.01 0.3 3 8.3 16 80 M M 6 1 20 110
15 57 24 41 6 24 0 0.00 0.0 1 12.2 33 220 M M 3 1 45 230
16 30 22 26 -9 39 0 0.00 0.0 T 7.5 14 20 M M 10 1 17 20
17 59 26 43 7 22 0 0.00 0.0 0 8.5 26 220 M M 5 12 34 210
18 58 26 42 6 23 0 0.00 0.0 0 9.4 32 220 M M 2 43 230
19 29 19 24 -12 41 0 0.08 1.1 T 14.9 32 20 M M 10 16 42 20
20 36 7 22 -14 43 0 0.00 0.0 1 6.6 14 190 M M 2 18 190
21 53 28 41 4 24 0 0.00 0.0 0 13.0 24 220 M M 4 32 220
22 52 22 37 0 28 0 0.00 0.0 0 10.7 26 280 M M 3 38 280
23 55 23 39 2 26 0 0.00 0.0 0 16.4 26 260 M M 1 42 260
24 55 34 45 8 20 0 0.12 0.0 0 17.0 35 210 M M 4 1 44 240
25 49 31 40 2 25 0 0.24 2.1 1 14.1 30 220 M M 8 1 41 210
26 49 28 39 1 26 0 0.04 1.2 1 10.8 23 230 M M 8 1 30 250
27 45 23 34 -4 31 0 T T 0 7.1 20 50 M M 7 23 50
28 47 27 37 -1 28 0 0.00 0.0 0 12.3 20 200 M M 4 26 210
29 51 25 38 0 27 0 0.00 0.0 0 15.9 26 220 M M 3 26 220
30 56 27 42 3 23 0 0.00 0.0 0 13.3 20 230 M M 1 24 200
31 60 35 48 9 17 0 0.00 0.0 0 22.8 32 230 M M 2 44 220
================================================================================
SM 1469 760 894 0 0.96 15.1 426.8 M 119
================================================================================
AV 47.4 24.5 13.8 FASTST M M 4 MAX(MPH)
MISC ----> # 51 250 # 62 260
================================================================================
NOTES:
# LAST OF SEVERAL OCCURRENCES
COLUMN 17 PEAK WIND IN M.P.H.
PRELIMINARY LOCAL CLIMATOLOGICAL DATA (WS FORM: F-6) , PAGE 2
STATION: CASPER WY
MONTH: MARCH
YEAR: 2020
LATITUDE: 42 55 N
LONGITUDE: 106 28 W
[TEMPERATURE DATA] [PRECIPITATION DATA] SYMBOLS USED IN COLUMN 16
AVERAGE MONTHLY: 36.0 TOTAL FOR MONTH: 0.96 1 = FOG OR MIST
DPTR FM NORMAL: 0.8 DPTR FM NORMAL: 0.14 2 = FOG REDUCING VISIBILITY
HIGHEST: 60 ON 31 GRTST 24HR 0.24 ON 25-25 TO 1/4 MILE OR LESS
LOWEST: 6 ON 1 3 = THUNDER
SNOW, ICE PELLETS, HAIL 4 = ICE PELLETS
TOTAL MONTH: 15.1 INCHES 5 = HAIL
GRTST 24HR 4.1 ON 12-12 6 = FREEZING RAIN OR DRIZZLE
GRTST DEPTH: 3 ON 14,12 7 = DUSTSTORM OR SANDSTORM:
VSBY 1/2 MILE OR LESS
8 = SMOKE OR HAZE
[NO. OF DAYS WITH] [WEATHER - DAYS WITH] 9 = BLOWING SNOW
X = TORNADO
MAX 32 OR BELOW: 5 0.01 INCH OR MORE: 8
MAX 90 OR ABOVE: 0 0.10 INCH OR MORE: 5
MIN 32 OR BELOW: 28 0.50 INCH OR MORE: 0
MIN 0 OR BELOW: 0 1.00 INCH OR MORE: 0
[HDD (BASE 65) ]
TOTAL THIS MO. 894 CLEAR (SCALE 0-3) 16
DPTR FM NORMAL -31 PTCLDY (SCALE 4-7) 12
TOTAL FM JUL 1 6529 CLOUDY (SCALE 8-10) 3
DPTR FM NORMAL 156
[CDD (BASE 65) ]
TOTAL THIS MO. 0
DPTR FM NORMAL 0 [PRESSURE DATA]
TOTAL FM JAN 1 0 HIGHEST SLP 30.46 ON 20
DPTR FM NORMAL 0 LOWEST SLP 29.54 ON 8
[REMARKS]
#FINAL-03-20#