000
CXUS54 KFWD 010730
CF6CPT
PRELIMINARY LOCAL CLIMATOLOGICAL DATA (WS FORM: F-6)
STATION: CLEBURNE
MONTH: MAY
YEAR: 2022
LATITUDE: 32 20 N
LONGITUDE: 97 24 W
TEMPERATURE IN F: :PCPN: SNOW: WIND :SUNSHINE: SKY :PK WND
================================================================================
1 2 3 4 5 6A 6B 7 8 9 10 11 12 13 14 15 16 17 18
12Z AVG MX 2MIN
DY MAX MIN AVG DEP HDD CDD WTR SNW DPTH SPD SPD DIR MIN PSBL S-S WX SPD DR
================================================================================
1 84 55 70 1 0 5 0.01 M M 10.7 21 110 M M 3 26 110
2 84 66 75 6 0 10 0.01 M M 15.5 23 170 M M 5 32 180
3 75 54 65 -4 0 0 0.11 M M 10.5 18 350 M M 10 13 24 350
4 86 61 74 4 0 9 0.00 M M 11.2 20 160 M M 6 12 28 140
5 77 61 69 -1 0 4 0.00 M M 9.4 20 150 M M 3 1 26 150
6 84 55 70 0 0 5 0.00 M M 6.1 14 120 M M 0 18 140
7 90 70 80 10 0 15 0.00 M M 13.6 20 130 M M 5 1 26 130
8 93 73 83 12 0 18 0.00 M M 17.1 23 150 M M 3 1 30 170
9 93 75 84 13 0 19 0.00 M M 18.4 23 160 M M 3 18 31 170
10 91 77 84 13 0 19 0.00 M M 14.8 18 160 M M 6 25 170
11 90 72 81 10 0 16 0.00 M M 13.2 20 170 M M 2 24 150
12 91 68 80 8 0 15 0.00 M M 13.5 18 150 M M 1 28 150
13 95 68 82 10 0 17 0.00 M M 13.1 21 200 M M 1 29 200
14 93 64 79 7 0 14 0.00 M M 9.5 33 190 M M 0 49 190
15 95 68 82 10 0 17 0.00 M M 11.5 20 70 M M 0 33 70
16 93 70 82 9 0 17 0.00 M M 9.2 18 120 M M 0 37 90
17 95 70 83 10 0 18 0.00 M M 12.0 18 170 M M 0 31 170
18 97 72 85 12 0 20 0.00 M M 16.1 22 160 M M 0 30 160
19 95 70 83 9 0 18 0.00 M M 18.1 23 170 M M 0 38 170
20 93 75 84 10 0 19 0.00 M M 18.9 24 180 M M 4 33 170
21 93 63 78 4 0 13 0.00 M M 14.4 24 360 M M 6 1 35 160
22 77 61 69 -5 0 4 0.00 M M 13.5 21 10 M M 5 32 10
23 81 61 71 -4 0 6 0.00 M M 8.2 14 90 M M 9 1 18 130
24 79 59 69 -6 0 4 0.00 M M 11.6 17 360 M M 8 13 40 360
25 73 59 66 -9 0 1 0.00 M M 12.2 20 290 M M 5 28 290
26 90 54 72 -3 0 7 0.00 M M 7.9 17 310 M M 0 24 290
27 91 59 75 -1 0 10 0.00 M M 13.9230 117 M M 0 15 140
28 93 66 80 4 0 15 0.00 M M 14.1 25 170 M M 0 32 170
29 93 70 82 6 0 17 0.00 M M 18.4 24 170 M M 2 33 170
30 93 75 84 8 0 19 0.00 M M 19.1 24 160 M M 6 36 190
31 95 75 85 8 0 20 0.00 M M 16.4 24 180 M M 4 31 170
================================================================================
SM 2752 2046 0 391 0.13 M 412.3 M 97
================================================================================
AV 88.8 66.0 13.3 FASTST M M 3 MAX(MPH)
MISC ----> 230 117 49 190
================================================================================
NOTES:
# LAST OF SEVERAL OCCURRENCES
COLUMN 17 PEAK WIND IN M.P.H.
PRELIMINARY LOCAL CLIMATOLOGICAL DATA (WS FORM: F-6) , PAGE 2
STATION: CLEBURNE
MONTH: MAY
YEAR: 2022
LATITUDE: 32 20 N
LONGITUDE: 97 24 W
[TEMPERATURE DATA] [PRECIPITATION DATA] SYMBOLS USED IN COLUMN 16
AVERAGE MONTHLY: 77.4 TOTAL FOR MONTH: 0.13 1 = FOG OR MIST
DPTR FM NORMAL: 4.7 DPTR FM NORMAL: -4.72 2 = FOG REDUCING VISIBILITY
HIGHEST: 97 ON 18 GRTST 24HR 0.11 ON 3- 3 TO 1/4 MILE OR LESS
LOWEST: 54 ON 26, 3 3 = THUNDER
SNOW, ICE PELLETS, HAIL 4 = ICE PELLETS
TOTAL MONTH: M 5 = HAIL
GRTST 24HR M ON M 6 = FREEZING RAIN OR DRIZZLE
GRTST DEPTH: M ON M 7 = DUSTSTORM OR SANDSTORM:
VSBY 1/2 MILE OR LESS
8 = SMOKE OR HAZE
[NO. OF DAYS WITH] [WEATHER - DAYS WITH] 9 = BLOWING SNOW
X = TORNADO
MAX 32 OR BELOW: 0 0.01 INCH OR MORE: 3
MAX 90 OR ABOVE: 21 0.10 INCH OR MORE: 1
MIN 32 OR BELOW: 0 0.50 INCH OR MORE: 0
MIN 0 OR BELOW: 0 1.00 INCH OR MORE: 0
[HDD (BASE 65) ]
TOTAL THIS MO. 0 CLEAR (SCALE 0-3) 14
DPTR FM NORMAL -11 PTCLDY (SCALE 4-7) 14
TOTAL FM JUL 1 1906 CLOUDY (SCALE 8-10) 3
DPTR FM NORMAL -541
[CDD (BASE 65) ]
TOTAL THIS MO. 391
DPTR FM NORMAL 140 [PRESSURE DATA]
TOTAL FM JAN 1 544 HIGHEST SLP M ON M
DPTR FM NORMAL 182 LOWEST SLP M ON M
[REMARKS]
#FINAL-05-22#