000
CXUS54 KFWD 020337
CF6CPT
PRELIMINARY LOCAL CLIMATOLOGICAL DATA (WS FORM: F-6)
STATION: CLEBURNE
MONTH: FEBRUARY
YEAR: 2020
LATITUDE: 32 20 N
LONGITUDE: 97 24 W
TEMPERATURE IN F: :PCPN: SNOW: WIND :SUNSHINE: SKY :PK WND
================================================================================
1 2 3 4 5 6A 6B 7 8 9 10 11 12 13 14 15 16 17 18
12Z AVG MX 2MIN
DY MAX MIN AVG DEP HDD CDD WTR SNW DPTH SPD SPD DIR MIN PSBL S-S WX SPD DR
================================================================================
1 66 34 50 4 15 0 0.00 0.0 0 6.0 10 290 M M 0 15 270
2 81 45 63 16 2 0 0.00 0.0 0 9.1 15 180 M M 0 22 170
3 72 50 61 14 4 0 0.00 0.0 0 13.1 20 180 M M 3 18 28 180
4 64 39 52 5 13 0 0.01 M 0 14.1 21 360 M M 10 1 29 360
5 39 30 35 -12 30 0 0.01 M 0 16.7 22 340 M M 10 29 340
6 46 25 36 -11 29 0 0.00 0.0 M 11.0 18 310 M M 1 27 290
7 61 30 46 -1 19 0 0.00 0.0 0 8.4 16 350 M M 0 21 340
8 64 34 49 1 16 0 0.00 0.0 0 9.3 17 150 M M 4 8 20 120
9 68 61 65 17 0 0 0.03 0.0 0 12.7 21 170 M M 9 13 31 170
10 55 39 47 -1 18 0 0.02 0.0 0 14.2 18 300 M M 10 18 28 340
11 43 39 41 -7 24 0 0.16 0.0 0 13.9 21 30 M M 9 13 22 360
12 52 41 47 -1 18 0 0.93 0.0 0 9.5 18 60 M M 7 13 27 280
13 43 34 39 -9 26 0 0.00 0.0 0 11.5 18 10 M M 5 1 24 360
14 52 27 40 -8 25 0 0.00 0.0 0 8.2 12 130 M M 0 8 17 120
15 64 37 51 2 14 0 0.00 0.0 0 12.2 21 180 M M 1 27 180
16 81 46 64 15 1 0 0.00 0.0 0 8.8 14 210 M M 1 12 18 200
17 79 55 67 18 0 2 0.00 0.0 0 11.5 16 190 M M 3 12 24 190
18 61 46 54 5 11 0 0.00 0.0 0 11.5 18 360 M M 10 1 29 360
19 52 43 48 -2 17 0 0.38 0.0 0 10.8 16 80 M M 10 18 15 30
20 54 34 44 -6 21 0 0.07 0.0 0 16.3 24 360 M M 7 1 31 360
21 48 28 38 -12 27 0 0.00 0.0 0 7.0 13 360 M M 0 18 M M
22 57 39 48 -2 17 0 0.00 0.0 0 10.4 17 170 M M 5 8 23 170
23 59 48 54 4 11 0 0.00 0.0 0 11.7 15 170 M M 9 1 21 150
24 68 50 59 9 6 0 0.00 0.0 0 13.0 21 280 M M 1 18 31 280
25 61 41 51 0 14 0 0.00 0.0 0 11.4 18 330 M M 2 1 25 310
26 50 32 41 -10 24 0 0.00 0.0 0 18.7 29 330 M M 4 37 330
27 63 28 46 -5 19 0 0.00 0.0 0 6.3 13 230 M M 0 21 200
28 68 37 53 1 12 0 0.00 0.0 0 5.5 9 360 M M 0 M M
29 75 45 60 8 5 0 0.00 0.0 0 11.1 23 160 M M 0 36 170
================================================================================
SM 1746 1137 438 2 1.61 0.0 323.9 M 121
================================================================================
AV 60.2 39.2 11.2 FASTST M M 4 MAX(MPH)
MISC ----> # 29 330 # 37 330
================================================================================
NOTES:
# LAST OF SEVERAL OCCURRENCES
COLUMN 17 PEAK WIND IN M.P.H.
PRELIMINARY LOCAL CLIMATOLOGICAL DATA (WS FORM: F-6) , PAGE 2
STATION: CLEBURNE
MONTH: FEBRUARY
YEAR: 2020
LATITUDE: 32 20 N
LONGITUDE: 97 24 W
[TEMPERATURE DATA] [PRECIPITATION DATA] SYMBOLS USED IN COLUMN 16
AVERAGE MONTHLY: 49.7 TOTAL FOR MONTH: 1.61 1 = FOG OR MIST
DPTR FM NORMAL: 0.9 DPTR FM NORMAL: -0.98 2 = FOG REDUCING VISIBILITY
HIGHEST: 81 ON 16, 2 GRTST 24HR 0.93 ON 12-12 TO 1/4 MILE OR LESS
LOWEST: 25 ON 6 3 = THUNDER
SNOW, ICE PELLETS, HAIL 4 = ICE PELLETS
TOTAL MONTH: 0.0 INCH 5 = HAIL
GRTST 24HR 0.0 6 = FREEZING RAIN OR DRIZZLE
GRTST DEPTH: 0 7 = DUSTSTORM OR SANDSTORM:
VSBY 1/2 MILE OR LESS
8 = SMOKE OR HAZE
[NO. OF DAYS WITH] [WEATHER - DAYS WITH] 9 = BLOWING SNOW
X = TORNADO
MAX 32 OR BELOW: 0 0.01 INCH OR MORE: 8
MAX 90 OR ABOVE: 0 0.10 INCH OR MORE: 3
MIN 32 OR BELOW: 7 0.50 INCH OR MORE: 1
MIN 0 OR BELOW: 0 1.00 INCH OR MORE: 0
[HDD (BASE 65) ]
TOTAL THIS MO. 438 CLEAR (SCALE 0-3) 14
DPTR FM NORMAL -19 PTCLDY (SCALE 4-7) 7
TOTAL FM JUL 1 1862 CLOUDY (SCALE 8-10) 8
DPTR FM NORMAL -194
[CDD (BASE 65) ]
TOTAL THIS MO. 2
DPTR FM NORMAL -1 [PRESSURE DATA]
TOTAL FM JAN 1 8 HIGHEST SLP M ON M
DPTR FM NORMAL 4 LOWEST SLP M ON M
[REMARKS]
#FINAL-02-20#