000
CXUS56 KLOX 020714
CF6CQT
PRELIMINARY LOCAL CLIMATOLOGICAL DATA (WS FORM: F-6)
STATION: DOWNTOWN LOS ANGELES (USC) CA
MONTH: FEBRUARY
YEAR: 2020
LATITUDE: 34 1 N
LONGITUDE: 118 17 W
TEMPERATURE IN F: :PCPN: SNOW: WIND :SUNSHINE: SKY :PK WND
================================================================================
1 2 3 4 5 6A 6B 7 8 9 10 11 12 13 14 15 16 17 18
12Z AVG MX 2MIN
DY MAX MIN AVG DEP HDD CDD WTR SNW DPTH SPD SPD DIR MIN PSBL S-S WX SPD DR
================================================================================
1 86 55 71 13 0 6 0.00 0.0 0 1.6 8 260 M M 0 13 260
2 72 55 64 6 1 0 0.00 0.0 0 2.4 9 350 M M 2 17 360
3 63 48 56 -2 9 0 0.00 M 0 5.9 20 340 M M 1 34 330
4 62 42 52 -6 13 0 0.00 0.0 0 1.0 9 260 M M 0 15 270
5 64 44 54 -4 11 0 0.00 0.0 0 1.0 8 260 M M 0 13 270
6 67 47 57 -1 8 0 0.00 0.0 0 0.5 7 260 M M 0 12 260
7 69 48 59 1 6 0 0.00 0.0 0 1.3 6 270 M M 0 8 10 260
8 70 51 61 2 4 0 0.00 0.0 0 1.2 8 270 M M 1 18 13 260
9 63 54 59 0 6 0 T 0.0 0 2.9 10 100 M M 9 8 17 90
10 76 52 64 5 1 0 0.00 0.0 0 2.3 12 360 M M 2 8 22 350
11 74 52 63 4 2 0 0.00 0.0 0 0.7 9 260 M M 0 16 280
12 69 50 60 1 5 0 0.00 0.0 0 0.8 7 260 M M 0 8 14 260
13 71 50 61 2 4 0 0.00 0.0 0 1.1 8 260 M M 1 13 270
14 71 49 60 1 5 0 0.00 0.0 0 0.6 8 260 M M 0 8 13 260
15 70 49 60 1 5 0 0.00 0.0 0 0.9 8 260 M M 0 8 13 270
16 72 51 62 3 3 0 0.00 0.0 0 0.5 8 260 M M 2 128 13 270
17 70 51 61 2 4 0 0.00 0.0 0 1.0 7 270 M M 0 8 12 270
18 72 56 64 5 1 0 0.00 0.0 0 1.2 8 260 M M 5 18 14 270
19 70 57 64 5 1 0 0.00 0.0 0 1.4 7 250 M M 4 8 13 260
20 81 52 67 8 0 2 0.00 0.0 0 1.2 9 260 M M 0 18 19 260
21 80 58 69 10 0 4 0.00 0.0 0 2.3 8 130 M M 3 8 12 170
22 66 59 63 4 2 0 0.04 0.0 0 2.3 10 260 M M 9 18 140
23 68 53 61 2 4 0 0.00 0.0 0 1.1 8 260 M M 3 12 270
24 71 52 62 2 3 0 0.00 0.0 0 0.6 9 270 M M 0 8 14 260
25 83 52 68 8 0 3 0.00 0.0 0 0.7 8 270 M M 0 8 13 260
26 81 53 67 7 0 2 0.00 0.0 0 0.9 9 260 M M 0 13 260
27 86 57 72 12 0 7 0.00 0.0 0 1.5 7 270 M M 0 8 11 260
28 88 64 76 16 0 11 0.00 0.0 0 2.4 8 270 M M 0 14 260
29 73 60 67 7 0 2 0.00 0.0 0 2.6 8 280 M M 2 8 14 260
================================================================================
SM 2108 1521 98 37 0.04 0.0 43.9 M 44
================================================================================
AV 72.7 52.5 1.5 FASTST M M 2 MAX(MPH)
MISC ----> # 20 340 # 34 330
================================================================================
NOTES:
# LAST OF SEVERAL OCCURRENCES
COLUMN 17 PEAK WIND IN M.P.H.
PRELIMINARY LOCAL CLIMATOLOGICAL DATA (WS FORM: F-6) , PAGE 2
STATION: DOWNTOWN LOS ANGELES (USC) CA
MONTH: FEBRUARY
YEAR: 2020
LATITUDE: 34 1 N
LONGITUDE: 118 17 W
[TEMPERATURE DATA] [PRECIPITATION DATA] SYMBOLS USED IN COLUMN 16
AVERAGE MONTHLY: 62.6 TOTAL FOR MONTH: 0.04 1 = FOG OR MIST
DPTR FM NORMAL: 3.7 DPTR FM NORMAL: -3.76 2 = FOG REDUCING VISIBILITY
HIGHEST: 88 ON 28 GRTST 24HR 0.04 ON 22-22 TO 1/4 MILE OR LESS
LOWEST: 42 ON 4 3 = THUNDER
SNOW, ICE PELLETS, HAIL 4 = ICE PELLETS
TOTAL MONTH: 0.0 INCH 5 = HAIL
GRTST 24HR 0.0 6 = FREEZING RAIN OR DRIZZLE
GRTST DEPTH: 0 7 = DUSTSTORM OR SANDSTORM:
VSBY 1/2 MILE OR LESS
8 = SMOKE OR HAZE
[NO. OF DAYS WITH] [WEATHER - DAYS WITH] 9 = BLOWING SNOW
X = TORNADO
MAX 32 OR BELOW: 0 0.01 INCH OR MORE: 1
MAX 90 OR ABOVE: 0 0.10 INCH OR MORE: 0
MIN 32 OR BELOW: 0 0.50 INCH OR MORE: 0
MIN 0 OR BELOW: 0 1.00 INCH OR MORE: 0
[HDD (BASE 65) ]
TOTAL THIS MO. 98 CLEAR (SCALE 0-3) 25
DPTR FM NORMAL -86 PTCLDY (SCALE 4-7) 2
TOTAL FM JUL 1 465 CLOUDY (SCALE 8-10) 2
DPTR FM NORMAL -316
[CDD (BASE 65) ]
TOTAL THIS MO. 37
DPTR FM NORMAL 23 [PRESSURE DATA]
TOTAL FM JAN 1 47 HIGHEST SLP 30.31 ON 26
DPTR FM NORMAL 23 LOWEST SLP 29.77 ON 9
[REMARKS]
#FINAL-02-20#