000
CXUS56 KSGX 181045
CF6CRQ
PRELIMINARY LOCAL CLIMATOLOGICAL DATA (WS FORM: F-6)
STATION: CARLSBAD PALOMAR AIRPORT CA
MONTH: APRIL
YEAR: 2024
LATITUDE: 33 7 N
LONGITUDE: 117 17 W
TEMPERATURE IN F: :PCPN: SNOW: WIND :SUNSHINE: SKY :PK WND
================================================================================
1 2 3 4 5 6A 6B 7 8 9 10 11 12 13 14 15 16 17 18
12Z AVG MX 2MIN
DY MAX MIN AVG DEP HDD CDD WTR SNW DPTH SPD SPD DIR MIN PSBL S-S WX SPD DR
================================================================================
1 62 49 56 -3 9 0 0.00 M M 4.1 14 270 M M 2 22 260
2 66 49 58 -1 7 0 0.00 M M 3.2 12 250 M M 0 17 250
3 68 51 60 1 5 0 0.00 M M 3.9 12 250 M M 3 17 250
4 61 51 56 -3 9 0 T M M 6.4 17 240 M M 9 1 25 290
5 57 47 52 -7 13 0 0.12 M M 7.2 20 260 M M 6 1 27 250
6 59 46 53 -6 12 0 T M M 4.7 13 250 M M 3 20 210
7 60 45 53 -6 12 0 0.00 M M 5.4 14 240 M M 0 23 240
8 61 47 54 -5 11 0 0.00 M M 5.2 13 260 M M 0 19 250
9 72 48 60 1 5 0 0.00 M M 4.4 12 250 M M 0 17 330
10 71 52 62 3 3 0 0.00 M M 3.6 10 230 M M 1 12 17 260
11 63 52 58 -1 7 0 0.00 M M 3.3 12 250 M M 6 12 17 270
12 61 53 57 -2 8 0 0.00 M M 6.2 15 220 M M 10 1 20 230
13 66 50 58 -2 7 0 0.13 M M 7.2 20 210 M M 10 1 30 230
14 61 45 53 -7 12 0 0.12 M M 3.5 13 250 M M 4 1 20 240
15 63 50 57 -3 8 0 0.00 M M 4.2 14 260 M M 2 20 270
16 68 50 59 -1 6 0 0.00 M M 3.7 12 260 M M 0 17 250
17 65 50 58 -2 7 0 0.00 M M 3.3 10 240 M M 1 1 18 270
================================================================================
SM 1084 835 141 0 0.37 M 79.5 M 57
================================================================================
AV 63.8 49.1 4.7 FASTST M M 3 MAX(MPH)
MISC ----> # 20 260 30 230
================================================================================
NOTES:
# LAST OF SEVERAL OCCURRENCES
COLUMN 17 PEAK WIND IN M.P.H.
PRELIMINARY LOCAL CLIMATOLOGICAL DATA (WS FORM: F-6) , PAGE 2
STATION: CARLSBAD PALOMAR AIRPORT CA
MONTH: APRIL
YEAR: 2024
LATITUDE: 33 7 N
LONGITUDE: 117 17 W
[TEMPERATURE DATA] [PRECIPITATION DATA] SYMBOLS USED IN COLUMN 16
AVERAGE MONTHLY: 56.4 TOTAL FOR MONTH: 0.37 1 = FOG OR MIST
DPTR FM NORMAL: -2.9 DPTR FM NORMAL: -0.22 2 = FOG REDUCING VISIBILITY
HIGHEST: 72 ON 9 GRTST 24HR 0.18 ON 13-14 TO 1/4 MILE OR LESS
LOWEST: 45 ON 14, 7 3 = THUNDER
SNOW, ICE PELLETS, HAIL 4 = ICE PELLETS
TOTAL MONTH: M 5 = HAIL
GRTST 24HR M ON M 6 = FREEZING RAIN OR DRIZZLE
GRTST DEPTH: M ON M 7 = DUSTSTORM OR SANDSTORM:
VSBY 1/2 MILE OR LESS
8 = SMOKE OR HAZE
[NO. OF DAYS WITH] [WEATHER - DAYS WITH] 9 = BLOWING SNOW
X = TORNADO
MAX 32 OR BELOW: 0 0.01 INCH OR MORE: 3
MAX 90 OR ABOVE: 0 0.10 INCH OR MORE: 3
MIN 32 OR BELOW: 0 0.50 INCH OR MORE: 0
MIN 0 OR BELOW: 0 1.00 INCH OR MORE: 0
[HDD (BASE 65) ]
TOTAL THIS MO. 141 CLEAR (SCALE 0-3) 11
DPTR FM NORMAL 38 PTCLDY (SCALE 4-7) 3
TOTAL FM JUL 1 1022 CLOUDY (SCALE 8-10) 3
DPTR FM NORMAL -308
[CDD (BASE 65) ]
TOTAL THIS MO. 0
DPTR FM NORMAL 0 [PRESSURE DATA]
TOTAL FM JAN 1 0 HIGHEST SLP M ON M
DPTR FM NORMAL -14 LOWEST SLP 29.80 ON 1
[REMARKS]