000
CXUS55 KOHX 141726
CF6CSV
PRELIMINARY LOCAL CLIMATOLOGICAL DATA (WS FORM: F-6)
STATION: CROSSVILLE
MONTH: DECEMBER
YEAR: 2020
LATITUDE: 35 57 N
LONGITUDE: 85 5 W
TEMPERATURE IN F: :PCPN: SNOW: WIND :SUNSHINE: SKY :PK WND
================================================================================
1 2 3 4 5 6A 6B 7 8 9 10 11 12 13 14 15 16 17 18
12Z AVG MX 2MIN
DY MAX MIN AVG DEP HDD CDD WTR SNW DPTH SPD SPD DIR MIN PSBL S-S WX SPD DR
================================================================================
1 28 18 23 -19 42 0 T M M 8.0 18 270 M M 7 1 24 280
2 44 15 30 -12 35 0 0.00 M M 1.8 8 30 M M 0 13 20
3 51 23 37 -5 28 0 0.05 M M 4.1 12 190 M M 5 19 180
4 47 37 42 1 23 0 0.82 M M 7.0 20 280 M M 10 1 28 280
5 47 29 38 -3 27 0 0.00 M M 5.1 15 280 M M 4 1 20 280
6 52 28 40 -1 25 0 0.00 M M 2.3 10 290 M M 2 12 15 250
7 42 29 36 -4 29 0 0.01 M M 9.8 16 320 M M 10 18 24 320
8 35 23 29 -11 36 0 0.00 M M 4.5 13 320 M M 6 17 10
9 56 25 41 1 24 0 0.00 M M 4.9 18 270 M M 0 1 28 260
10 63 33 48 8 17 0 0.00 M M 4.5 10 180 M M 0 16 220
11 61 41 51 12 14 0 0.00 M M 6.0 13 190 M M 0 22 180
12 55 48 52 13 13 0 0.34 M M 6.7 17 190 M M 9 1 31 210
13 56 38 47 8 18 0 0.19 M M 4.4 16 40 M M 6 1 25 20
14 39 31 35 -3 30 0 0.70 M M 9.8 17 350 M M 10 18 27 350
15 49 26 38 0 27 0 0.00 M M 5.3 13 60 M M 3 12 18 50
16 42 32 37 -1 28 0 0.39 M M 7.6 16 280 M M 10 12 22 290
17 32 21 27 -11 38 0 T M M 5.9 12 300 M M 8 1 17 320
18 41 17 29 -9 36 0 0.00 M M 1.2 9 120 M M 0 1 13 140
19 43 24 34 -4 31 0 0.00 M M 6.0 13 190 M M 4 23 190
20 44 37 41 4 24 0 0.08 M M 4.2 12 260 M M 10 12 21 190
21 52 37 45 8 20 0 0.00 M M 10.7 24 270 M M 4 40 230
22 51 32 42 5 23 0 0.00 M M 5.3 16 290 M M 0 27 310
23 53 33 43 6 22 0 0.08 M M 11.1 23 170 M M 3 46 180
24 49 19 34 -3 31 0 0.82 M M 9.1 23 170 M M 10 12 44 180
25 19 8 14 -23 51 0 T M M 8.8 22 290 M M 9 18 32 290
26 43 8 26 -10 39 0 0.00 M M 3.9 13 240 M M M 22 230
27 51 29 40 4 25 0 0.00 M M 6.2 15 190 M M M 24 180
28 51 31 41 5 24 0 0.01 M M 4.9 13 290 M M M 21 180
29 50 26 38 2 27 0 0.00 M M M 12 180 M M 0 18 21 190
30 55 44 50 14 15 0 0.00 M M 10.8 22 190 M M 5 40 190
31 56 40 48 12 17 0 0.00 M M 4.5 13 360 M M 10 1 21 180
================================================================================
SM 1457 882 839 0 3.49 M 184.4 M 145
================================================================================
AV 47.0 28.5 6.1 FASTST M M 5 MAX(MPH)
MISC ----> 24 270 46 180
================================================================================
NOTES:
# LAST OF SEVERAL OCCURRENCES
COLUMN 17 PEAK WIND IN M.P.H.
PRELIMINARY LOCAL CLIMATOLOGICAL DATA (WS FORM: F-6) , PAGE 2
STATION: CROSSVILLE
MONTH: DECEMBER
YEAR: 2020
LATITUDE: 35 57 N
LONGITUDE: 85 5 W
[TEMPERATURE DATA] [PRECIPITATION DATA] SYMBOLS USED IN COLUMN 16
AVERAGE MONTHLY: 37.7 TOTAL FOR MONTH: 3.49 1 = FOG OR MIST
DPTR FM NORMAL: -0.8 DPTR FM NORMAL: -1.46 2 = FOG REDUCING VISIBILITY
HIGHEST: 63 ON 10 GRTST 24HR 0.89 ON 13-14 TO 1/4 MILE OR LESS
LOWEST: 8 ON 26,25 3 = THUNDER
SNOW, ICE PELLETS, HAIL 4 = ICE PELLETS
TOTAL MONTH: M 5 = HAIL
GRTST 24HR M ON M 6 = FREEZING RAIN OR DRIZZLE
GRTST DEPTH: M ON M 7 = DUSTSTORM OR SANDSTORM:
VSBY 1/2 MILE OR LESS
8 = SMOKE OR HAZE
[NO. OF DAYS WITH] [WEATHER - DAYS WITH] 9 = BLOWING SNOW
X = TORNADO
MAX 32 OR BELOW: 3 0.01 INCH OR MORE: 11
MAX 90 OR ABOVE: 0 0.10 INCH OR MORE: 6
MIN 32 OR BELOW: 21 0.50 INCH OR MORE: 3
MIN 0 OR BELOW: 0 1.00 INCH OR MORE: 0
[HDD (BASE 65) ]
TOTAL THIS MO. 839 CLEAR (SCALE 0-3) 10
DPTR FM NORMAL 16 PTCLDY (SCALE 4-7) 9
TOTAL FM JUL 1 1579 CLOUDY (SCALE 8-10) 12
DPTR FM NORMAL -90
[CDD (BASE 65) ]
TOTAL THIS MO. 0
DPTR FM NORMAL 0 [PRESSURE DATA]
TOTAL FM JAN 1 941 HIGHEST SLP 30.49 ON 29
DPTR FM NORMAL -48 LOWEST SLP 29.72 ON 24
[REMARKS]
#FINAL-12-20#