000
CXUS52 KTAE 010800
CF6CTY
PRELIMINARY LOCAL CLIMATOLOGICAL DATA (WS FORM: F-6)
STATION: CROSS CITY
MONTH: MAY
YEAR: 2021
LATITUDE: 29 37 N
LONGITUDE: 83 6 W
TEMPERATURE IN F: :PCPN: SNOW: WIND :SUNSHINE: SKY :PK WND
================================================================================
1 2 3 4 5 6A 6B 7 8 9 10 11 12 13 14 15 16 17 18
12Z AVG MX 2MIN
DY MAX MIN AVG DEP HDD CDD WTR SNW DPTH SPD SPD DIR MIN PSBL S-S WX SPD DR
================================================================================
1 87 61 74 3 0 9 0.00 0.0 M 3.3 10 280 M M 0 M M
2 87 63 75 4 0 10 0.00 0.0 M 4.1 14 200 M M 0 17 190
3 89 66 78 7 0 13 0.00 0.0 M 7.7 18 220 M M 0 1 25 210
4 91 70 81 9 0 16 0.00 0.0 M 8.1 18 200 M M 2 12 24 190
5 90 65 78 6 0 13 0.00 0.0 M 8.5 17 230 M M 1 38 260
6 81 68 75 3 0 10 0.80 0.0 0 4.0 13 290 M M 2 13 16 310
7 82 55 69 -3 0 4 0.00 0.0 0 6.4 15 310 M M 0 24 300
8 81 47 64 -9 1 0 0.00 0.0 0 3.4 M M M M 0 M M
9 88 56 72 -1 0 7 0.00 0.0 0 6.9 M M M M 0 M M
10 84 68 76 3 0 11 0.00 0.0 0 6.1 M M M M 3 1 M M
11 86 68 77 3 0 12 0.00 0.0 0 3.5 13 240 M M 5 20 220
12 90 70 80 6 0 15 0.00 M M 5.5 17 260 M M 2 12 24 260
13 72 58 65 -9 0 0 0.05 M M 8.4 15 30 M M 9 1 20 30
14 81 54 68 -6 0 3 0.00 M M 7.4 15 40 M M 0 22 40
15 82 49 66 -8 0 1 0.00 M M 7.0 13 40 M M 0 22 60
16 86 48 67 -8 0 2 0.00 0.0 0 4.9 9 40 M M 1 8 17 70
17 87 56 72 -3 0 7 0.00 0.0 0 5.3 12 100 M M 2 16 110
18 89 63 76 1 0 11 0.00 0.0 0 8.2 14 90 M M 2 8 23 90
19 88 64 76 0 0 11 0.00 0.0 0 8.2 14 80 M M 1 8 21 110
20 87 65 76 0 0 11 0.00 0.0 M 9.6 14 80 M M 2 27 80
21 89 62 76 0 0 11 0.00 0.0 0 8.6 15 70 M M 2 24 80
22 88 63 76 0 0 11 0.00 0.0 M 6.4 14 40 M M 1 20 100
23 87 55 71 -5 0 6 0.00 0.0 M 4.2 14 280 M M 0 17 310
24 93 58 76 -1 0 11 0.00 0.0 0 3.3 9 270 M M 1 M M
25 91 61 76 -1 0 11 0.00 0.0 0 3.9 10 250 M M 0 17 200
26 88 66 77 0 0 12 0.00 0.0 0 5.4 12 250 M M 1 21 190
27 91 63 77 0 0 12 0.00 0.0 0 4.7 15 290 M M 1 1 17 280
28 89 65 77 -1 0 12 0.00 0.0 0 5.3 15 240 M M 0 22 250
29 89 64 77 -1 0 12 0.00 0.0 M 7.3 17 260 M M 2 25 260
30 89 65 77 -1 0 12 0.00 0.0 0 4.6 M M M M 0 M M
31 92 66 79 1 0 14 0.00 0.0 0 7.1 13 90 M M 0 18 60
================================================================================
SM 2694 1902 1 290 0.85 0.0 187.3 M 40
================================================================================
AV 86.9 61.4 6.0 FASTST M M 1 MAX(MPH)
MISC ----> # 18 220 38 260
================================================================================
NOTES:
# LAST OF SEVERAL OCCURRENCES
COLUMN 17 PEAK WIND IN M.P.H.
PRELIMINARY LOCAL CLIMATOLOGICAL DATA (WS FORM: F-6) , PAGE 2
STATION: CROSS CITY
MONTH: MAY
YEAR: 2021
LATITUDE: 29 37 N
LONGITUDE: 83 6 W
[TEMPERATURE DATA] [PRECIPITATION DATA] SYMBOLS USED IN COLUMN 16
AVERAGE MONTHLY: 74.1 TOTAL FOR MONTH: 0.85 1 = FOG OR MIST
DPTR FM NORMAL: -0.6 DPTR FM NORMAL: -1.89 2 = FOG REDUCING VISIBILITY
HIGHEST: 93 ON 24 GRTST 24HR 0.80 ON 6- 6 TO 1/4 MILE OR LESS
LOWEST: 47 ON 8 3 = THUNDER
SNOW, ICE PELLETS, HAIL 4 = ICE PELLETS
TOTAL MONTH: 0.0 INCH 5 = HAIL
GRTST 24HR 0.0 6 = FREEZING RAIN OR DRIZZLE
GRTST DEPTH: 0 7 = DUSTSTORM OR SANDSTORM:
VSBY 1/2 MILE OR LESS
8 = SMOKE OR HAZE
[NO. OF DAYS WITH] [WEATHER - DAYS WITH] 9 = BLOWING SNOW
X = TORNADO
MAX 32 OR BELOW: 0 0.01 INCH OR MORE: 2
MAX 90 OR ABOVE: 7 0.10 INCH OR MORE: 1
MIN 32 OR BELOW: 0 0.50 INCH OR MORE: 1
MIN 0 OR BELOW: 0 1.00 INCH OR MORE: 0
[HDD (BASE 65) ]
TOTAL THIS MO. 1 CLEAR (SCALE 0-3) 28
DPTR FM NORMAL -2 PTCLDY (SCALE 4-7) 2
TOTAL FM JUL 1 1006 CLOUDY (SCALE 8-10) 1
DPTR FM NORMAL -249
[CDD (BASE 65) ]
TOTAL THIS MO. 290
DPTR FM NORMAL -14 [PRESSURE DATA]
TOTAL FM JAN 1 588 HIGHEST SLP M ON M
DPTR FM NORMAL 74 LOWEST SLP M ON M
[REMARKS]
#FINAL-05-21#