000
CXUS55 KCAE 011500
CF6CUB
PRELIMINARY LOCAL CLIMATOLOGICAL DATA (WS FORM: F-6)
STATION: HAMILTON - OWENS AIRPORT SC
MONTH: DECEMBER
YEAR: 2020
LATITUDE: 33 58 N
LONGITUDE: 80 59 W
TEMPERATURE IN F: :PCPN: SNOW: WIND :SUNSHINE: SKY :PK WND
================================================================================
1 2 3 4 5 6A 6B 7 8 9 10 11 12 13 14 15 16 17 18
12Z AVG MX 2MIN
DY MAX MIN AVG DEP HDD CDD WTR SNW DPTH SPD SPD DIR MIN PSBL S-S WX SPD DR
================================================================================
1 48 34 41 -11 24 0 0.00 M M 10.5 20 270 M M 1 26 270
2 56 29 43 -9 22 0 0.00 M M 1.9 9 310 M M 0 1 13 300
3 58 30 44 -7 21 0 0.00 M M 0.8 8 170 M M 0 12 12 160
4 70 42 56 5 9 0 0.40 M M 6.3 21 270 M M 5 1 33 280
5 60 39 50 -1 15 0 0.00 M M 5.3 18 260 M M 0 1 26 270
6 60 34 47 -3 18 0 0.00 M M 1.7 10 180 M M 1 1 13 180
7 55 43 49 -1 16 0 0.25 M M 2.9 14 360 M M 10 1 21 350
8 50 31 41 -9 24 0 0.00 M M 1.9 10 280 M M 0 1 14 260
9 58 30 44 -6 21 0 0.00 M M 1.6 13 270 M M 0 18 16 270
10 66 35 51 2 14 0 0.00 M M 0.8 10 150 M M 0 18 13 160
11 68 39 54 5 11 0 0.00 M M 0.8 7 170 M M 0 1 10 190
12 69 43 56 7 9 0 0.00 M M 2.0 15 210 M M 1 18 19 220
13 73 55 64 16 1 0 T M M 1.8 10 250 M M 6 1 13 220
14 68 47 58 10 7 0 0.18 M M 6.8 21 300 M M 6 1 35 290
15 50 37 44 -4 21 0 T M M 4.9 12 70 M M 5 18 70
16 45 38 42 -6 23 0 0.32 M M 2.6 9 310 M M 10 1 14 340
17 45 40 43 -5 22 0 T M M 3.8 12 260 M M 10 18 14 280
18 51 33 42 -5 23 0 0.00 M M 3.5 9 10 M M 4 1 14 40
19 53 28 41 -6 24 0 0.00 M M 0.7 9 170 M M M 18 12 170
20 52 42 47 0 18 0 0.52 M M 0.6 8 310 M M M 18 11 20
21 61 M M M M M M M M M 14 240 M M M 19 230
22 M M M M M M 0.00 M M M M M M M M M M
23 63 M M M M M 0.00 M M 3.9 8 90 M M 2 13 60
24 65 40 53 7 12 0 0.73 M M 5.9 25 270 M M 7 1 35 270
25 40 30 35 -11 30 0 0.00 M M 14.8 23 270 M M 1 34 250
26 45 23 34 -12 31 0 0.00 M M 2.1 9 200 M M 0 8 14 300
27 56 25 41 -5 24 0 0.00 M M 1.0 10 200 M M 0 18 13 180
28 64 29 47 1 18 0 0.00 M M 2.4 14 230 M M 0 18 19 230
29 64 35 50 4 15 0 0.00 M M 2.9 8 60 M M 0 18 13 70
30 47 42 45 -1 20 0 0.07 M M 2.4 7 70 M M 8 18 11 70
31 54 44 49 3 16 0 0.62 M M 0.4 7 270 M M 10 12 10 270
================================================================================
SM 1714 1017 509 0 3.09 M 97.0 M 87
================================================================================
AV 57.1 36.3 3.3 FASTST M M 3 MAX(MPH)
MISC ----> 25 270 # 35 290
================================================================================
NOTES:
# LAST OF SEVERAL OCCURRENCES
COLUMN 17 PEAK WIND IN M.P.H.
PRELIMINARY LOCAL CLIMATOLOGICAL DATA (WS FORM: F-6) , PAGE 2
STATION: HAMILTON - OWENS AIRPORT SC
MONTH: DECEMBER
YEAR: 2020
LATITUDE: 33 58 N
LONGITUDE: 80 59 W
[TEMPERATURE DATA] [PRECIPITATION DATA] SYMBOLS USED IN COLUMN 16
AVERAGE MONTHLY: 46.7 TOTAL FOR MONTH: 3.09 1 = FOG OR MIST
DPTR FM NORMAL: -1.4 DPTR FM NORMAL: -0.11 2 = FOG REDUCING VISIBILITY
HIGHEST: 73 ON 13 GRTST 24HR 0.73 ON 24-24 TO 1/4 MILE OR LESS
LOWEST: 23 ON 26 3 = THUNDER
SNOW, ICE PELLETS, HAIL 4 = ICE PELLETS
TOTAL MONTH: M 5 = HAIL
GRTST 24HR M ON M 6 = FREEZING RAIN OR DRIZZLE
GRTST DEPTH: M ON M 7 = DUSTSTORM OR SANDSTORM:
VSBY 1/2 MILE OR LESS
8 = SMOKE OR HAZE
[NO. OF DAYS WITH] [WEATHER - DAYS WITH] 9 = BLOWING SNOW
X = TORNADO
MAX 32 OR BELOW: 0 0.01 INCH OR MORE: 8
MAX 90 OR ABOVE: 0 0.10 INCH OR MORE: 7
MIN 32 OR BELOW: 9 0.50 INCH OR MORE: 3
MIN 0 OR BELOW: 0 1.00 INCH OR MORE: 0
[HDD (BASE 65) ]
TOTAL THIS MO. 509 CLEAR (SCALE 0-3) 16
DPTR FM NORMAL -20 PTCLDY (SCALE 4-7) 7
TOTAL FM JUL 1 725 CLOUDY (SCALE 8-10) 8
DPTR FM NORMAL -174
[CDD (BASE 65) ]
TOTAL THIS MO. 0
DPTR FM NORMAL -4 [PRESSURE DATA]
TOTAL FM JAN 1 2503 HIGHEST SLP 30.46 ON 30
DPTR FM NORMAL 243 LOWEST SLP 29.60 ON 24
[REMARKS]
#FINAL-12-20#