000
CXUS54 KHGX 021208
CF6CXO
PRELIMINARY LOCAL CLIMATOLOGICAL DATA (WS FORM: F-6)
STATION: CONROE
MONTH: APRIL
YEAR: 2023
LATITUDE: 30 21 N
LONGITUDE: 95 25 W
TEMPERATURE IN F: :PCPN: SNOW: WIND :SUNSHINE: SKY :PK WND
================================================================================
1 2 3 4 5 6A 6B 7 8 9 10 11 12 13 14 15 16 17 18
12Z AVG MX 2MIN
DY MAX MIN AVG DEP HDD CDD WTR SNW DPTH SPD SPD DIR MIN PSBL S-S WX SPD DR
================================================================================
1 86 57 72 8 0 7 0.00 0.0 0 3.1 15 360 M M 2 12 26 350
2 82 56 69 5 0 4 0.00 0.0 0 7.2 20 180 M M 5 8 28 160
3 88 71 80 15 0 15 0.00 0.0 0 11.0 21 160 M M 7 26 160
4 84 71 78 13 0 13 0.00 0.0 0 14.4 25 170 M M 9 41 150
5 79 54 67 2 0 2 0.68 0.0 0 10.7 22 150 M M 10 13 32 150
6 59 54 57 -8 8 0 1.13 0.0 0 8.1 17 50 M M 10 13 31 60
7 56 52 54 -11 11 0 0.79 0.0 0 6.9 14 60 M M 10 13 22 50
8 70 53 62 -4 3 0 0.00 0.0 0 4.8 10 340 M M 10 1 16 10
9 70 56 63 -3 2 0 0.00 0.0 0 3.9 9 70 M M 10 13 60
10 67 55 61 -5 4 0 0.01 0.0 0 2.8 10 70 M M 8 1 16 70
11 76 53 65 -1 0 0 0.00 0.0 0 4.1 14 70 M M 3 21 60
12 78 49 64 -2 1 0 0.04 0.0 0 2.7 20 80 M M 2 13 31 100
13 78 49 64 -2 1 0 0.00 0.0 0 3.2 9 190 M M 1 1 12 180
14 79 51 65 -2 0 0 0.00 0.0 0 6.9 17 150 M M 5 25 190
15 89 67 78 11 0 13 0.04 0.0 0 7.7 21 80 M M 4 13 31 70
16 74 46 60 -7 5 0 0.00 0.0 0 6.6 20 340 M M 0 30 40
17 77 42 60 -7 5 0 0.00 0.0 0 5.0 14 170 M M 1 21 180
18 78 54 66 -1 0 1 0.02 0.0 0 7.1 21 180 M M 4 28 190
19 85 63 74 6 0 9 0.00 0.0 0 11.3 23 160 M M 5 1 32 170
20 77 65 71 3 0 6 1.20 0.0 0 8.3 24 260 M M 10 13 35 250
21 77 60 69 1 0 4 0.99 0.0 0 6.0 23 120 M M 6 13 34 180
22 79 54 67 -1 0 2 0.00 0.0 0 5.7 15 120 M M 2 26 130
23 64 55 60 -8 5 0 0.01 0.0 0 6.8 14 40 M M 7 3 25 60
24 72 53 63 -6 2 0 0.00 0.0 0 6.8 14 80 M M 9 18 80
25 74 59 67 -2 0 2 0.01 0.0 0 5.7 14 110 M M 6 21 130
26 84 62 73 4 0 8 0.30 0.0 0 9.1 23 350 M M 8 1 40 350
27 75 54 65 -4 0 0 0.35 0.0 0 6.3 21 110 M M 6 13 29 120
28 83 49 66 -4 0 1 0.26 M 0 6.9 28 300 M M 2 13 38 290
29 69 48 59 -11 6 0 0.00 0.0 0 10.0 23 330 M M 7 34 330
30 85 45 65 -5 0 0 0.00 0.0 0 4.6 14 220 M M 0 19 250
================================================================================
SM 2294 1657 53 87 5.83 0.0 203.7 M 169
================================================================================
AV 76.5 55.2 6.8 FASTST M M 6 MAX(MPH)
MISC ----> 28 300 41 150
================================================================================
NOTES:
# LAST OF SEVERAL OCCURRENCES
COLUMN 17 PEAK WIND IN M.P.H.
PRELIMINARY LOCAL CLIMATOLOGICAL DATA (WS FORM: F-6) , PAGE 2
STATION: CONROE
MONTH: APRIL
YEAR: 2023
LATITUDE: 30 21 N
LONGITUDE: 95 25 W
[TEMPERATURE DATA] [PRECIPITATION DATA] SYMBOLS USED IN COLUMN 16
AVERAGE MONTHLY: 65.9 TOTAL FOR MONTH: 5.83 1 = FOG OR MIST
DPTR FM NORMAL: -1.2 DPTR FM NORMAL: 2.73 2 = FOG REDUCING VISIBILITY
HIGHEST: 89 ON 15 GRTST 24HR 2.19 ON 20-21 TO 1/4 MILE OR LESS
LOWEST: 42 ON 17 3 = THUNDER
SNOW, ICE PELLETS, HAIL 4 = ICE PELLETS
TOTAL MONTH: 0.0 INCH 5 = HAIL
GRTST 24HR 0.0 6 = FREEZING RAIN OR DRIZZLE
GRTST DEPTH: 0 7 = DUSTSTORM OR SANDSTORM:
VSBY 1/2 MILE OR LESS
8 = SMOKE OR HAZE
[NO. OF DAYS WITH] [WEATHER - DAYS WITH] 9 = BLOWING SNOW
X = TORNADO
MAX 32 OR BELOW: 0 0.01 INCH OR MORE: 14
MAX 90 OR ABOVE: 0 0.10 INCH OR MORE: 8
MIN 32 OR BELOW: 0 0.50 INCH OR MORE: 5
MIN 0 OR BELOW: 0 1.00 INCH OR MORE: 2
[HDD (BASE 65) ]
TOTAL THIS MO. 53 CLEAR (SCALE 0-3) 9
DPTR FM NORMAL -9 PTCLDY (SCALE 4-7) 12
TOTAL FM JUL 1 1455 CLOUDY (SCALE 8-10) 9
DPTR FM NORMAL -246
[CDD (BASE 65) ]
TOTAL THIS MO. 87
DPTR FM NORMAL -36 [PRESSURE DATA]
TOTAL FM JAN 1 275 HIGHEST SLP 30.27 ON 10
DPTR FM NORMAL 65 LOWEST SLP 29.64 ON 4
[REMARKS]
#FINAL-04-23#