000
CXUS53 KUNR 011030
CF6D07
PRELIMINARY LOCAL CLIMATOLOGICAL DATA (WS FORM: F-6)
STATION: FAITH SD
MONTH: FEBRUARY
YEAR: 2023
LATITUDE: 45 1 N
LONGITUDE: 102 1 W
TEMPERATURE IN F: :PCPN: SNOW: WIND :SUNSHINE: SKY :PK WND
================================================================================
1 2 3 4 5 6A 6B 7 8 9 10 11 12 13 14 15 16 17 18
12Z AVG MX 2MIN
DY MAX MIN AVG DEP HDD CDD WTR SNW DPTH SPD SPD DIR MIN PSBL S-S WX SPD DR
================================================================================
1 36 14 25 5 40 0 0.00 M M 10.1 14 280 M M M M M
2 30 4 17 -3 48 0 0.00 M M 11.0 26 20 M M M 33 360
3 35 5 20 0 45 0 0.00 M M 10.6 17 240 M M M 22 150
4 48 31 40 20 25 0 0.00 M M 12.3 20 290 M M M 25 290
5 44 29 37 17 28 0 0.00 M M 12.9 25 150 M M M 32 160
6 43 28 36 16 29 0 0.00 M M 15.6 32 310 M M M 42 330
7 50 28 39 18 26 0 0.00 M M 11.4 22 290 M M M 30 290
8 48 26 37 16 28 0 0.00 M M 11.9 22 320 M M M 28 320
9 35 20 28 7 37 0 0.00 M M 16.1 28 360 M M M 40 360
10 51 15 33 12 32 0 0.00 M M 10.6 32 360 M M M 42 360
11 51 28 40 19 25 0 0.00 M M 5.6 13 300 M M M 17 300
12 51 27 39 17 26 0 0.00 M M 9.3 23 300 M M M 28 300
13 59 26 43 21 22 0 0.00 M M 11.3 18 210 M M M 21 210
14 38 12 25 3 40 0 0.01 M M 22.0 38 340 M M M 54 360
15 26 6 16 -6 49 0 0.00 M M 10.4 33 340 M M M 43 340
16 32 11 22 -1 43 0 0.00 M M 6.4 16 180 M M M 19 350
17 49 14 32 9 33 0 0.00 M M 12.6 26 300 M M M 34 330
18 51 20 36 13 29 0 0.00 M M 10.7 22 330 M M M 29 330
19 44 22 33 9 32 0 0.00 M M 8.1 30 250 M M M 39 250
20 38 14 26 2 39 0 0.00 M M 18.5 28 340 M M M 39 330
21 15 1 8 -16 57 0 0.07 M M 8.1 30 340 M M M 40 320
22 1 -10 -4 -28 69 0 0.20 M M 19.4 28 20 M M M 33 20
23 -4 -16 -10 -35 75 0 0.03 M M 9.2 23 360 M M M 29 360
24 0 -14 -7 -32 72 0 0.00 M M 10.6 20 150 M M M 25 150
25 32 -7 13 -13 52 0 0.00 M M 8.9 18 170 M M M 19 230
26 34 14 24 -2 41 0 0.00 M M 10.5 23 170 M M M 25 170
27 39 25 32 6 33 0 0.01 M M 13.7 30 320 M M M 35 320
28 40 22 31 4 34 0 0.43 M M 15.8 32 310 M M M 38 320
================================================================================
SM 1016 395 1109 0 0.75 M 333.6 M M
================================================================================
AV 36.3 14.1 11.9 FASTST M M M MAX(MPH)
MISC ----> 38 340 54 360
================================================================================
NOTES:
# LAST OF SEVERAL OCCURRENCES
COLUMN 17 PEAK WIND IN M.P.H.
PRELIMINARY LOCAL CLIMATOLOGICAL DATA (WS FORM: F-6) , PAGE 2
STATION: FAITH SD
MONTH: FEBRUARY
YEAR: 2023
LATITUDE: 45 1 N
LONGITUDE: 102 1 W
[TEMPERATURE DATA] [PRECIPITATION DATA] SYMBOLS USED IN COLUMN 16
AVERAGE MONTHLY: 25.2 TOTAL FOR MONTH: 0.75 1 = FOG OR MIST
DPTR FM NORMAL: 2.6 DPTR FM NORMAL: 0.25 2 = FOG REDUCING VISIBILITY
HIGHEST: 59 ON 13 GRTST 24HR 0.43 ON 28-28 TO 1/4 MILE OR LESS
LOWEST: -16 ON 23 3 = THUNDER
SNOW, ICE PELLETS, HAIL 4 = ICE PELLETS
TOTAL MONTH: M 5 = HAIL
GRTST 24HR M ON M 6 = FREEZING RAIN OR DRIZZLE
GRTST DEPTH: M ON M 7 = DUSTSTORM OR SANDSTORM:
VSBY 1/2 MILE OR LESS
8 = SMOKE OR HAZE
[NO. OF DAYS WITH] [WEATHER - DAYS WITH] 9 = BLOWING SNOW
X = TORNADO
MAX 32 OR BELOW: 8 0.01 INCH OR MORE: 6
MAX 90 OR ABOVE: 0 0.10 INCH OR MORE: 2
MIN 32 OR BELOW: 28 0.50 INCH OR MORE: 0
MIN 0 OR BELOW: 4 1.00 INCH OR MORE: 0
[HDD (BASE 65) ]
TOTAL THIS MO. 1109 CLEAR (SCALE 0-3) 0
DPTR FM NORMAL -78 PTCLDY (SCALE 4-7) 0
TOTAL FM JUL 1 5551 CLOUDY (SCALE 8-10) 28
DPTR FM NORMAL -67
[CDD (BASE 65) ]
TOTAL THIS MO. 0
DPTR FM NORMAL 0 [PRESSURE DATA]
TOTAL FM JAN 1 0 HIGHEST SLP 30.74 ON 23
DPTR FM NORMAL 0 LOWEST SLP 29.17 ON 14
[REMARKS]
#FINAL-02-23#