000
CXUS52 KMLB 010645
CF6DAB
PRELIMINARY LOCAL CLIMATOLOGICAL DATA (WS FORM: F-6)
STATION: DAYTONA BEACH
MONTH: AUGUST
YEAR: 2022
LATITUDE: 29 10 N
LONGITUDE: 81 3 W
TEMPERATURE IN F: :PCPN: SNOW: WIND :SUNSHINE: SKY :PK WND
================================================================================
1 2 3 4 5 6A 6B 7 8 9 10 11 12 13 14 15 16 17 18
12Z AVG MX 2MIN
DY MAX MIN AVG DEP HDD CDD WTR SNW DPTH SPD SPD DIR MIN PSBL S-S WX SPD DR
================================================================================
1 93 75 84 2 0 19 0.00 0.0 0 4.5 14 70 M M 4 1 17 80
2 93 74 84 2 0 19 T 0.0 0 6.8 20 240 M M 5 3 26 230
3 92 71 82 0 0 17 0.00 0.0 0 5.1 13 100 M M 4 18 120
4 91 74 83 1 0 18 0.00 0.0 0 4.7 16 80 M M 2 1 22 120
5 90 76 83 1 0 18 0.44 0.0 0 4.2 14 70 M M 3 13 21 80
6 92 77 85 3 0 20 0.00 0.0 0 4.7 15 80 M M 2 20 80
7 91 76 84 2 0 19 0.00 0.0 0 5.5 17 70 M M 4 1 22 70
8 90 76 83 1 0 18 0.00 0.0 0 5.0 16 70 M M 7 38 22 60
9 91 76 84 2 0 19 0.01 0.0 0 3.6 17 80 M M 6 13 22 80
10 92 78 85 3 0 20 0.00 0.0 0 5.1 15 90 M M 5 1 20 70
11 94 78 86 4 0 21 T 0.0 0 3.8 15 320 M M 8 13 19 100
12 92 73 83 1 0 18 0.69 0.0 0 2.7 14 270 M M 8 13 18 260
13 92 73 83 1 0 18 0.02 0.0 0 5.0 15 20 M M 8 3 17 20
14 88 73 81 -1 0 16 0.00 0.0 0 5.9 15 30 M M 5 20 60
15 89 73 81 -1 0 16 0.00 0.0 0 3.9 13 60 M M 3 18 17 70
16 95 74 85 3 0 20 0.00 0.0 0 4.8 13 250 M M 5 1 19 270
17 93 75 84 2 0 19 T 0.0 0 5.8 24 340 M M 7 38 34 350
18 92 73 83 1 0 18 1.17 0.0 0 3.5 21 200 M M 5 13 26 200
19 92 73 83 1 0 18 0.14 0.0 0 4.5 18 350 M M 6 13 27 340
20 93 73 83 1 0 18 0.00 0.0 0 4.0 15 60 M M 5 3 19 60
21 93 76 85 3 0 20 0.00 0.0 0 3.1 13 80 M M 5 138 19 100
22 94 76 85 3 0 20 T 0.0 0 2.7 13 80 M M 8 13 17 90
23 93 76 85 3 0 20 0.18 0.0 0 3.4 20 10 M M 8 13 25 10
24 91 76 84 2 0 19 T 0.0 0 4.0 16 60 M M 8 20 60
25 92 77 85 3 0 20 T 0.0 0 3.8 13 70 M M 8 13 15 70
26 88 75 82 0 0 17 0.38 0.0 0 4.3 17 190 M M 7 138X 26 190
27 91 73 82 0 0 17 1.95 0.0 0 2.8 21 60 M M 7 13 24 60
28 88 75 82 0 0 17 0.40 0.0 0 3.1 14 300 M M 7 138X 18 300
29 89 76 83 1 0 18 0.64 0.0 0 3.2 12 80 M M 8 138 14 90
30 93 77 85 4 0 20 0.99 0.0 0 4.9 20 250 M M 7 13 29 250
31 93 74 84 3 0 19 1.48 0.0 0 3.2 29 50 M M 6 138 38 360
================================================================================
SM 2840 2322 0 576 8.49 0.0 131.6 M 181
================================================================================
AV 91.6 74.9 4.2 FASTST M M 6 MAX(MPH)
MISC ----> 29 50 38 360
================================================================================
NOTES:
# LAST OF SEVERAL OCCURRENCES
COLUMN 17 PEAK WIND IN M.P.H.
PRELIMINARY LOCAL CLIMATOLOGICAL DATA (WS FORM: F-6) , PAGE 2
STATION: DAYTONA BEACH
MONTH: AUGUST
YEAR: 2022
LATITUDE: 29 10 N
LONGITUDE: 81 3 W
[TEMPERATURE DATA] [PRECIPITATION DATA] SYMBOLS USED IN COLUMN 16
AVERAGE MONTHLY: 83.3 TOTAL FOR MONTH: 8.49 1 = FOG OR MIST
DPTR FM NORMAL: 1.4 DPTR FM NORMAL: 1.91 2 = FOG REDUCING VISIBILITY
HIGHEST: 95 ON 16 GRTST 24HR 2.12 ON 27-28 TO 1/4 MILE OR LESS
LOWEST: 71 ON 3 3 = THUNDER
SNOW, ICE PELLETS, HAIL 4 = ICE PELLETS
TOTAL MONTH: 0.0 INCH 5 = HAIL
GRTST 24HR 0.0 6 = FREEZING RAIN OR DRIZZLE
GRTST DEPTH: 0 7 = DUSTSTORM OR SANDSTORM:
VSBY 1/2 MILE OR LESS
8 = SMOKE OR HAZE
[NO. OF DAYS WITH] [WEATHER - DAYS WITH] 9 = BLOWING SNOW
X = TORNADO
MAX 32 OR BELOW: 0 0.01 INCH OR MORE: 13
MAX 90 OR ABOVE: 26 0.10 INCH OR MORE: 11
MIN 32 OR BELOW: 0 0.50 INCH OR MORE: 6
MIN 0 OR BELOW: 0 1.00 INCH OR MORE: 3
[HDD (BASE 65) ]
TOTAL THIS MO. 0 CLEAR (SCALE 0-3) 3
DPTR FM NORMAL 0 PTCLDY (SCALE 4-7) 24
TOTAL FM JUL 1 0 CLOUDY (SCALE 8-10) 4
DPTR FM NORMAL 0
[CDD (BASE 65) ]
TOTAL THIS MO. 576
DPTR FM NORMAL 51 [PRESSURE DATA]
TOTAL FM JAN 1 2576 HIGHEST SLP M ON M
DPTR FM NORMAL 402 LOWEST SLP 29.87 ON 17
[REMARKS]
#FINAL-08-22#