000
CXUS52 KMLB 011654
CLMDAB
CLIMATE REPORT
NATIONAL WEATHER SERVICE MELBOURNE FL
1254 PM EDT FRI SEP 01 2023
...................................
...THE DAYTONA BEACH CLIMATE SUMMARY FOR THE MONTH OF AUGUST 2023...
CLIMATE NORMAL PERIOD 1991 TO 2020
CLIMATE RECORD PERIOD 1923 TO 2023
WEATHER OBSERVED NORMAL DEPART LAST YEAR`S
VALUE DATE(S) VALUE FROM VALUE
NORMAL
..............................................................
TEMPERATURE (F)
MONTHLY RECORD
WARMEST 84.0 2007
COOLEST 78.7 1967
DAILY RECORD
HIGH 101 08/27/1938
08/18/1938
LOW 63 08/04/1938
AUGUST 2023
HIGHEST 99 08/10 95
LOWEST 73 08/01 71
AVG. MAXIMUM 93.1 89.8 3.3 91.6
AVG. MINIMUM 77.0 74.1 2.9 74.9
MEAN 85.0R 81.9 3.1 83.3
DAYS MAX >= 90 29 17.2 11.8 26
DAYS MAX <= 32 0 0.0 0.0 0
DAYS MIN <= 32 0 0.0 0.0 0
DAYS MIN <= 0 0 0.0 0.0 0
PRECIPITATION (INCHES)
MONTHLY RECORD
MAXIMUM 19.89 1953
MINIMUM 2.01 1963
DAILY RECORD
MAXIMUM 7.00 08/07/2004
AUGUST 2023
TOTALS 5.70 6.58 -0.88 8.49
DAYS >= .01 11 14.8 -3.8 13
DAYS >= .10 7 9.9 -2.9 11
DAYS >= .50 5 4.5 0.5 6
DAYS >= 1.00 3 1.9 1.1 3
GREATEST
24 HR. TOTAL 2.19 08/17 TO 08/18
SNOWFALL (INCHES)
TOTALS 0.0 MM MM 0.0
SINCE 7/1 0.0 MM MM MM
DAYS >= TRACE 0 0
DEGREE DAYS
HEATING TOTAL 0 0 0 0
SINCE 7/1 0 0 0 MM
COOLING TOTAL 629 525 104 576
SINCE 1/1 2694 2174 520 MM
..............................................................
WIND (MPH)
AVERAGE WIND SPEED 5.7
HIGHEST WIND SPEED/DIRECTION 30/260 DATE 08/17
HIGHEST GUST SPEED/DIRECTION 45/210 DATE 08/30
SKY COVER
POSSIBLE SUNSHINE (PERCENT) MM
AVERAGE SKY COVER 0.45
NUMBER OF DAYS FAIR 7
NUMBER OF DAYS PC 22
NUMBER OF DAYS CLOUDY 2
AVERAGE RH (PERCENT) 76
WEATHER CONDITIONS. NUMBER OF DAYS WITH
THUNDERSTORM 18 MIXED PRECIP 0
HEAVY RAIN 6 RAIN 8
LIGHT RAIN 14 LT FREEZING RAIN 0
HAIL 0 LIGHT SNOW 0
SLEET 0 FOG 12
FOG W/VIS <= 1/4 MILE 0 HAZE 4
- INDICATES NEGATIVE NUMBERS.
R INDICATES RECORD WAS SET OR TIED.
MM INDICATES DATA IS MISSING.
T INDICATES TRACE AMOUNT.
$$