000
CXUS55 KVEF 281021
CF6DAG
PRELIMINARY LOCAL CLIMATOLOGICAL DATA (WS FORM: F-6)
STATION: BARSTOW-DAGGETT CA
MONTH: SEPTEMBER
YEAR: 2021
LATITUDE: 34 51 N
LONGITUDE: 116 47 W
TEMPERATURE IN F: :PCPN: SNOW: WIND :SUNSHINE: SKY :PK WND
================================================================================
1 2 3 4 5 6A 6B 7 8 9 10 11 12 13 14 15 16 17 18
12Z AVG MX 2MIN
DY MAX MIN AVG DEP HDD CDD WTR SNW DPTH SPD SPD DIR MIN PSBL S-S WX SPD DR
================================================================================
1 102 73 88 2 0 23 0.00 0.0 0 10.1 25 260 M M 0 30 260
2 100 67 84 -2 0 19 0.00 0.0 0 11.5 25 260 M M 0 36 250
3 99 68 84 -1 0 19 0.00 0.0 0 11.9 21 300 M M 0 30 300
4 101 69 85 0 0 20 0.00 0.0 0 8.2 15 320 M M 0 20 320
5 105 70 88 3 0 23 0.00 0.0 0 9.1 15 280 M M 0 17 270
6 109 75 92 7 0 27 0.00 0.0 0 8.8 15 270 M M 0 17 120
7 110 77 94 10 0 29 0.00 0.0 0 9.4 22 320 M M 0 8 26 310
8 109 78 94 10 0 29 0.00 0.0 0 10.2 18 100 M M 0 23 90
9 107 78 93 9 0 28 0.00 0.0 0 8.7 25 140 M M 0 8 33 60
10 103 77 90 7 0 25 T 0.0 0 10.8 23 280 M M 1 28 280
11 103 76 90 7 0 25 0.00 0.0 0 10.9 23 260 M M 0 32 270
12 104 71 88 5 0 23 0.00 0.0 0 10.8 24 330 M M 0 28 310
13 105 69 87 5 0 22 0.00 0.0 0 13.8 28 230 M M 0 35 220
14 101 67 84 2 0 19 0.00 0.0 0 11.4 20 280 M M 0 23 270
15 101 68 85 3 0 20 0.00 0.0 0 13.6 21 280 M M 0 25 280
16 100 67 84 3 0 19 0.00 0.0 0 12.5 22 270 M M 0 27 270
17 99 64 82 1 0 17 0.00 0.0 0 8.5 22 330 M M 1 27 320
18 95 70 83 3 0 18 0.00 0.0 0 15.0 26 260 M M 0 36 260
19 94 67 81 1 0 16 0.00 0.0 0 20.8 38 270 M M 0 8 44 260
20 93 61 77 -3 0 12 0.00 0.0 0 7.7 18 80 M M 1 8 28 80
21 96 59 78 -1 0 13 0.00 0.0 0 4.7 13 80 M M 0 20 70
22 100 65 83 4 0 18 0.00 0.0 0 13.0 23 260 M M 0 29 250
23 91 73 82 4 0 17 0.00 0.0 0 8.4 15 310 M M 5 8 18 310
24 96 67 82 4 0 17 T 0.0 0 9.1 26 110 M M 5 38 33 110
25 93 69 81 3 0 16 0.00 0.0 0 9.3 20 100 M M 0 25 90
26 95 69 82 5 0 17 T 0.0 0 9.1 21 270 M M 1 25 270
27 97 67 82 5 0 17 0.00 0.0 0 13.4 28 230 M M 2 35 230
28 86 62 74 -2 0 9 0.00 0.0 0 24.2 40 280 M M 0 46 280
29 84 57 71 -5 0 6 0.00 0.0 0 7.3 17 290 M M 0 22 300
30 85 51 68 -8 0 3 0.00 0.0 0 5.9 14 30 M M 0 21 30
================================================================================
SM 2963 2051 0 566 T 0.0 328.1 M 16
================================================================================
AV 98.8 68.4 10.9 FASTST M M 1 MAX(MPH)
MISC ----> 40 280 46 280
================================================================================
NOTES:
# LAST OF SEVERAL OCCURRENCES
COLUMN 17 PEAK WIND IN M.P.H.
PRELIMINARY LOCAL CLIMATOLOGICAL DATA (WS FORM: F-6) , PAGE 2
STATION: BARSTOW-DAGGETT CA
MONTH: SEPTEMBER
YEAR: 2021
LATITUDE: 34 51 N
LONGITUDE: 116 47 W
[TEMPERATURE DATA] [PRECIPITATION DATA] SYMBOLS USED IN COLUMN 16
AVERAGE MONTHLY: 83.6 TOTAL FOR MONTH: T 1 = FOG OR MIST
DPTR FM NORMAL: 2.5 DPTR FM NORMAL: -0.17 2 = FOG REDUCING VISIBILITY
HIGHEST: 110 ON 7 GRTST 24HR T ON 10-10 TO 1/4 MILE OR LESS
LOWEST: 51 ON 30 3 = THUNDER
SNOW, ICE PELLETS, HAIL 4 = ICE PELLETS
TOTAL MONTH: 0.0 INCH 5 = HAIL
GRTST 24HR 0.0 6 = FREEZING RAIN OR DRIZZLE
GRTST DEPTH: 0 7 = DUSTSTORM OR SANDSTORM:
VSBY 1/2 MILE OR LESS
8 = SMOKE OR HAZE
[NO. OF DAYS WITH] [WEATHER - DAYS WITH] 9 = BLOWING SNOW
X = TORNADO
MAX 32 OR BELOW: 0 0.01 INCH OR MORE: 0
MAX 90 OR ABOVE: 27 0.10 INCH OR MORE: 0
MIN 32 OR BELOW: 0 0.50 INCH OR MORE: 0
MIN 0 OR BELOW: 0 1.00 INCH OR MORE: 0
[HDD (BASE 65) ]
TOTAL THIS MO. 0 CLEAR (SCALE 0-3) 28
DPTR FM NORMAL -1 PTCLDY (SCALE 4-7) 2
TOTAL FM JUL 1 0 CLOUDY (SCALE 8-10) 0
DPTR FM NORMAL 0
[CDD (BASE 65) ]
TOTAL THIS MO. 566
DPTR FM NORMAL 81 [PRESSURE DATA]
TOTAL FM JAN 1 3466 HIGHEST SLP 30.16 ON 21
DPTR FM NORMAL 511 LOWEST SLP 29.58 ON 1
[REMARKS]
#FINAL-09-21#