000
CXUS55 KVEF 010910
CF6DAG
PRELIMINARY LOCAL CLIMATOLOGICAL DATA (WS FORM: F-6)
STATION: BARSTOW-DAGGETT CA
MONTH: APRIL
YEAR: 2021
LATITUDE: 34 51 N
LONGITUDE: 116 47 W
TEMPERATURE IN F: :PCPN: SNOW: WIND :SUNSHINE: SKY :PK WND
================================================================================
1 2 3 4 5 6A 6B 7 8 9 10 11 12 13 14 15 16 17 18
12Z AVG MX 2MIN
DY MAX MIN AVG DEP HDD CDD WTR SNW DPTH SPD SPD DIR MIN PSBL S-S WX SPD DR
================================================================================
1 82 44 63 2 2 0 0.00 0.0 0 5.9 14 270 M M 0 16 280
2 91 52 72 11 0 7 0.00 0.0 0 12.4 24 260 M M 0 8 28 270
3 93 55 74 12 0 9 0.00 0.0 0 13.8 22 250 M M 0 28 240
4 94 57 76 14 0 11 0.00 0.0 0 20.0 32 270 M M 0 39 260
5 89 63 76 14 0 11 0.00 0.0 0 30.0 44 270 M M 0 8 56 270
6 83 55 69 7 0 4 0.00 0.0 0 9.6 31 260 M M 0 8 37 260
7 91 54 73 11 0 8 0.00 0.0 0 19.0 36 270 M M 0 42 270
8 86 58 72 9 0 7 0.00 0.0 0 22.0 32 260 M M 0 39 270
9 87 50 69 6 0 4 0.00 0.0 0 12.1 24 260 M M 0 28 260
10 88 60 74 11 0 9 0.00 0.0 0 13.2 26 270 M M 0 33 250
11 89 53 71 8 0 6 0.00 0.0 0 10.6 25 260 M M 0 30 270
12 88 53 71 7 0 6 0.00 0.0 0 14.9 25 250 M M 0 35 260
13 84 59 72 8 0 7 0.00 0.0 0 28.8 44 270 M M 0 8 52 280
14 77 51 64 0 1 0 0.00 0.0 0 26.2 39 280 M M 0 47 260
15 75 46 61 -3 4 0 0.00 0.0 0 10.8 26 260 M M 0 34 250
16 80 48 64 -1 1 0 0.00 0.0 0 9.5 22 260 M M 0 25 250
17 78 50 64 -1 1 0 0.00 0.0 0 8.3 21 30 M M 0 27 10
18 80 47 64 -1 1 0 0.00 0.0 0 7.3 22 20 M M 0 27 20
19 91 53 72 6 0 7 0.00 0.0 0 16.3 28 280 M M 0 34 300
20 90 58 74 8 0 9 0.00 0.0 M 15.0 28 230 M M 0 8 34 230
21 76 52 64 -2 1 0 0.00 0.0 M 23.8 38 280 M M 0 8 47 270
22 82 52 67 1 0 2 0.00 0.0 M 18.5 36 260 M M 1 45 260
23 87 56 72 5 0 7 0.00 0.0 0 15.3 26 270 M M 0 34 270
24 86 55 71 4 0 6 0.00 0.0 0 21.8 36 260 M M 0 44 270
25 76 53 65 -3 0 0 0.00 0.0 0 17.3 30 280 M M 0 35 280
26 70 52 61 -7 4 0 0.00 0.0 0 20.7 32 250 M M 2 40 260
27 72 50 61 -7 4 0 T 0.0 0 10.6 25 240 M M 6 31 240
28 85 50 68 0 0 3 0.00 0.0 M 12.1 25 30 M M 0 33 30
29 91 56 74 5 0 9 0.00 0.0 M 8.7 17 280 M M 0 20 280
30 99 62 81 12 0 16 0.00 0.0 0 12.7 22 250 M M 0 27 230
================================================================================
SM 2540 1604 19 148 T 0.0 467.2 M 9
================================================================================
AV 84.7 53.5 15.6 FASTST M M 0 MAX(MPH)
MISC ----> # 44 270 56 270
================================================================================
NOTES:
# LAST OF SEVERAL OCCURRENCES
COLUMN 17 PEAK WIND IN M.P.H.
PRELIMINARY LOCAL CLIMATOLOGICAL DATA (WS FORM: F-6) , PAGE 2
STATION: BARSTOW-DAGGETT CA
MONTH: APRIL
YEAR: 2021
LATITUDE: 34 51 N
LONGITUDE: 116 47 W
[TEMPERATURE DATA] [PRECIPITATION DATA] SYMBOLS USED IN COLUMN 16
AVERAGE MONTHLY: 69.1 TOTAL FOR MONTH: T 1 = FOG OR MIST
DPTR FM NORMAL: 4.3 DPTR FM NORMAL: -0.17 2 = FOG REDUCING VISIBILITY
HIGHEST: 99 ON 30 GRTST 24HR T ON 27-27 TO 1/4 MILE OR LESS
LOWEST: 44 ON 1 3 = THUNDER
SNOW, ICE PELLETS, HAIL 4 = ICE PELLETS
TOTAL MONTH: 0.0 INCH 5 = HAIL
GRTST 24HR 0.0 6 = FREEZING RAIN OR DRIZZLE
GRTST DEPTH: 0 7 = DUSTSTORM OR SANDSTORM:
VSBY 1/2 MILE OR LESS
8 = SMOKE OR HAZE
[NO. OF DAYS WITH] [WEATHER - DAYS WITH] 9 = BLOWING SNOW
X = TORNADO
MAX 32 OR BELOW: 0 0.01 INCH OR MORE: 0
MAX 90 OR ABOVE: 8 0.10 INCH OR MORE: 0
MIN 32 OR BELOW: 0 0.50 INCH OR MORE: 0
MIN 0 OR BELOW: 0 1.00 INCH OR MORE: 0
[HDD (BASE 65) ]
TOTAL THIS MO. 19 CLEAR (SCALE 0-3) 29
DPTR FM NORMAL -75 PTCLDY (SCALE 4-7) 1
TOTAL FM JUL 1 1890 CLOUDY (SCALE 8-10) 0
DPTR FM NORMAL -193
[CDD (BASE 65) ]
TOTAL THIS MO. 148
DPTR FM NORMAL 60 [PRESSURE DATA]
TOTAL FM JAN 1 154 HIGHEST SLP M ON M
DPTR FM NORMAL 47 LOWEST SLP 29.54 ON 13
[REMARKS]
#FINAL-04-21#