000
CXUS51 KRNK 011949
CF6DAN
PRELIMINARY LOCAL CLIMATOLOGICAL DATA (WS FORM: F-6)
STATION: DANVILLE VA
MONTH: MARCH
YEAR: 2023
LATITUDE: 36 34 N
LONGITUDE: 79 20 W
TEMPERATURE IN F: :PCPN: SNOW: WIND :SUNSHINE: SKY :PK WND
================================================================================
1 2 3 4 5 6A 6B 7 8 9 10 11 12 13 14 15 16 17 18
12Z AVG MX 2MIN
DY MAX MIN AVG DEP HDD CDD WTR SNW DPTH SPD SPD DIR MIN PSBL S-S WX SPD DR
================================================================================
1 60 46 53 8 12 0 0.00 0.0 0 4.1 12 50 M M 3 17 60
2 64 49 57 12 8 0 0.46 0.0 0 3.4 10 280 M M 5 13 14 300
3 56 48 52 7 13 0 0.27 0.0 0 6.2 18 330 M M 10 13 26 330
4 63 41 52 7 13 0 0.00 0.0 0 10.3 23 310 M M 0 1 28 250
5 68 31 50 4 15 0 0.00 0.0 0 2.1 13 240 M M 0 17 230
6 69 34 52 6 13 0 0.00 0.0 0 3.5 12 230 M M 0 15 220
7 70 41 56 10 9 0 0.00 0.0 0 11.2 24 330 M M 0 35 350
8 59 36 48 2 17 0 0.00 0.0 0 7.7 16 10 M M 0 22 10
9 62 28 45 -2 20 0 0.00 0.0 0 1.5 8 330 M M 0 13 310
10 55 42 49 2 16 0 0.02 0.0 0 5.8 22 310 M M 8 1 30 320
11 52 32 42 -5 23 0 0.00 0.0 0 8.9 20 340 M M 4 28 350
12 36 30 33 -15 32 0 0.35 0.5 0 3.7 8 50 M M 8 1 10 70
13 56 32 44 -4 21 0 0.00 0.0 0 8.2 18 310 M M 7 1 24 300
14 46 28 37 -11 28 0 0.00 0.0 0 12.4 24 320 M M 1 35 330
15 54 28 41 -8 24 0 0.00 0.0 0 8.3 22 320 M M 0 31 330
16 66 24 45 -4 20 0 0.00 0.0 0 4.7 16 230 M M 0 21 230
17 61 49 55 6 10 0 0.18 0.0 0 7.1 21 230 M M 7 1 30 240
18 56 42 49 -1 16 0 T 0.0 0 8.0 16 240 M M 4 23 300
19 46 30 38 -12 27 0 0.00 0.0 0 8.4 15 360 M M 0 26 340
20 52 24 38 -12 27 0 0.00 0.0 0 3.3 12 30 M M 0 15 40
21 64 23 44 -6 21 0 0.00 0.0 0 2.6 12 230 M M 0 17 230
22 56 42 49 -2 16 0 0.02 0.0 0 5.4 15 250 M M 9 20 240
23 81 51 66 15 0 1 0.00 0.0 0 10.3 22 240 M M 5 29 230
24 87 54 71 20 0 6 0.00 0.0 0 8.2 22 240 M M 1 27 230
25 76 49 63 11 2 0 0.12 0.0 0 7.2 17 220 M M 4 1 25 210
26 70 49 60 8 5 0 0.00 0.0 0 3.3 9 230 M M 2 15 170
27 80 50 65 13 0 0 0.20 0.0 0 3.8 18 240 M M 5 1 22 240
28 64 44 54 1 11 0 0.10 0.0 0 2.1 M M M M 4 M M
29 60 39 50 -3 15 0 0.00 0.0 0 6.7 13 340 M M 2 15 10
30 66 33 50 -3 15 0 0.00 0.0 0 3.7 12 230 M M 0 16 230
31 64 49 57 3 8 0 0.18 0.0 0 4.4 23 230 M M 5 1 30 240
================================================================================
SM 1919 1198 457 7 1.90 0.5 186.5 M 94
================================================================================
AV 61.9 38.6 6.0 FASTST M M 3 MAX(MPH)
MISC ----> # 24 330 # 35 350
================================================================================
NOTES:
# LAST OF SEVERAL OCCURRENCES
COLUMN 17 PEAK WIND IN M.P.H.
PRELIMINARY LOCAL CLIMATOLOGICAL DATA (WS FORM: F-6) , PAGE 2
STATION: DANVILLE VA
MONTH: MARCH
YEAR: 2023
LATITUDE: 36 34 N
LONGITUDE: 79 20 W
[TEMPERATURE DATA] [PRECIPITATION DATA] SYMBOLS USED IN COLUMN 16
AVERAGE MONTHLY: 50.3 TOTAL FOR MONTH: 1.90 1 = FOG OR MIST
DPTR FM NORMAL: 1.3 DPTR FM NORMAL: -1.63 2 = FOG REDUCING VISIBILITY
HIGHEST: 87 ON 24 GRTST 24HR 0.46 ON 2- 2 TO 1/4 MILE OR LESS
LOWEST: 23 ON 21 3 = THUNDER
SNOW, ICE PELLETS, HAIL 4 = ICE PELLETS
TOTAL MONTH: 0.5 INCH 5 = HAIL
GRTST 24HR 0.5 ON 12-12 6 = FREEZING RAIN OR DRIZZLE
GRTST DEPTH: 0 7 = DUSTSTORM OR SANDSTORM:
VSBY 1/2 MILE OR LESS
8 = SMOKE OR HAZE
[NO. OF DAYS WITH] [WEATHER - DAYS WITH] 9 = BLOWING SNOW
X = TORNADO
MAX 32 OR BELOW: 0 0.01 INCH OR MORE: 10
MAX 90 OR ABOVE: 0 0.10 INCH OR MORE: 8
MIN 32 OR BELOW: 11 0.50 INCH OR MORE: 0
MIN 0 OR BELOW: 0 1.00 INCH OR MORE: 0
[HDD (BASE 65) ]
TOTAL THIS MO. 457 CLEAR (SCALE 0-3) 16
DPTR FM NORMAL -45 PTCLDY (SCALE 4-7) 13
TOTAL FM JUL 1 3035 CLOUDY (SCALE 8-10) 2
DPTR FM NORMAL -451
[CDD (BASE 65) ]
TOTAL THIS MO. 7
DPTR FM NORMAL 2 [PRESSURE DATA]
TOTAL FM JAN 1 10 HIGHEST SLP 30.46 ON 21
DPTR FM NORMAL 4 LOWEST SLP 29.34 ON 3
[REMARKS] DUE TO EQUIPMENT ISSUES WITH DANVILLE`S TIP BUCKET, A
FISHER PORTER REPLACEMENT (FPR) WAS USED TO COLLECT PRECIPITATION
AMOUNTS THROUGH THE MONTH. A NEW TIPPING BUCKET WAS INSTALLED ON
MARCH 22, 2023. THE FPR REMAINS IN PLACE FOR QUAILTY CONTROL UNTIL
FURTHER NOTICE.
#FINAL-03-23#