239
CXUS51 KRNK 010853
CF6DAN
PRELIMINARY LOCAL CLIMATOLOGICAL DATA (WS FORM: F-6)
STATION: DANVILLE VA
MONTH: MARCH
YEAR: 2020
LATITUDE: 36 34 N
LONGITUDE: 79 20 W
TEMPERATURE IN F: :PCPN: SNOW: WIND :SUNSHINE: SKY :PK WND
================================================================================
1 2 3 4 5 6A 6B 7 8 9 10 11 12 13 14 15 16 17 18
12Z AVG MX 2MIN
DY MAX MIN AVG DEP HDD CDD WTR SNW DPTH SPD SPD DIR MIN PSBL S-S WX SPD DR
================================================================================
1 60 19 40 -4 25 0 0.00 0.0 0 M M M M M M M M
2 67 30 49 5 16 0 0.00 0.0 0 M M M M M M M M
3 61 53 57 12 8 0 0.05 0.0 0 M M M M M M M M
4 63 41 52 7 13 0 0.00 0.0 0 6.1 13 230 M M 0 18 280
5 57 37 47 2 18 0 0.00 0.0 0 4.4 15 60 M M 1 18 60
6 57 31 44 -2 21 0 0.00 0.0 0 9.9 30 320 M M 4 43 320
7 54 32 43 -3 22 0 0.00 0.0 0 11.2 22 320 M M 0 30 340
8 63 25 44 -2 21 0 0.00 0.0 0 4.3 13 230 M M 0 20 230
9 70 32 51 5 14 0 0.00 0.0 0 8.1 20 230 M M 0 27 230
10 70 57 64 17 1 0 0.09 0.0 0 10.4 28 230 M M 6 1 37 240
11 76 48 62 15 3 0 0.00 0.0 0 4.1 17 230 M M 3 23 250
12 70 43 57 10 8 0 T 0.0 0 4.7 10 40 M M 3 14 60
13 76 58 67 19 0 2 0.12 0.0 0 7.9 15 320 M M 4 1 21 300
14 66 46 56 8 9 0 0.00 0.0 0 4.5 12 50 M M 6 14 30
15 54 44 49 1 16 0 T 0.0 0 10.5 16 40 M M 10 20 40
16 58 43 51 2 14 0 T 0.0 0 3.8 10 50 M M 10 14 50
17 66 46 56 7 9 0 T 0.0 0 4.3 13 240 M M 6 16 240
18 64 44 54 5 11 0 0.00 0.0 0 3.7 14 60 M M 6 1 21 70
19 79 55 67 17 0 2 T 0.0 0 5.4 15 230 M M 6 1 20 240
20 87 61 74 24 0 9 0.15 0.0 0 10.3 26 250 M M 4 1 33 230
21 69 50 60 10 5 0 0.13 0.0 0 7.5 16 40 M M 10 1 19 60
22 57 44 51 1 14 0 0.02 0.0 0 7.6 16 50 M M 8 1 20 50
23 51 43 47 -4 18 0 0.31 0.0 0 6.2 13 250 M M 10 1 16 220
24 60 48 54 3 11 0 0.40 0.0 0 5.0 10 50 M M 9 1 16 70
25 59 42 51 -1 14 0 0.50 0.0 0 6.8 14 20 M M 7 1 18 60
26 64 42 53 1 12 0 0.00 0.0 0 4.6 16 230 M M 7 20 230
27 82 48 65 13 0 0 0.00 0.0 0 6.6 15 250 M M 1 18 240
28 86 60 73 21 0 8 0.00 0.0 0 4.7 15 230 M M 3 20 240
29 88 61 75 22 0 10 0.00 0.0 0 8.2 25 240 M M 1 3 34 230
30 78 55 67 14 0 2 0.00 0.0 0 9.2 22 270 M M 0 29 240
31 60 45 53 -1 12 0 0.19 0.0 0 8.0 13 40 M M 7 17 40
================================================================================
SM 2072 1383 315 33 1.96 0.0 188.0 M 132
================================================================================
AV 66.8 44.6 6.7 FASTST M M 5 MAX(MPH)
MISC ----> 30 320 43 320
================================================================================
NOTES:
# LAST OF SEVERAL OCCURRENCES
COLUMN 17 PEAK WIND IN M.P.H.
PRELIMINARY LOCAL CLIMATOLOGICAL DATA (WS FORM: F-6) , PAGE 2
STATION: DANVILLE VA
MONTH: MARCH
YEAR: 2020
LATITUDE: 36 34 N
LONGITUDE: 79 20 W
[TEMPERATURE DATA] [PRECIPITATION DATA] SYMBOLS USED IN COLUMN 16
AVERAGE MONTHLY: 55.7 TOTAL FOR MONTH: 1.96 1 = FOG OR MIST
DPTR FM NORMAL: 7.0 DPTR FM NORMAL: -2.15 2 = FOG REDUCING VISIBILITY
HIGHEST: 88 ON 29 GRTST 24HR 0.90 ON 24-25 TO 1/4 MILE OR LESS
LOWEST: 19 ON 1 3 = THUNDER
SNOW, ICE PELLETS, HAIL 4 = ICE PELLETS
TOTAL MONTH: 0.0 INCH 5 = HAIL
GRTST 24HR 0.0 6 = FREEZING RAIN OR DRIZZLE
GRTST DEPTH: 0 7 = DUSTSTORM OR SANDSTORM:
VSBY 1/2 MILE OR LESS
8 = SMOKE OR HAZE
[NO. OF DAYS WITH] [WEATHER - DAYS WITH] 9 = BLOWING SNOW
X = TORNADO
MAX 32 OR BELOW: 0 0.01 INCH OR MORE: 10
MAX 90 OR ABOVE: 0 0.10 INCH OR MORE: 7
MIN 32 OR BELOW: 6 0.50 INCH OR MORE: 1
MIN 0 OR BELOW: 0 1.00 INCH OR MORE: 0
[HDD (BASE 65) ]
TOTAL THIS MO. 315 CLEAR (SCALE 0-3) 11
DPTR FM NORMAL -195 PTCLDY (SCALE 4-7) 11
TOTAL FM JUL 1 2967 CLOUDY (SCALE 8-10) 9
DPTR FM NORMAL -544
[CDD (BASE 65) ]
TOTAL THIS MO. 33
DPTR FM NORMAL 30 [PRESSURE DATA]
TOTAL FM JAN 1 33 HIGHEST SLP 30.62 ON 8
DPTR FM NORMAL 30 LOWEST SLP 29.69 ON 31
[REMARKS]
#FINAL-03-20#