000
CXUS55 KDVN 011000
CF6DBQ
PRELIMINARY LOCAL CLIMATOLOGICAL DATA (WS FORM: F-6)
STATION: DUBUQUE IA
MONTH: MAY
YEAR: 2022
LATITUDE: 42 24 N
LONGITUDE: 90 42 W
TEMPERATURE IN F: :PCPN: SNOW: WIND :SUNSHINE: SKY :PK WND
================================================================================
1 2 3 4 5 6A 6B 7 8 9 10 11 12 13 14 15 16 17 18
12Z AVG MX 2MIN
DY MAX MIN AVG DEP HDD CDD WTR SNW DPTH SPD SPD DIR MIN PSBL S-S WX SPD DR
================================================================================
1 48 44 46 -7 19 0 T 0.0 0 19.2 29 220 M M 10 1 36 220
2 52 43 48 -6 17 0 0.00 0.0 0 7.7 20 290 M M 9 27 300
3 50 37 44 -10 21 0 0.63 0.0 0 12.8 25 30 M M 8 1 36 50
4 60 35 48 -6 17 0 0.00 0.0 0 6.7 16 60 M M 2 12 22 50
5 60 47 54 -1 11 0 0.00 0.0 0 7.6 14 70 M M 7 18 70
6 64 48 56 1 9 0 0.00 0.0 0 9.0 18 40 M M 3 28 40
7 69 42 56 0 9 0 0.00 0.0 0 8.7 16 120 M M 0 23 110
8 65 49 57 1 8 0 T 0.0 0 17.3 28 140 M M 4 40 130
9 86 58 72 16 0 7 0.00 0.0 0 23.1 36 170 M M 2 8 47 150
10 87 68 78 21 0 13 T 0.0 0 10.8 20 200 M M 3 18 26 190
11 92 70 81 24 0 16 0.00 0.0 0 10.1 21 150 M M 1 18 29 170
12 93 73 83 26 0 18 0.00 0.0 0 14.9 29 170 M M 1 18 39 180
13 88 64 76 18 0 11 0.00 0.0 0 10.2 23 270 M M 1 1 32 250
14 86 60 73 15 0 8 T 0.0 0 6.0 17 260 M M 0 22 260
15 73 53 63 5 2 0 T 0.0 0 7.8 18 270 M M 2 24 300
16 77 48 63 4 2 0 0.00 0.0 0 12.0 30 320 M M 1 41 290
17 66 47 57 -2 8 0 0.00 0.0 0 5.7 20 140 M M 4 26 150
18 67 49 58 -2 7 0 0.12 0.0 0 7.5 17 60 M M 6 13 24 50
19 86 58 72 12 0 7 T 0.0 0 13.3 32 180 M M 3 1 40 200
20 70 52 61 1 4 0 0.01 0.0 0 8.3 18 330 M M 8 1 24 180
21 64 45 55 -6 10 0 0.00 0.0 0 8.2 18 330 M M 2 26 340
22 62 40 51 -10 14 0 0.00 0.0 0 9.8 21 330 M M 2 28 330
23 63 38 51 -11 14 0 0.00 0.0 0 6.9 15 90 M M 0 19 110
24 61 46 54 -8 11 0 0.20 0.0 0 10.6 21 60 M M 8 1 31 80
25 67 49 58 -4 7 0 1.57 0.0 0 9.7 22 60 M M 10 123 34 70
26 73 57 65 3 0 0 0.19 0.0 0 8.4 24 150 M M 9 123 35 140
27 70 52 61 -2 4 0 T 0.0 0 8.2 18 360 M M 6 25 350
28 75 51 63 0 2 0 T 0.0 0 14.6 29 160 M M 1 1 39 170
29 83 62 73 9 0 8 0.00 0.0 0 19.7 37 160 M M 1 51 170
30 87 67 77 13 0 12 0.00 0.0 0 21.8 35 170 M M 1 45 150
31 80 65 73 9 0 8 T 0.0 0 13.8 31 170 M M 4 42 170
================================================================================
SM 2224 1617 196 108 2.72 0.0 350.4 M 119
================================================================================
AV 71.7 52.2 11.3 FASTST M M 4 MAX(MPH)
MISC ----> 37 160 51 170
================================================================================
NOTES:
# LAST OF SEVERAL OCCURRENCES
COLUMN 17 PEAK WIND IN M.P.H.
PRELIMINARY LOCAL CLIMATOLOGICAL DATA (WS FORM: F-6) , PAGE 2
STATION: DUBUQUE IA
MONTH: MAY
YEAR: 2022
LATITUDE: 42 24 N
LONGITUDE: 90 42 W
[TEMPERATURE DATA] [PRECIPITATION DATA] SYMBOLS USED IN COLUMN 16
AVERAGE MONTHLY: 62.0 TOTAL FOR MONTH: 2.72 1 = FOG OR MIST
DPTR FM NORMAL: 3.2 DPTR FM NORMAL: -1.58 2 = FOG REDUCING VISIBILITY
HIGHEST: 93 ON 12 GRTST 24HR 1.77 ON 24-25 TO 1/4 MILE OR LESS
LOWEST: 35 ON 4 3 = THUNDER
SNOW, ICE PELLETS, HAIL 4 = ICE PELLETS
TOTAL MONTH: 0.0 INCH 5 = HAIL
GRTST 24HR 0.0 6 = FREEZING RAIN OR DRIZZLE
GRTST DEPTH: 0 7 = DUSTSTORM OR SANDSTORM:
VSBY 1/2 MILE OR LESS
8 = SMOKE OR HAZE
[NO. OF DAYS WITH] [WEATHER - DAYS WITH] 9 = BLOWING SNOW
X = TORNADO
MAX 32 OR BELOW: 0 0.01 INCH OR MORE: 6
MAX 90 OR ABOVE: 2 0.10 INCH OR MORE: 5
MIN 32 OR BELOW: 0 0.50 INCH OR MORE: 2
MIN 0 OR BELOW: 0 1.00 INCH OR MORE: 1
[HDD (BASE 65) ]
TOTAL THIS MO. 196 CLEAR (SCALE 0-3) 18
DPTR FM NORMAL -33 PTCLDY (SCALE 4-7) 8
TOTAL FM JUL 1 6784 CLOUDY (SCALE 8-10) 5
DPTR FM NORMAL -262
[CDD (BASE 65) ]
TOTAL THIS MO. 108
DPTR FM NORMAL 70 [PRESSURE DATA]
TOTAL FM JAN 1 113 HIGHEST SLP 30.39 ON 23
DPTR FM NORMAL 72 LOWEST SLP 29.32 ON 20
[REMARKS]
#FINAL-05-22#