000
CXUS51 KLWX 060402
CF6DCA
PRELIMINARY LOCAL CLIMATOLOGICAL DATA (WS FORM: F-6)
STATION: WASHINGTON NATIONAL DC
MONTH: FEBRUARY
YEAR: 2023
LATITUDE: 38 50 N
LONGITUDE: 77 2 W
TEMPERATURE IN F: :PCPN: SNOW: WIND :SUNSHINE: SKY :PK WND
================================================================================
1 2 3 4 5 6A 6B 7 8 9 10 11 12 13 14 15 16 17 18
12Z AVG MX 2MIN
DY MAX MIN AVG DEP HDD CDD WTR SNW DPTH SPD SPD DIR MIN PSBL S-S WX SPD DR
================================================================================
1 41 32 37 -1 28 0 0.04 0.4 T 9.1 18 350 M M 8 1 29 330
2 42 31 37 -1 28 0 0.00 0.0 0 6.0 14 210 M M 10 26 220
3 41 19 30 -8 35 0 0.00 0.0 0 18.1 32 330 M M 5 45 310
4 33 16 25 -13 40 0 0.00 0.0 0 10.4 22 340 M M 3 29 340
5 59 33 46 8 19 0 0.00 0.0 0 12.4 23 200 M M 8 35 210
6 55 35 45 7 20 0 0.00 0.0 0 12.1 25 340 M M 6 32 340
7 49 31 40 1 25 0 0.00 0.0 0 6.3 15 170 M M 6 1 18 180
8 67 43 55 16 10 0 0.00 0.0 0 4.4 17 330 M M 8 25 330
9 65 44 55 16 10 0 T 0.0 0 8.8 18 180 M M 9 26 190
10 65 49 57 18 8 0 0.00 0.0 0 13.9 23 290 M M 7 38 300
11 52 40 46 7 19 0 0.00 0.0 0 7.8 21 320 M M 8 32 310
12 43 38 41 2 24 0 0.81 0.0 0 9.2 24 40 M M 10 14 30 20
13 59 37 48 8 17 0 0.02 0.0 0 10.8 20 330 M M 6 28 250
14 60 37 49 9 16 0 0.00 0.0 0 6.1 13 180 M M 5 8 16 170
15 69 48 59 19 6 0 0.01 0.0 0 12.2 22 210 M M 8 30 220
16 63 45 54 14 11 0 0.30 0.0 0 5.1 13 200 M M 9 1 22 190
17 63 34 49 9 16 0 0.58 0.0 0 14.6 36 330 M M 9 1 49 310
18 48 28 38 -3 27 0 0.00 0.0 0 10.0 28 340 M M 3 41 340
19 62 37 50 9 15 0 0.00 0.0 0 12.3 23 170 M M 7 33 180
20 58 48 53 12 12 0 T 0.0 0 7.7 14 170 M M 9 18 190
21 64 44 54 13 11 0 0.01 0.0 0 7.2 28 350 M M 7 35 340
22 54 43 49 7 16 0 0.02 0.0 0 5.2 15 120 M M 9 20 110
23 81 45 63 21 2 0 T 0.0 0 5.8 14 20 M M 5 19 220
24 67 40 54 12 11 0 0.00 0.0 0 14.3 33 320 M M 4 51 310
25 40 34 37 -5 28 0 0.01 T 0 6.7 15 40 M M 9 4 20 30
26 54 37 46 4 19 0 0.00 0.0 0 8.8 16 190 M M 7 28 230
27 53 37 45 2 20 0 0.27 0.0 0 6.6 23 330 M M 8 1 28 330
28 64 41 53 10 12 0 0.01 0.0 0 7.5 20 330 M M 7 1 26 310
================================================================================
SM 1571 1046 505 0 2.08 0.4 259.4 M 200
================================================================================
AV 56.1 37.4 9.3 FASTST M M 7 MAX(MPH)
MISC ----> 36 330 51 310
================================================================================
NOTES:
# LAST OF SEVERAL OCCURRENCES
COLUMN 17 PEAK WIND IN M.P.H.
PRELIMINARY LOCAL CLIMATOLOGICAL DATA (WS FORM: F-6) , PAGE 2
STATION: WASHINGTON NATIONAL DC
MONTH: FEBRUARY
YEAR: 2023
LATITUDE: 38 50 N
LONGITUDE: 77 2 W
[TEMPERATURE DATA] [PRECIPITATION DATA] SYMBOLS USED IN COLUMN 16
AVERAGE MONTHLY: 46.7 TOTAL FOR MONTH: 2.08 1 = FOG OR MIST
DPTR FM NORMAL: 6.7 DPTR FM NORMAL: -0.54 2 = FOG REDUCING VISIBILITY
HIGHEST: 81 ON 23 GRTST 24HR 0.88 ON 16-17 TO 1/4 MILE OR LESS
LOWEST: 16 ON 4 3 = THUNDER
SNOW, ICE PELLETS, HAIL 4 = ICE PELLETS
TOTAL MONTH: 0.4 INCH 5 = HAIL
GRTST 24HR 0.4 ON 1- 1 6 = FREEZING RAIN OR DRIZZLE
GRTST DEPTH: T 7 = DUSTSTORM OR SANDSTORM:
VSBY 1/2 MILE OR LESS
8 = SMOKE OR HAZE
[NO. OF DAYS WITH] [WEATHER - DAYS WITH] 9 = BLOWING SNOW
X = TORNADO
MAX 32 OR BELOW: 0 0.01 INCH OR MORE: 11
MAX 90 OR ABOVE: 0 0.10 INCH OR MORE: 4
MIN 32 OR BELOW: 6 0.50 INCH OR MORE: 2
MIN 0 OR BELOW: 0 1.00 INCH OR MORE: 0
[HDD (BASE 65) ]
TOTAL THIS MO. 505 CLEAR (SCALE 0-3) 2
DPTR FM NORMAL -194 PTCLDY (SCALE 4-7) 15
TOTAL FM JUL 1 2492 CLOUDY (SCALE 8-10) 11
DPTR FM NORMAL -431
[CDD (BASE 65) ]
TOTAL THIS MO. 0
DPTR FM NORMAL 0 [PRESSURE DATA]
TOTAL FM JAN 1 0 HIGHEST SLP 30.71 ON 4
DPTR FM NORMAL 0 LOWEST SLP 29.49 ON 28
[REMARKS]
#FINAL-02-23#