000
CXUS51 KLWX 010815
CF6DCA
PRELIMINARY LOCAL CLIMATOLOGICAL DATA (WS FORM: F-6)
STATION: WASHINGTON NATIONAL DC
MONTH: SEPTEMBER
YEAR: 2022
LATITUDE: 38 50 N
LONGITUDE: 77 2 W
TEMPERATURE IN F: :PCPN: SNOW: WIND :SUNSHINE: SKY :PK WND
================================================================================
1 2 3 4 5 6A 6B 7 8 9 10 11 12 13 14 15 16 17 18
12Z AVG MX 2MIN
DY MAX MIN AVG DEP HDD CDD WTR SNW DPTH SPD SPD DIR MIN PSBL S-S WX SPD DR
================================================================================
1 91 66 79 2 0 14 0.00 0.0 0 5.6 16 330 M M 2 21 320
2 88 69 79 2 0 14 0.00 0.0 0 7.7 14 120 M M 5 19 120
3 89 71 80 4 0 15 0.00 0.0 0 5.9 14 140 M M 7 17 130
4 91 72 82 6 0 17 0.00 0.0 M 8.3 14 180 M M 6 18 150
5 87 74 81 5 0 16 0.09 0.0 0 8.8 21 170 M M 9 26 170
6 86 73 80 4 0 15 0.82 0.0 0 8.5 17 320 M M 8 1 29 250
7 79 70 75 0 0 10 0.02 0.0 0 9.8 21 60 M M 9 1 26 50
8 82 68 75 0 0 10 0.00 0.0 0 5.9 12 10 M M 8 18 20
9 84 65 75 0 0 10 0.00 0.0 0 6.5 15 90 M M 2 22 60
10 83 64 74 0 0 9 T 0.0 0 4.4 10 120 M M 7 13 110
11 83 72 78 4 0 13 0.86 0.0 0 6.2 15 150 M M 9 1 21 180
12 84 73 79 5 0 14 0.11 0.0 0 4.8 14 290 M M 9 138 18 300
13 83 66 75 1 0 10 T 0.0 0 8.9 18 340 M M 7 26 320
14 81 61 71 -2 0 6 0.00 0.0 0 8.0 17 350 M M 3 24 320
15 83 64 74 1 0 9 0.00 0.0 0 8.8 18 350 M M 3 26 10
16 81 59 70 -2 0 5 0.00 0.0 0 3.7 9 30 M M 1 12 30
17 82 63 73 1 0 8 0.00 0.0 0 5.2 12 180 M M 3 18 16 190
18 84 63 74 2 0 9 0.00 0.0 0 6.9 13 180 M M 3 16 170
19 88 67 78 7 0 13 0.00 0.0 0 8.0 18 210 M M 4 25 250
20 86 68 77 6 0 12 0.00 0.0 0 7.0 20 340 M M 4 27 340
21 86 65 76 5 0 11 0.00 0.0 0 5.8 15 170 M M 5 20 170
22 83 60 72 2 0 7 0.04 0.0 0 12.1 32 330 M M 7 43 330
23 70 54 62 -8 3 0 0.00 0.0 0 12.7 23 340 M M 2 31 340
24 70 51 61 -8 4 0 0.00 0.0 0 5.7 14 250 M M 5 20 240
25 81 59 70 1 0 5 0.01 0.0 0 7.6 20 210 M M 7 3 28 220
26 80 60 70 1 0 5 0.00 0.0 0 7.6 20 250 M M 5 27 240
27 75 56 66 -2 0 1 0.00 0.0 0 8.5 20 300 M M 6 27 300
28 73 51 62 -6 3 0 0.00 0.0 0 10.0 18 340 M M 3 24 310
29 71 55 63 -4 2 0 0.00 0.0 0 12.4 21 10 M M 6 27 10
30 64 56 60 -7 5 0 0.32 0.0 0 15.4 23 20 M M 10 1 32 30
================================================================================
SM 2448 1915 17 258 2.27 0.0 236.7 M 165
================================================================================
AV 81.6 63.8 7.9 FASTST M M 6 MAX(MPH)
MISC ----> 32 330 43 330
================================================================================
NOTES:
# LAST OF SEVERAL OCCURRENCES
COLUMN 17 PEAK WIND IN M.P.H.
PRELIMINARY LOCAL CLIMATOLOGICAL DATA (WS FORM: F-6) , PAGE 2
STATION: WASHINGTON NATIONAL DC
MONTH: SEPTEMBER
YEAR: 2022
LATITUDE: 38 50 N
LONGITUDE: 77 2 W
[TEMPERATURE DATA] [PRECIPITATION DATA] SYMBOLS USED IN COLUMN 16
AVERAGE MONTHLY: 72.7 TOTAL FOR MONTH: 2.27 1 = FOG OR MIST
DPTR FM NORMAL: 0.3 DPTR FM NORMAL: -1.66 2 = FOG REDUCING VISIBILITY
HIGHEST: 91 ON 4, 1 GRTST 24HR 0.91 ON 5- 6 TO 1/4 MILE OR LESS
LOWEST: 51 ON 28,24 3 = THUNDER
SNOW, ICE PELLETS, HAIL 4 = ICE PELLETS
TOTAL MONTH: 0.0 INCH 5 = HAIL
GRTST 24HR 0.0 6 = FREEZING RAIN OR DRIZZLE
GRTST DEPTH: 0 7 = DUSTSTORM OR SANDSTORM:
VSBY 1/2 MILE OR LESS
8 = SMOKE OR HAZE
[NO. OF DAYS WITH] [WEATHER - DAYS WITH] 9 = BLOWING SNOW
X = TORNADO
MAX 32 OR BELOW: 0 0.01 INCH OR MORE: 8
MAX 90 OR ABOVE: 2 0.10 INCH OR MORE: 4
MIN 32 OR BELOW: 0 0.50 INCH OR MORE: 2
MIN 0 OR BELOW: 0 1.00 INCH OR MORE: 0
[HDD (BASE 65) ]
TOTAL THIS MO. 17 CLEAR (SCALE 0-3) 7
DPTR FM NORMAL 1 PTCLDY (SCALE 4-7) 17
TOTAL FM JUL 1 17 CLOUDY (SCALE 8-10) 6
DPTR FM NORMAL 3
[CDD (BASE 65) ]
TOTAL THIS MO. 258
DPTR FM NORMAL 20 [PRESSURE DATA]
TOTAL FM JAN 1 1766 HIGHEST SLP 30.38 ON 29
DPTR FM NORMAL 76 LOWEST SLP 29.62 ON 25
[REMARKS]
#FINAL-09-22#