000
CXUS54 KHUN 011839
CF6DCU
PRELIMINARY LOCAL CLIMATOLOGICAL DATA (WS FORM: F-6)
STATION: DECATUR
MONTH: APRIL
YEAR: 2023
LATITUDE: 34 39 N
LONGITUDE: 86 56 W
TEMPERATURE IN F: :PCPN: SNOW: WIND :SUNSHINE: SKY :PK WND
================================================================================
1 2 3 4 5 6A 6B 7 8 9 10 11 12 13 14 15 16 17 18
12Z AVG MX 2MIN
DY MAX MIN AVG DEP HDD CDD WTR SNW DPTH SPD SPD DIR MIN PSBL S-S WX SPD DR
================================================================================
1 M M M M M M 0.21 0.0 0 12.9 30 280 M M 3 3 45 280
2 M M M M M M 0.00 0.0 0 4.0 10 250 M M 0 15 40
3 M M M M M M 0.24 0.0 0 8.0 15 130 M M 8 8 21 140
4 M M M M M M 0.00 0.0 0 11.2 21 170 M M 6 8 27 160
5 M M M M M M 0.50 0.0 0 10.8 29 320 M M 2 13 44 310
6 73 52 63 4 2 0 0.14 0.0 0 6.4 21 350 M M 9 13 25 350
7 52 48 50 -9 15 0 0.58 0.0 0 8.9 15 10 M M 10 1 20 350
8 57 50 54 -5 11 0 0.56 0.0 0 4.3 14 110 M M 10 1 22 110
9 69 47 58 -2 7 0 0.00 0.0 0 2.7 9 50 M M 5 16 90
10 71 45 58 -2 7 0 0.00 0.0 0 5.3 15 130 M M 0 21 140
11 75 39 57 -3 8 0 0.00 0.0 0 2.4 10 80 M M 0 16 80
12 80 41 61 0 4 0 0.00 0.0 0 1.1 9 120 M M 0 1 15 100
13 73 49 61 0 4 0 0.05 0.0 0 8.7 22 120 M M 6 33 100
14 64 52 58 -3 7 0 0.15 0.0 0 5.7 14 170 M M 9 18 18 160
15 82 49 66 4 0 1 0.00 0.0 0 4.6 14 170 M M 2 12 18 160
16 68 48 58 -4 7 0 0.01 0.0 0 11.4 25 290 M M 3 1 38 310
17 71 44 58 -4 7 0 0.00 0.0 0 9.6 22 270 M M 0 30 270
18 82 40 61 -1 4 0 0.00 0.0 0 3.8 15 180 M M 0 8 20 210
19 85 44 65 2 0 0 0.00 0.0 0 4.9 18 180 M M 0 27 170
20 87 48 68 5 0 3 0.00 0.0 0 8.1 23 180 M M 0 28 180
21 77 55 66 3 0 1 0.56 0.0 0 11.4 23 190 M M 3 13 33 190
22 71 50 61 -3 4 0 0.00 0.0 0 6.0 21 270 M M 2 26 270
23 54 42 48 -16 17 0 0.00 0.0 0 6.2 18 360 M M 6 26 10
24 65 40 53 -11 12 0 0.00 0.0 0 7.6 17 350 M M 1 24 60
25 70 37 54 -10 11 0 0.00 0.0 0 3.8 9 240 M M 1 16 340
26 66 50 58 -7 7 0 0.51 0.0 0 4.6 12 100 M M 9 1 16 120
27 65 56 61 -4 4 0 0.29 0.0 0 5.9 16 150 M M 9 18 21 120
28 73 52 63 -2 2 0 T 0.0 0 7.7 18 280 M M 4 12 26 300
29 75 51 63 -2 2 0 0.00 0.0 0 3.7 15 340 M M 3 1 19 350
30 68 47 58 -8 7 0 T 0.0 0 10.0 25 280 M M 4 38 250
================================================================================
SM 1773 1176 149 5 3.80 0.0 201.7 M 115
================================================================================
AV 70.9 47.0 6.7 FASTST M M 4 MAX(MPH)
MISC ----> 30 280 45 280
================================================================================
NOTES:
# LAST OF SEVERAL OCCURRENCES
COLUMN 17 PEAK WIND IN M.P.H.
PRELIMINARY LOCAL CLIMATOLOGICAL DATA (WS FORM: F-6) , PAGE 2
STATION: DECATUR
MONTH: APRIL
YEAR: 2023
LATITUDE: 34 39 N
LONGITUDE: 86 56 W
[TEMPERATURE DATA] [PRECIPITATION DATA] SYMBOLS USED IN COLUMN 16
AVERAGE MONTHLY: 59.0 TOTAL FOR MONTH: 3.80 1 = FOG OR MIST
DPTR FM NORMAL: -2.6 DPTR FM NORMAL: -0.70 2 = FOG REDUCING VISIBILITY
HIGHEST: 87 ON 20 GRTST 24HR 0.76 ON 7- 8 TO 1/4 MILE OR LESS
LOWEST: 37 ON 25 3 = THUNDER
SNOW, ICE PELLETS, HAIL 4 = ICE PELLETS
TOTAL MONTH: 0.0 INCH 5 = HAIL
GRTST 24HR 0.0 6 = FREEZING RAIN OR DRIZZLE
GRTST DEPTH: 0 7 = DUSTSTORM OR SANDSTORM:
VSBY 1/2 MILE OR LESS
8 = SMOKE OR HAZE
[NO. OF DAYS WITH] [WEATHER - DAYS WITH] 9 = BLOWING SNOW
X = TORNADO
MAX 32 OR BELOW: 0 0.01 INCH OR MORE: 12
MAX 90 OR ABOVE: 0 0.10 INCH OR MORE: 10
MIN 32 OR BELOW: 0 0.50 INCH OR MORE: 5
MIN 0 OR BELOW: 0 1.00 INCH OR MORE: 0
[HDD (BASE 65) ]
TOTAL THIS MO. 149 CLEAR (SCALE 0-3) 16
DPTR FM NORMAL -9 PTCLDY (SCALE 4-7) 8
TOTAL FM JUL 1 1963 CLOUDY (SCALE 8-10) 6
DPTR FM NORMAL -1121
[CDD (BASE 65) ]
TOTAL THIS MO. 5
DPTR FM NORMAL -50 [PRESSURE DATA]
TOTAL FM JAN 1 43 HIGHEST SLP 30.42 ON 10
DPTR FM NORMAL -23 LOWEST SLP 29.56 ON 30
[REMARKS]
#FINAL-04-23#