313
CXUS54 KHUN 010910
CF6DCU
PRELIMINARY LOCAL CLIMATOLOGICAL DATA (WS FORM: F-6)
STATION: DECATUR
MONTH: NOVEMBER
YEAR: 2020
LATITUDE: 34 39 N
LONGITUDE: 86 56 W
TEMPERATURE IN F: :PCPN: SNOW: WIND :SUNSHINE: SKY :PK WND
================================================================================
1 2 3 4 5 6A 6B 7 8 9 10 11 12 13 14 15 16 17 18
12Z AVG MX 2MIN
DY MAX MIN AVG DEP HDD CDD WTR SNW DPTH SPD SPD DIR MIN PSBL S-S WX SPD DR
================================================================================
1 67 42 55 -1 10 0 0.00 0.0 0 10.1 21 290 M M 2 28 320
2 55 30 43 -13 22 0 0.00 0.0 0 3.5 14 10 M M 0 18 350
3 66 31 49 -6 16 0 0.00 0.0 0 1.0 7 230 M M 0 13 230
4 70 35 53 -2 12 0 0.00 0.0 0 1.7 9 140 M M 0 14 190
5 69 39 54 -1 11 0 0.00 0.0 0 2.4 9 200 M M 0 11 190
6 75 41 58 4 7 0 0.00 0.0 0 2.3 8 30 M M 0 1 12 140
7 74 47 61 7 4 0 0.02 0.0 0 4.2 15 110 M M 5 12 20 100
8 79 58 69 15 0 4 0.00 0.0 0 6.8 21 140 M M 3 1 30 140
9 78 61 70 17 0 5 0.00 0.0 0 7.2 20 140 M M 4 26 140
10 73 62 68 15 0 3 0.01 0.0 0 6.6 13 130 M M 8 1 17 150
11 77 57 67 14 0 2 0.12 0.0 0 5.1 20 340 M M 10 13 23 340
12 65 44 55 3 10 0 0.00 0.0 0 4.9 13 350 M M 6 12 16 10
13 69 40 55 3 10 0 0.00 0.0 0 2.7 13 330 M M 3 12 17 330
14 74 38 56 4 9 0 0.00 0.0 0 6.0 17 140 M M 0 22 170
15 67 37 52 0 13 0 0.02 0.0 0 12.5 31 190 M M 3 18 38 190
16 62 31 47 -4 18 0 0.00 0.0 0 2.8 15 360 M M 0 18 360
17 61 31 46 -5 19 0 0.00 0.0 0 8.0 21 340 M M 0 26 340
18 64 28 46 -4 19 0 0.00 0.0 0 4.0 9 70 M M 0 11 70
19 67 38 53 3 12 0 0.00 0.0 0 7.8 18 170 M M 0 23 160
20 70 38 54 4 11 0 0.00 0.0 0 2.9 9 170 M M 0 13 230
21 71 38 55 5 10 0 0.00 0.0 0 0.7 8 170 M M 0 1 10 260
22 68 45 57 8 8 0 0.01 0.0 0 7.2 24 330 M M 8 1 31 330
23 56 35 46 -3 19 0 0.00 0.0 0 7.4 15 10 M M 1 21 30
24 64 29 47 -2 18 0 0.00 0.0 0 8.1 21 170 M M 0 8 25 180
25 64 52 58 10 7 0 0.53 0.0 0 11.8 32 150 M M 6 1 39 150
26 61 38 50 2 15 0 0.00 0.0 0 2.2 8 290 M M 3 12 12 270
27 65 34 50 2 15 0 0.60 0.0 0 3.1 14 340 M M 5 123 15 340
28 55 39 47 0 18 0 0.00 0.0 0 5.8 16 350 M M 2 1 20 360
29 54 38 46 -1 19 0 0.65 0.0 0 4.8 25 340 M M 6 1 34 350
30 44 31 38 -9 27 0 0.04 T 0 13.2 22 300 M M 10 1 29 310
================================================================================
SM 1984 1207 359 14 2.00 T 166.8 M 85
================================================================================
AV 66.1 40.2 5.6 FASTST M M 3 MAX(MPH)
MISC ----> 32 150 39 150
================================================================================
NOTES:
# LAST OF SEVERAL OCCURRENCES
COLUMN 17 PEAK WIND IN M.P.H.
PRELIMINARY LOCAL CLIMATOLOGICAL DATA (WS FORM: F-6) , PAGE 2
STATION: DECATUR
MONTH: NOVEMBER
YEAR: 2020
LATITUDE: 34 39 N
LONGITUDE: 86 56 W
[TEMPERATURE DATA] [PRECIPITATION DATA] SYMBOLS USED IN COLUMN 16
AVERAGE MONTHLY: 53.2 TOTAL FOR MONTH: 2.00 1 = FOG OR MIST
DPTR FM NORMAL: 1.9 DPTR FM NORMAL: -2.79 2 = FOG REDUCING VISIBILITY
HIGHEST: 79 ON 8 GRTST 24HR 0.69 ON 29-30 TO 1/4 MILE OR LESS
LOWEST: 28 ON 18 3 = THUNDER
SNOW, ICE PELLETS, HAIL 4 = ICE PELLETS
TOTAL MONTH: T 5 = HAIL
GRTST 24HR T ON 30-30 6 = FREEZING RAIN OR DRIZZLE
GRTST DEPTH: 0 7 = DUSTSTORM OR SANDSTORM:
VSBY 1/2 MILE OR LESS
8 = SMOKE OR HAZE
[NO. OF DAYS WITH] [WEATHER - DAYS WITH] 9 = BLOWING SNOW
X = TORNADO
MAX 32 OR BELOW: 0 0.01 INCH OR MORE: 9
MAX 90 OR ABOVE: 0 0.10 INCH OR MORE: 4
MIN 32 OR BELOW: 7 0.50 INCH OR MORE: 3
MIN 0 OR BELOW: 0 1.00 INCH OR MORE: 0
[HDD (BASE 65) ]
TOTAL THIS MO. 359 CLEAR (SCALE 0-3) 19
DPTR FM NORMAL -58 PTCLDY (SCALE 4-7) 8
TOTAL FM JUL 1 485 CLOUDY (SCALE 8-10) 3
DPTR FM NORMAL -116
[CDD (BASE 65) ]
TOTAL THIS MO. 14
DPTR FM NORMAL 8 [PRESSURE DATA]
TOTAL FM JAN 1 1726 HIGHEST SLP 30.61 ON 18
DPTR FM NORMAL -20 LOWEST SLP 29.77 ON 29
[REMARKS]
#FINAL-11-20#