000
CXUS53 KDDC 011441
CF6DDC
PRELIMINARY LOCAL CLIMATOLOGICAL DATA (WS FORM: F-6)
STATION: DODGE CITY KS
MONTH: OCTOBER
YEAR: 2022
LATITUDE: 37 46 N
LONGITUDE: 99 58 W
TEMPERATURE IN F: :PCPN: SNOW: WIND :SUNSHINE: SKY :PK WND
================================================================================
1 2 3 4 5 6A 6B 7 8 9 10 11 12 13 14 15 16 17 18
12Z AVG MX 2MIN
DY MAX MIN AVG DEP HDD CDD WTR SNW DPTH SPD SPD DIR MIN PSBL S-S WX SPD DR
================================================================================
1 87 55 71 7 0 6 0.00 0.0 0 12.5 20 150 M M 0 8 27 160
2 84 51 68 5 0 3 0.00 0.0 0 11.0 17 150 M M 0 8 26 170
3 84 47 66 3 0 1 0.00 0.0 0 13.0 24 170 M M 0 8 33 190
4 73 55 64 2 1 0 T 0.0 0 4.6 13 190 M M 4 17 190
5 78 50 64 2 1 0 T 0.0 0 5.9 16 30 M M 2 18 24 20
6 83 49 66 5 0 1 0.00 0.0 0 7.0 17 60 M M 0 23 50
7 55 41 48 -13 17 0 T 0.0 0 14.7 22 40 M M 6 28 20
8 62 43 53 -7 12 0 0.00 0.0 0 6.2 14 200 M M 9 8 18 210
9 77 44 61 1 4 0 0.00 0.0 0 5.4 10 130 M M 1 128 15 10
10 81 45 63 3 2 0 0.00 0.0 0 9.8 18 190 M M 1 8 28 180
11 87 55 71 12 0 6 T 0.0 0 17.5 38 10 M M 0 18 54 360
12 79 42 61 2 4 0 0.00 0.0 0 11.6 35 20 M M 0 8 44 20
13 73 42 58 0 7 0 0.00 0.0 0 13.5 32 310 M M 0 8 44 350
14 87 40 64 6 1 0 0.00 0.0 0 10.4 23 280 M M 0 30 300
15 78 38 58 1 7 0 0.00 0.0 0 7.6 20 40 M M 0 24 40
16 69 41 55 -2 10 0 0.00 0.0 0 9.1 16 350 M M 0 25 360
17 63 29 46 -10 19 0 0.00 0.0 0 7.9 16 10 M M 0 24 10
18 57 29 43 -13 22 0 0.00 0.0 0 6.0 13 60 M M 3 17 20
19 78 31 55 0 10 0 0.00 0.0 0 7.4 15 290 M M 0 8 20 290
20 80 44 62 7 3 0 0.00 0.0 0 9.6 16 300 M M 0 8 23 320
21 87 44 66 12 0 1 0.00 0.0 0 8.5 17 160 M M 0 8 21 160
22 87 41 64 10 1 0 0.00 0.0 0 9.0 20 210 M M 0 8 28 200
23 89 63 76 22 0 11 0.00 0.0 0 23.0 49 210 M M 0 8 69 220
24 68 42 55 2 10 0 T 0.0 0 15.5 30 10 M M 6 40 360
25 68 31 50 -3 15 0 0.00 0.0 0 8.6 23 310 M M 0 30 300
26 68 37 53 1 12 0 0.00 0.0 0 16.9 30 170 M M 0 8 42 170
27 64 47 56 4 9 0 T 0.0 0 16.9 29 150 M M 3 8 37 150
28 66 38 52 1 13 0 0.00 0.0 0 7.6 16 30 M M 4 12 20 20
29 70 36 53 2 12 0 0.00 0.0 0 5.0 12 90 M M 1 18 20 70
30 66 40 53 2 12 0 0.00 0.0 0 6.9 14 10 M M 1 8 19 360
31 74 34 54 4 11 0 0.00 0.0 0 8.4 21 200 M M 0 8 31 190
================================================================================
SM 2322 1324 215 29 T 0.0 317.0 M 41
================================================================================
AV 74.9 42.7 10.2 FASTST M M 1 MAX(MPH)
MISC ----> 49 210 69 220
================================================================================
NOTES:
# LAST OF SEVERAL OCCURRENCES
COLUMN 17 PEAK WIND IN M.P.H.
PRELIMINARY LOCAL CLIMATOLOGICAL DATA (WS FORM: F-6) , PAGE 2
STATION: DODGE CITY KS
MONTH: OCTOBER
YEAR: 2022
LATITUDE: 37 46 N
LONGITUDE: 99 58 W
[TEMPERATURE DATA] [PRECIPITATION DATA] SYMBOLS USED IN COLUMN 16
AVERAGE MONTHLY: 58.8 TOTAL FOR MONTH: T 1 = FOG OR MIST
DPTR FM NORMAL: 2.0 DPTR FM NORMAL: -2.02 2 = FOG REDUCING VISIBILITY
HIGHEST: 89 ON 23 GRTST 24HR T ON 27-27 TO 1/4 MILE OR LESS
LOWEST: 29 ON 18,17 3 = THUNDER
SNOW, ICE PELLETS, HAIL 4 = ICE PELLETS
TOTAL MONTH: 0.0 INCH 5 = HAIL
GRTST 24HR 0.0 6 = FREEZING RAIN OR DRIZZLE
GRTST DEPTH: 0 7 = DUSTSTORM OR SANDSTORM:
VSBY 1/2 MILE OR LESS
8 = SMOKE OR HAZE
[NO. OF DAYS WITH] [WEATHER - DAYS WITH] 9 = BLOWING SNOW
X = TORNADO
MAX 32 OR BELOW: 0 0.01 INCH OR MORE: 0
MAX 90 OR ABOVE: 0 0.10 INCH OR MORE: 0
MIN 32 OR BELOW: 4 0.50 INCH OR MORE: 0
MIN 0 OR BELOW: 0 1.00 INCH OR MORE: 0
[HDD (BASE 65) ]
TOTAL THIS MO. 215 CLEAR (SCALE 0-3) 26
DPTR FM NORMAL -73 PTCLDY (SCALE 4-7) 4
TOTAL FM JUL 1 240 CLOUDY (SCALE 8-10) 1
DPTR FM NORMAL -99
[CDD (BASE 65) ]
TOTAL THIS MO. 29
DPTR FM NORMAL -6 [PRESSURE DATA]
TOTAL FM JAN 1 1995 HIGHEST SLP 30.51 ON 7
DPTR FM NORMAL 449 LOWEST SLP 29.26 ON 23
[REMARKS]
#FINAL-10-22#