000
CXUS53 KDDC 011814
CF6DDC
PRELIMINARY LOCAL CLIMATOLOGICAL DATA (WS FORM: F-6)
STATION: DODGE CITY KS
MONTH: JANUARY
YEAR: 2021
LATITUDE: 37 46 N
LONGITUDE: 99 58 W
TEMPERATURE IN F: :PCPN: SNOW: WIND :SUNSHINE: SKY :PK WND
================================================================================
1 2 3 4 5 6A 6B 7 8 9 10 11 12 13 14 15 16 17 18
12Z AVG MX 2MIN
DY MAX MIN AVG DEP HDD CDD WTR SNW DPTH SPD SPD DIR MIN PSBL S-S WX SPD DR
================================================================================
1 42 26 34 2 31 0 0.00 0.0 0 11.1 17 350 M M 0 23 350
2 50 23 37 5 28 0 0.00 0.0 0 7.3 12 170 M M 0 15 160
3 55 25 40 8 25 0 0.00 0.0 0 9.2 16 290 M M 0 20 310
4 57 30 44 12 21 0 0.00 0.0 0 9.7 20 320 M M 1 26 360
5 61 28 45 13 20 0 0.00 0.0 0 16.4 33 180 M M 0 44 190
6 45 23 34 2 31 0 0.00 0.0 0 16.4 29 360 M M 3 41 360
7 37 20 29 -3 36 0 0.00 0.0 0 8.0 15 10 M M 8 1 19 20
8 43 25 34 2 31 0 T 0.0 0 5.7 13 110 M M 7 12 16 150
9 36 20 28 -4 37 0 0.00 0.0 0 4.9 9 30 M M 9 12 12 40
10 40 25 33 1 32 0 0.00 0.0 0 5.9 13 40 M M 9 18 17 60
11 48 20 34 2 31 0 0.00 0.0 0 10.1 20 230 M M 1 26 240
12 56 17 37 5 28 0 0.00 0.0 0 8.2 16 270 M M 0 22 260
13 68 24 46 14 19 0 0.00 0.0 0 11.3 18 260 M M 0 26 320
14 54 33 44 12 21 0 0.00 0.0 0 25.3 39 320 M M 1 8 61 320
15 43 23 33 1 32 0 0.00 0.0 0 26.3 43 320 M M 2 8 61 320
16 56 18 37 5 28 0 T 0.0 0 11.3 29 320 M M 4 37 310
17 50 26 38 6 27 0 0.00 0.0 0 12.9 22 310 M M 2 31 300
18 53 28 41 9 24 0 0.00 0.0 0 13.5 30 350 M M 2 45 350
19 47 23 35 3 30 0 0.00 0.0 0 8.9 16 320 M M 1 21 320
20 61 22 42 10 23 0 0.00 0.0 0 13.5 35 220 M M 0 8 45 210
21 63 25 44 12 21 0 0.00 0.0 0 6.2 14 40 M M 0 8 17 40
22 45 17 31 -1 34 0 0.00 0.0 0 9.5 15 110 M M 0 21 120
23 51 19 35 3 30 0 0.00 0.0 0 16.3 30 170 M M 5 18 38 170
24 41 27 34 2 31 0 0.01 T 0 14.7 28 350 M M 8 168 35 350
25 29 20 25 -7 40 0 0.18 0.8 1 12.4 25 60 M M 10 16 30 60
26 20 10 15 -18 50 0 0.12 2.0 1 11.0 21 10 M M 6 12 25 10
27 26 2 14 -19 51 0 T 0.1 3 8.3 16 160 M M 2 1 20 170
28 45 15 30 -3 35 0 0.00 0.0 2 19.1 31 180 M M 0 18 39 180
29 51 32 42 9 23 0 0.00 0.0 T 13.9 21 180 M M 0 30 180
30 51 27 39 6 26 0 0.01 0.0 0 14.9 32 350 M M 2 18 44 350
31 49 26 38 5 27 0 0.00 0.0 0 13.6 25 350 M M 2 18 34 350
================================================================================
SM 1473 699 923 0 0.32 2.9 375.8 M 85
================================================================================
AV 47.5 22.5 12.1 FASTST M M 3 MAX(MPH)
MISC ----> 43 320 # 61 320
================================================================================
NOTES:
# LAST OF SEVERAL OCCURRENCES
COLUMN 17 PEAK WIND IN M.P.H.
PRELIMINARY LOCAL CLIMATOLOGICAL DATA (WS FORM: F-6) , PAGE 2
STATION: DODGE CITY KS
MONTH: JANUARY
YEAR: 2021
LATITUDE: 37 46 N
LONGITUDE: 99 58 W
[TEMPERATURE DATA] [PRECIPITATION DATA] SYMBOLS USED IN COLUMN 16
AVERAGE MONTHLY: 35.0 TOTAL FOR MONTH: 0.32 1 = FOG OR MIST
DPTR FM NORMAL: 2.8 DPTR FM NORMAL: -0.26 2 = FOG REDUCING VISIBILITY
HIGHEST: 68 ON 13 GRTST 24HR 0.19 ON 24-25 TO 1/4 MILE OR LESS
LOWEST: 2 ON 27 3 = THUNDER
SNOW, ICE PELLETS, HAIL 4 = ICE PELLETS
TOTAL MONTH: 2.9 INCHES 5 = HAIL
GRTST 24HR 2.1 ON 26-27 6 = FREEZING RAIN OR DRIZZLE
GRTST DEPTH: 3 ON 27 7 = DUSTSTORM OR SANDSTORM:
VSBY 1/2 MILE OR LESS
8 = SMOKE OR HAZE
[NO. OF DAYS WITH] [WEATHER - DAYS WITH] 9 = BLOWING SNOW
X = TORNADO
MAX 32 OR BELOW: 3 0.01 INCH OR MORE: 4
MAX 90 OR ABOVE: 0 0.10 INCH OR MORE: 2
MIN 32 OR BELOW: 30 0.50 INCH OR MORE: 0
MIN 0 OR BELOW: 0 1.00 INCH OR MORE: 0
[HDD (BASE 65) ]
TOTAL THIS MO. 923 CLEAR (SCALE 0-3) 22
DPTR FM NORMAL -95 PTCLDY (SCALE 4-7) 5
TOTAL FM JUL 1 2739 CLOUDY (SCALE 8-10) 4
DPTR FM NORMAL -293
[CDD (BASE 65) ]
TOTAL THIS MO. 0
DPTR FM NORMAL 0 [PRESSURE DATA]
TOTAL FM JAN 1 0 HIGHEST SLP 30.54 ON 19
DPTR FM NORMAL 0 LOWEST SLP 29.43 ON 30
[REMARKS]
#FINAL-01-21#