000
CXUS55 KALY 010810
CF6DDH
PRELIMINARY LOCAL CLIMATOLOGICAL DATA (WS FORM: F-6)
STATION: BENNINGTON VT
MONTH: NOVEMBER
YEAR: 2023
LATITUDE: 42 53 N
LONGITUDE: 73 15 W
TEMPERATURE IN F: :PCPN: SNOW: WIND :SUNSHINE: SKY :PK WND
================================================================================
1 2 3 4 5 6A 6B 7 8 9 10 11 12 13 14 15 16 17 18
12Z AVG MX 2MIN
DY MAX MIN AVG DEP HDD CDD WTR SNW DPTH SPD SPD DIR MIN PSBL S-S WX SPD DR
================================================================================
1 41 31 36 -8 29 0 0.15 M M 1.9 10 280 M M 10 12 14 280
2 45 22 34 -9 31 0 T M M 1.9 9 280 M M 3 14 320
3 56 31 44 1 21 0 0.00 M M 6.6 18 180 M M 3 24 180
4 56 36 46 4 19 0 T M M 0.7 6 280 M M 6 8 9 300
5 55 32 44 2 21 0 0.00 M M 2.2 13 230 M M 6 18 230
6 50 27 39 -3 26 0 0.21 M M 4.9 17 160 M M 5 1 24 150
7 63 42 53 11 12 0 0.01 M M 7.3 18 280 M M 9 1 28 280
8 42 30 36 -5 29 0 T M M 5.3 17 330 M M 5 4 24 320
9 45 32 39 -2 26 0 0.21 M M 3.5 17 120 M M 9 168 28 140
10 49 35 42 1 23 0 0.00 M M 5.3 14 280 M M 6 18 250
11 44 30 37 -3 28 0 0.00 M M 5.2 12 350 M M 8 18 360
12 39 21 30 -10 35 0 0.00 M M 4.0 10 360 M M 5 16 330
13 40 17 29 -11 36 0 0.01 M M 0.4 8 60 M M 5 18 9 60
14 43 31 37 -2 28 0 0.04 M M 1.4 7 350 M M 10 1 10 350
15 50 25 38 -1 27 0 0.00 M M 1.7 12 150 M M 1 16 170
16 58 27 43 4 22 0 0.00 M M 1.9 7 140 M M 0 11 270
17 64 31 48 10 17 0 0.10 M M 9.3 26 170 M M 4 37 170
18 58 25 42 4 23 0 0.14 M M 6.2 15 340 M M 7 1 21 350
19 46 25 36 -2 29 0 T M M 4.5 15 280 M M 8 23 280
20 35 19 27 -11 38 0 0.00 M M 3.5 10 340 M M 3 16 350
21 38 14 26 -11 39 0 0.25 M M 7.3 26 140 M M 3 37 150
22 44 37 41 4 24 0 0.29 M M 6.0 32 140 M M 10 1 47 140
23 43 38 41 5 24 0 0.02 M M 5.7 15 290 M M 10 1 21 280
24 43 22 33 -3 32 0 0.00 M M 9.2 20 280 M M 7 27 280
25 36 16 26 -10 39 0 0.00 M M 1.7 8 260 M M 1 11 260
26 43 20 32 -4 33 0 0.09 M M 6.0 28 140 M M 5 1 36 140
27 44 30 37 2 28 0 0.59 M M 5.2 18 270 M M 8 1 26 270
28 32 26 29 -6 36 0 T M M 8.5 17 290 M M 9 8 26 280
29 32 19 26 -8 39 0 0.00 M M 5.3 15 260 M M 6 8 21 310
30 47 27 37 3 28 0 0.00 M M 5.3 13 200 M M 4 18 210
================================================================================
SM 1381 818 842 0 2.11 M 137.9 M 176
================================================================================
AV 46.0 27.3 4.6 FASTST M M 6 MAX(MPH)
MISC ----> 32 140 47 140
================================================================================
NOTES:
# LAST OF SEVERAL OCCURRENCES
COLUMN 17 PEAK WIND IN M.P.H.
PRELIMINARY LOCAL CLIMATOLOGICAL DATA (WS FORM: F-6) , PAGE 2
STATION: BENNINGTON VT
MONTH: NOVEMBER
YEAR: 2023
LATITUDE: 42 53 N
LONGITUDE: 73 15 W
[TEMPERATURE DATA] [PRECIPITATION DATA] SYMBOLS USED IN COLUMN 16
AVERAGE MONTHLY: 36.7 TOTAL FOR MONTH: 2.11 1 = FOG OR MIST
DPTR FM NORMAL: -2.2 DPTR FM NORMAL: -0.66 2 = FOG REDUCING VISIBILITY
HIGHEST: 64 ON 17 GRTST 24HR 0.68 ON 26-27 TO 1/4 MILE OR LESS
LOWEST: 14 ON 21 3 = THUNDER
SNOW, ICE PELLETS, HAIL 4 = ICE PELLETS
TOTAL MONTH: M 5 = HAIL
GRTST 24HR M ON M 6 = FREEZING RAIN OR DRIZZLE
GRTST DEPTH: M ON M 7 = DUSTSTORM OR SANDSTORM:
VSBY 1/2 MILE OR LESS
8 = SMOKE OR HAZE
[NO. OF DAYS WITH] [WEATHER - DAYS WITH] 9 = BLOWING SNOW
X = TORNADO
MAX 32 OR BELOW: 2 0.01 INCH OR MORE: 13
MAX 90 OR ABOVE: 0 0.10 INCH OR MORE: 8
MIN 32 OR BELOW: 25 0.50 INCH OR MORE: 1
MIN 0 OR BELOW: 0 1.00 INCH OR MORE: 0
[HDD (BASE 65) ]
TOTAL THIS MO. 842 CLEAR (SCALE 0-3) 6
DPTR FM NORMAL 59 PTCLDY (SCALE 4-7) 17
TOTAL FM JUL 1 1368 CLOUDY (SCALE 8-10) 7
DPTR FM NORMAL -157
[CDD (BASE 65) ]
TOTAL THIS MO. 0
DPTR FM NORMAL 0 [PRESSURE DATA]
TOTAL FM JAN 1 480 HIGHEST SLP 30.57 ON 21
DPTR FM NORMAL 109 LOWEST SLP 29.58 ON 27
[REMARKS]
#FINAL-11-23#