000
CXUS54 KSHV 181300
CF6DEQ
PRELIMINARY LOCAL CLIMATOLOGICAL DATA (WS FORM: F-6)
STATION: DE QUEEN
MONTH: APRIL
YEAR: 2024
LATITUDE: 34 2 N
LONGITUDE: 94 24 W
TEMPERATURE IN F: :PCPN: SNOW: WIND :SUNSHINE: SKY :PK WND
================================================================================
1 2 3 4 5 6A 6B 7 8 9 10 11 12 13 14 15 16 17 18
12Z AVG MX 2MIN
DY MAX MIN AVG DEP HDD CDD WTR SNW DPTH SPD SPD DIR MIN PSBL S-S WX SPD DR
================================================================================
1 77 67 72 13 0 7 T 0.0 0 5.7 14 190 M M 8 21 180
2 73 44 59 0 6 0 T 0.0 0 10.3 24 240 M M 6 3 34 240
3 67 38 53 -6 12 0 0.00 0.0 0 7.2 25 310 M M 0 1 41 310
4 75 33 54 -6 11 0 0.00 0.0 0 3.9 17 280 M M 0 12 27 280
5 76 40 58 -2 7 0 0.00 0.0 0 4.1 13 100 M M 0 1 17 90
6 78 53 66 6 0 1 0.00 0.0 0 8.9 21 170 M M 3 35 190
7 77 46 62 2 3 0 0.00 0.0 0 7.2 18 270 M M 4 26 260
8 81 41 61 1 4 0 0.07 0.0 0 4.4 15 160 M M 4 3 24 180
9 66 59 63 2 2 0 1.53 0.0 0 7.5 22 70 M M 8 13 38 60
10 66 54 60 -1 5 0 0.48 0.0 0 4.4 12 60 M M 8 1 17 20
11 70 44 57 -4 8 0 0.00 0.0 0 8.1 23 300 M M 1 36 330
12 77 38 58 -3 7 0 0.00 0.0 0 3.1 12 280 M M 1 12 16 240
13 82 47 65 3 0 0 0.00 0.0 0 4.2 18 200 M M 0 27 190
14 78 49 64 2 1 0 0.00 0.0 0 3.0 13 190 M M 7 1 20 190
15 72 59 66 4 0 1 0.01 0.0 0 4.4 16 110 M M 8 12 24 100
16 73 64 69 7 0 4 0.04 0.0 0 4.9 14 210 M M 9 123 21 210
17 84 64 74 12 0 9 0.00 0.0 0 2.4 10 200 M M 5 12 16 180
================================================================================
SM 1272 840 66 22 2.13 0.0 93.7 M 72
================================================================================
AV 74.8 49.4 5.5 FASTST M M 4 MAX(MPH)
MISC ----> 25 310 41 310
================================================================================
NOTES:
# LAST OF SEVERAL OCCURRENCES
COLUMN 17 PEAK WIND IN M.P.H.
PRELIMINARY LOCAL CLIMATOLOGICAL DATA (WS FORM: F-6) , PAGE 2
STATION: DE QUEEN
MONTH: APRIL
YEAR: 2024
LATITUDE: 34 2 N
LONGITUDE: 94 24 W
[TEMPERATURE DATA] [PRECIPITATION DATA] SYMBOLS USED IN COLUMN 16
AVERAGE MONTHLY: 62.1 TOTAL FOR MONTH: 2.13 1 = FOG OR MIST
DPTR FM NORMAL: 1.5 DPTR FM NORMAL: -0.22 2 = FOG REDUCING VISIBILITY
HIGHEST: 84 ON 17 GRTST 24HR 1.60 ON 8- 9 TO 1/4 MILE OR LESS
LOWEST: 33 ON 4 3 = THUNDER
SNOW, ICE PELLETS, HAIL 4 = ICE PELLETS
TOTAL MONTH: 0.0 INCH 5 = HAIL
GRTST 24HR 0.0 6 = FREEZING RAIN OR DRIZZLE
GRTST DEPTH: 0 7 = DUSTSTORM OR SANDSTORM:
VSBY 1/2 MILE OR LESS
8 = SMOKE OR HAZE
[NO. OF DAYS WITH] [WEATHER - DAYS WITH] 9 = BLOWING SNOW
X = TORNADO
MAX 32 OR BELOW: 0 0.01 INCH OR MORE: 5
MAX 90 OR ABOVE: 0 0.10 INCH OR MORE: 2
MIN 32 OR BELOW: 0 0.50 INCH OR MORE: 1
MIN 0 OR BELOW: 0 1.00 INCH OR MORE: 1
[HDD (BASE 65) ]
TOTAL THIS MO. 66 CLEAR (SCALE 0-3) 7
DPTR FM NORMAL -30 PTCLDY (SCALE 4-7) 9
TOTAL FM JUL 1 2506 CLOUDY (SCALE 8-10) 1
DPTR FM NORMAL -239
[CDD (BASE 65) ]
TOTAL THIS MO. 22
DPTR FM NORMAL 0 [PRESSURE DATA]
TOTAL FM JAN 1 41 HIGHEST SLP M ON M
DPTR FM NORMAL 2 LOWEST SLP 29.53 ON 2
[REMARKS]