000
CXUS53 KBIS 010930
CF6DIK
PRELIMINARY LOCAL CLIMATOLOGICAL DATA (WS FORM: F-6)
STATION: DICKINSON ND
MONTH: DECEMBER
YEAR: 2021
LATITUDE: 46 47 N
LONGITUDE: 102 48 W
TEMPERATURE IN F: :PCPN: SNOW: WIND :SUNSHINE: SKY :PK WND
================================================================================
1 2 3 4 5 6A 6B 7 8 9 10 11 12 13 14 15 16 17 18
12Z AVG MX 2MIN
DY MAX MIN AVG DEP HDD CDD WTR SNW DPTH SPD SPD DIR MIN PSBL S-S WX SPD DR
================================================================================
1 68 35 52 28 13 0 T M M 16.2 39 280 M M 3 54 280
2 49 29 39 15 26 0 0.13 M M 11.1 21 300 M M 5 1 29 230
3 36 24 30 6 35 0 0.00 M M 8.2 22 310 M M 6 30 290
4 28 24 26 3 39 0 T M M 14.5 29 160 M M 10 1 39 140
5 32 4 18 -5 47 0 T M M 22.5 33 290 M M 10 18 46 290
6 17 -5 6 -17 59 0 T M M 9.9 26 310 M M 6 18 33 300
7 23 13 18 -4 47 0 T M M 8.7 20 270 M M 8 18 24 270
8 43 9 26 4 39 0 T M M 9.4 21 270 M M 4 30 270
9 40 20 30 8 35 0 T M M 12.1 28 310 M M 2 35 300
10 36 18 27 6 38 0 0.00 M M 10.0 23 250 M M 0 28 240
11 42 18 30 9 35 0 0.00 M M 17.2 29 250 M M 0 38 250
12 51 26 39 18 26 0 0.00 M M 12.8 25 240 M M 2 33 230
13 37 19 28 8 37 0 0.00 M M 8.9 18 120 M M 0 25 110
14 50 19 35 15 30 0 0.00 M M 7.6 16 200 M M 0 19 200
15 38 8 23 3 42 0 M M M 22.2 35 300 M M 8 128 45 330
16 18 0 9 -11 56 0 0.00 M M 11.7 31 300 M M 2 41 300
17 13 -10 2 -17 63 0 M M M 10.0 23 300 M M 7 8 28 300
18 24 -13 6 -13 59 0 0.00 M M 12.7 23 180 M M 2 29 180
19 43 12 28 9 37 0 T M M 14.4 25 310 M M 7 6 33 310
20 21 4 13 -5 52 0 M M M 12.7 24 310 M M 5 1 31 310
21 26 10 18 0 47 0 M M M 12.5 35 300 M M 6 1 44 300
22 45 15 30 12 35 0 0.00 M M 4.1 13 270 M M 4 18 260
23 50 28 39 21 26 0 T M M 13.6 29 250 M M 1 42 230
24 43 12 28 10 37 0 T M M 13.9 30 290 M M 5 37 320
25 13 -5 4 -14 61 0 0.04 M M 8.1 16 90 M M 9 18 21 70
26 13 2 8 -9 57 0 M M M 16.5 36 300 M M 10 128 47 310
27 2 -14 -6 -23 71 0 M M M 15.6 35 290 M M 5 18 45 290
28 4 -19 -7 -24 72 0 0.00 M M 3.9 12 270 M M 4 14 270
29 -2 -16 -9 -26 74 0 T M M 7.8 15 160 M M 7 8 19 320
30 19 -13 3 -14 62 0 T M M 10.0 18 270 M M 4 18 23 190
31 -9 -21 -15 -32 80 0 0.00 M M 10.6 16 300 M M 1 19 300
================================================================================
SM 913 233 1437 0 0.17 M 369.4 M 143
================================================================================
AV 29.5 7.5 11.9 FASTST M M 5 MAX(MPH)
MISC ----> 39 280 54 280
================================================================================
NOTES:
# LAST OF SEVERAL OCCURRENCES
COLUMN 17 PEAK WIND IN M.P.H.
PRELIMINARY LOCAL CLIMATOLOGICAL DATA (WS FORM: F-6) , PAGE 2
STATION: DICKINSON ND
MONTH: DECEMBER
YEAR: 2021
LATITUDE: 46 47 N
LONGITUDE: 102 48 W
[TEMPERATURE DATA] [PRECIPITATION DATA] SYMBOLS USED IN COLUMN 16
AVERAGE MONTHLY: 18.5 TOTAL FOR MONTH: 0.17 1 = FOG OR MIST
DPTR FM NORMAL: -1.4 DPTR FM NORMAL: -0.02 2 = FOG REDUCING VISIBILITY
HIGHEST: 68 ON 1 GRTST 24HR 0.13 ON 1- 2 TO 1/4 MILE OR LESS
LOWEST: -21 ON 31 3 = THUNDER
SNOW, ICE PELLETS, HAIL 4 = ICE PELLETS
TOTAL MONTH: M 5 = HAIL
GRTST 24HR M ON M 6 = FREEZING RAIN OR DRIZZLE
GRTST DEPTH: M ON M 7 = DUSTSTORM OR SANDSTORM:
VSBY 1/2 MILE OR LESS
8 = SMOKE OR HAZE
[NO. OF DAYS WITH] [WEATHER - DAYS WITH] 9 = BLOWING SNOW
X = TORNADO
MAX 32 OR BELOW: 16 0.01 INCH OR MORE: 2
MAX 90 OR ABOVE: 0 0.10 INCH OR MORE: 1
MIN 32 OR BELOW: 30 0.50 INCH OR MORE: 0
MIN 0 OR BELOW: 10 1.00 INCH OR MORE: 0
[HDD (BASE 65) ]
TOTAL THIS MO. 1437 CLEAR (SCALE 0-3) 11
DPTR FM NORMAL 39 PTCLDY (SCALE 4-7) 16
TOTAL FM JUL 1 2928 CLOUDY (SCALE 8-10) 4
DPTR FM NORMAL -482
[CDD (BASE 65) ]
TOTAL THIS MO. 0
DPTR FM NORMAL 0 [PRESSURE DATA]
TOTAL FM JAN 1 687 HIGHEST SLP 30.49 ON 17
DPTR FM NORMAL 269 LOWEST SLP 29.03 ON 23
[REMARKS]
#FINAL-12-21#